{"id":762474,"date":"2025-08-28T10:10:31","date_gmt":"2025-08-28T07:10:31","guid":{"rendered":"https:\/\/roveyayinevi.com.tr\/index.php\/urun\/cumhuriyet-ve-muzik\/"},"modified":"2026-04-15T03:27:38","modified_gmt":"2026-04-15T00:27:38","slug":"cumhuriyet-ve-muzik","status":"publish","type":"product","link":"https:\/\/roveyayinevi.com.tr\/index.php\/urun\/cumhuriyet-ve-muzik\/","title":{"rendered":"Cumhuriyet ve M\u00fczik"},"content":{"rendered":"<p>\u201cCumhuriyet yeni sosyolojik modelle beraber yeni m\u00fczi\u011fi yaratmak durumundayd\u0131. Bu hem zorunluluktu hem de gereklilikti. Bu yenile\u015fme hareketi; yeni bir y\u00f6netici s\u0131n\u0131f\u0131n\u0131, yeni bir insan tipini, yeni bir ideolojiyi ve yeni bir m\u00fczi\u011fi yarat\u0131rken Avrupa k\u00fclt\u00fcr\u00fcne eklemlenmeyi de beraberinde getirdi.\u201d Cumhuriyet ve M\u00fczik, Cumhuriyetin y\u00fcz y\u0131ll\u0131k m\u00fczik ser\u00fcvenini demokrasi, \u00e7o\u011fulculuk, \u00e7ok k\u00fclt\u00fcrl\u00fcl\u00fck gibi temel kavramlar \u00fczerinden ele al\u0131yor. Siyaset, e\u011fitim, toplumsal de\u011fi\u015fim, ekonomi, pop\u00fcler k\u00fclt\u00fcr ba\u015fl\u0131klar\u0131yla d\u00f6nemin geli\u015fim ve d\u00f6n\u00fc\u015f\u00fcm\u00fcn\u00fc sorguluyor. Melih Duygulu, Cumhuriyetin k\u00fclt\u00fcr politikalar\u0131n\u0131 geni\u015f bir perspektiften ele ald\u0131\u011f\u0131 \u00e7al\u0131\u015fmas\u0131nda, m\u00fczik \u00fczerinden gelenek\u00e7iler ile modernlerin m\u00fccadelesinin toplumsal farkl\u0131l\u0131klar\u0131 nas\u0131l belirginle\u015ftirdi\u011fini belge ve tan\u0131kl\u0131klarla aktar\u0131yor. 1923\u2019ten itibaren onar y\u0131ll\u0131k periyotlarla t\u00fcm geli\u015fmeleri, m\u00fczik ve sanat ak\u0131mlar\u0131n\u0131, t\u00fcrleri, kurumlar\u0131, m\u00fczik sekt\u00f6r\u00fcn\u00fc ve zaman\u0131na damga vuran sanat\u00e7\u0131lar\u0131n \u00e7al\u0131\u015fmalar\u0131n\u0131 inceliyor ve toplumsal sonu\u00e7lar\u0131n\u0131 ortaya koyuyor. Bu \u00e7al\u0131\u015fma yaln\u0131zca m\u00fczisyenlere ve m\u00fczik e\u011fitimi alan \u00f6\u011frencilere de\u011fil, cumhuriyet d\u00f6neminde ses k\u00fclt\u00fcr\u00fcn\u00fcn ge\u00e7irdi\u011fi evreleri anlamak isteyen geni\u015f okur kitlesine de sesleniyor. <\/p>\n","protected":false},"excerpt":{"rendered":"<p>\u201cCumhuriyet yeni sosyolojik modelle beraber yeni m\u00fczi\u011fi yaratmak durumundayd\u0131. Bu hem zorunluluktu hem de gereklilikti. Bu yenile\u015fme hareketi; yeni bir y\u00f6netici s\u0131n\u0131f\u0131n\u0131, yeni bir insan tipini,<span class=\"excerpt-hellip\"> [\u2026]<\/span><\/p>\n","protected":false},"featured_media":0,"template":"","meta":{"_monsterinsights_skip_tracking":false,"_monsterinsights_sitenote_active":false,"_monsterinsights_sitenote_note":"","_monsterinsights_sitenote_category":0},"product_brand":[],"product_cat":[12370,12304],"product_tag":[],"class_list":{"0":"post-762474","1":"product","2":"type-product","3":"status-publish","5":"product_cat-arastirma-inceleme","6":"product_cat-tarih","7":"pa_cilt-ciltsiz","8":"pa_tur-kitap","9":"pa_yayinevi-is-bankasi-kultur-yayinlari","10":"pa_yazar-melih-duygulu","12":"first","13":"instock","14":"sale","15":"shipping-taxable","16":"purchasable","17":"product-type-simple"},"_links":{"self":[{"href":"https:\/\/roveyayinevi.com.tr\/index.php\/wp-json\/wp\/v2\/product\/762474","targetHints":{"allow":["GET"]}}],"collection":[{"href":"https:\/\/roveyayinevi.com.tr\/index.php\/wp-json\/wp\/v2\/product"}],"about":[{"href":"https:\/\/roveyayinevi.com.tr\/index.php\/wp-json\/wp\/v2\/types\/product"}],"wp:attachment":[{"href":"https:\/\/roveyayinevi.com.tr\/index.php\/wp-json\/wp\/v2\/media?parent=762474"}],"wp:term":[{"taxonomy":"product_brand","embeddable":true,"href":"https:\/\/roveyayinevi.com.tr\/index.php\/wp-json\/wp\/v2\/product_brand?post=762474"},{"taxonomy":"product_cat","embeddable":true,"href":"https:\/\/roveyayinevi.com.tr\/index.php\/wp-json\/wp\/v2\/product_cat?post=762474"},{"taxonomy":"product_tag","embeddable":true,"href":"https:\/\/roveyayinevi.com.tr\/index.php\/wp-json\/wp\/v2\/product_tag?post=762474"}],"curies":[{"name":"wp","href":"https:\/\/api.w.org\/{rel}","templated":true}]}}