{"id":762442,"date":"2025-08-28T10:09:26","date_gmt":"2025-08-28T07:09:26","guid":{"rendered":"https:\/\/roveyayinevi.com.tr\/index.php\/urun\/turk-mukavemet-teskilati\/"},"modified":"2026-04-15T03:27:37","modified_gmt":"2026-04-15T00:27:37","slug":"turk-mukavemet-teskilati","status":"publish","type":"product","link":"https:\/\/roveyayinevi.com.tr\/index.php\/urun\/turk-mukavemet-teskilati\/","title":{"rendered":"T\u00fcrk Mukavemet Te\u015fkilat\u0131"},"content":{"rendered":"<p>KIBRIS D\u0130REN\u0130\u015e\u00c7\u0130LER\u0130N\u0130N BUG\u00dcNE KADAR G\u0130ZL\u0130 KALMI\u015e H\u0130K\u00c2YES\u0130   K\u0131br\u0131s y\u00fczy\u0131llar boyunca T\u00fcrklerin y\u00f6netiminde kald\u0131\u011f\u0131 halde 19. y\u00fczy\u0131lda \u0130ngilizlerin denetimine ge\u00e7mi\u015f ve adadaki Rumlar ile T\u00fcrkler aras\u0131ndaki gerilim ad\u0131m ad\u0131m y\u00fckselmi\u015ftir. \u00d6zellikle 1950\u2019lerden itibaren Rum toplumunun Enosis iste\u011fiyle ta\u015fk\u0131nl\u0131k ve sald\u0131rganl\u0131k g\u00f6stermesiyle adadaki T\u00fcrkler zor durumda kalm\u0131\u015ft\u0131r. Ter\u00f6r \u00f6rg\u00fct\u00fc EOKA\u2019n\u0131n silahl\u0131 sald\u0131r\u0131lar\u0131 ve tedhi\u015f faaliyetleri T\u00fcrklerin kendisini koruma gereklili\u011fini g\u00fcndeme getirmi\u015f ve bu do\u011frultuda 1955\u2019ten itibaren k\u00fc\u00e7\u00fck \u00e7apl\u0131 \u00f6rg\u00fctler kurulmaya ba\u015flanm\u0131\u015ft\u0131r. Bu par\u00e7al\u0131 direni\u015f, herhangi bir maddi veya manevi destek olmadan 1957\u2019ye kadar s\u00fcrm\u00fc\u015ft\u00fcr. Disiplinsiz ve da\u011f\u0131n\u0131k olan bu \u00f6rg\u00fctlerin g\u00f6sterdikleri \u00e7abalar\u0131n K\u0131br\u0131s T\u00fcrklerinin g\u00fcvenli\u011fini ve gelece\u011fini s\u00fcrd\u00fcrebilme noktas\u0131nda yetersiz kalmas\u0131 sonucunda toplulu\u011fun liderlerince 1957 y\u0131l\u0131n\u0131n sonlar\u0131na do\u011fru T\u00fcrk Mukavemet Te\u015fkilat\u0131\u2019n\u0131n (TMT) kurulmas\u0131na karar verilmi\u015ftir. K\u0131br\u0131s T\u00fcrk toplumunun siyasi tarihinde 1957-1976 aras\u0131nda \u00f6nemli bir yer tutmu\u015f olan TMT, derin bir gizlilik i\u00e7erisinde planlanm\u0131\u015f, yap\u0131lanm\u0131\u015f, faaliyetlerde bulunmu\u015f, adada s\u00fck\u00fbnet sa\u011fland\u0131ktan sonra dahi mutlak bir sessizli\u011fe b\u00fcr\u00fcnm\u00fc\u015ft\u00fcr. TMT\u2019nin kurulu\u015f kodlar\u0131ndaki gizlilik ve konu\u015fmama kural\u0131 hem TMT mensubu \u201cm\u00fccahitler\u201d hem de \u00fcst kurum ve kurulu\u015flar taraf\u0131ndan ba\u011fl\u0131l\u0131kla korunmu\u015ftur. Ara\u015ft\u0131rmac\u0131 Sibel Akg\u00fcn\u2019\u00fcn T\u00fcrkiye, KKTC ve \u0130ngiltere \u00fclke ar\u015fivleri ile \u00f6zel ar\u015fivlerden buldu\u011fu daha \u00f6nce yay\u0131nlanmam\u0131\u015f belgeler ve ya\u015fayan TMT\u2019ciler ile yapt\u0131\u011f\u0131 g\u00f6r\u00fc\u015fmelerle zenginle\u015ftirdi\u011fi T\u00fcrk Mukavemet Te\u015fkilat\u0131: K\u0131br\u0131s\u2019ta T\u00fcrk Varl\u0131\u011f\u0131n\u0131n Koruyucusu, TMT\u2019nin kurulu\u015funa, faaliyetlerine ve akt\u00f6rlerine dair ula\u015f\u0131labilecek en nitelikli eser. Ya\u015fananlar\u0131n ilk elden kaynaklar\u0131yla in\u015fa edilmi\u015f olan elinizdeki kitap, K\u0131br\u0131s Bar\u0131\u015f Harek\u00e2t\u0131\u2019n\u0131n 50. y\u0131l\u0131nda adadaki T\u00fcrklerin varl\u0131klar\u0131n\u0131 koruma ve s\u00fcrd\u00fcrme m\u00fccadelesinin bug\u00fcne dek sessiz kalm\u0131\u015f kahramanlar\u0131na kar\u015f\u0131 bir sayg\u0131 ve minnet ifadesi\u2026 <\/p>\n","protected":false},"excerpt":{"rendered":"<p>KIBRIS D\u0130REN\u0130\u015e\u00c7\u0130LER\u0130N\u0130N BUG\u00dcNE KADAR G\u0130ZL\u0130 KALMI\u015e H\u0130K\u00c2YES\u0130 K\u0131br\u0131s y\u00fczy\u0131llar boyunca T\u00fcrklerin y\u00f6netiminde kald\u0131\u011f\u0131 halde 19. y\u00fczy\u0131lda \u0130ngilizlerin denetimine ge\u00e7mi\u015f ve adadaki Rumlar ile T\u00fcrkler aras\u0131ndaki gerilim<span class=\"excerpt-hellip\"> [\u2026]<\/span><\/p>\n","protected":false},"featured_media":0,"template":"","meta":{"_monsterinsights_skip_tracking":false,"_monsterinsights_sitenote_active":false,"_monsterinsights_sitenote_note":"","_monsterinsights_sitenote_category":0},"product_brand":[],"product_cat":[12337],"product_tag":[],"class_list":{"0":"post-762442","1":"product","2":"type-product","3":"status-publish","5":"product_cat-politika-siyaset","6":"pa_cilt-ciltsiz","7":"pa_tur-kitap","8":"pa_yayinevi-kronik-kitap","9":"pa_yazar-sibel-akgun","11":"first","12":"instock","13":"sale","14":"shipping-taxable","15":"purchasable","16":"product-type-simple"},"_links":{"self":[{"href":"https:\/\/roveyayinevi.com.tr\/index.php\/wp-json\/wp\/v2\/product\/762442","targetHints":{"allow":["GET"]}}],"collection":[{"href":"https:\/\/roveyayinevi.com.tr\/index.php\/wp-json\/wp\/v2\/product"}],"about":[{"href":"https:\/\/roveyayinevi.com.tr\/index.php\/wp-json\/wp\/v2\/types\/product"}],"wp:attachment":[{"href":"https:\/\/roveyayinevi.com.tr\/index.php\/wp-json\/wp\/v2\/media?parent=762442"}],"wp:term":[{"taxonomy":"product_brand","embeddable":true,"href":"https:\/\/roveyayinevi.com.tr\/index.php\/wp-json\/wp\/v2\/product_brand?post=762442"},{"taxonomy":"product_cat","embeddable":true,"href":"https:\/\/roveyayinevi.com.tr\/index.php\/wp-json\/wp\/v2\/product_cat?post=762442"},{"taxonomy":"product_tag","embeddable":true,"href":"https:\/\/roveyayinevi.com.tr\/index.php\/wp-json\/wp\/v2\/product_tag?post=762442"}],"curies":[{"name":"wp","href":"https:\/\/api.w.org\/{rel}","templated":true}]}}