{"id":762441,"date":"2025-08-28T10:09:24","date_gmt":"2025-08-28T07:09:24","guid":{"rendered":"https:\/\/roveyayinevi.com.tr\/index.php\/urun\/beyniniz-sizle-oyun-oynuyor\/"},"modified":"2026-04-13T03:23:34","modified_gmt":"2026-04-13T00:23:34","slug":"beyniniz-sizle-oyun-oynuyor","status":"publish","type":"product","link":"https:\/\/roveyayinevi.com.tr\/index.php\/urun\/beyniniz-sizle-oyun-oynuyor\/","title":{"rendered":"Beyniniz Sizle Oyun Oynuyor"},"content":{"rendered":"<p>NEDEN ASLINDA HAKSIZ OLSAK B\u0130LE \u00c7O\u011eUNLUKLA HAKLI OLDU\u011eUMUZA \u0130NANIRIZ? N\u0130\u00c7\u0130N NEDENS\u0130Z YERE KISKAN\u00c7 YA DA PARANOYAK OLUYORUZ? SAHTE HABERLER D\u00dcNYANIN D\u00d6RT B\u0130R YANINDA NEDEN BU KADAR HIZLI YAYILIYOR? B\u0130Z\u0130 KANDIRMAK NEDEN BU KADAR KOLAY? \u00c7\u00fcnk\u00fc d\u00fcnyay\u0131 oldu\u011fu gibi g\u00f6rm\u00fcyoruz. Onu zihnimizde yeniden in\u015fa ediyoruz. Ger\u00e7eklik, zaten fizyolojik olarak gayet k\u0131s\u0131tl\u0131 olan, bir de \u00fcst\u00fcne modern d\u00f6nemdeki teknolojik yeniliklerle olduk\u00e7a s\u0131n\u0131rl\u0131 hale gelen dikkat kapasitemiz ve beyin yeteneklerimizle kavranamayacak kadar karma\u015f\u0131k ve \u00e7ok y\u00f6nl\u00fc. Dolay\u0131s\u0131yla d\u00fcnyay\u0131 alg\u0131lay\u0131\u015f\u0131m\u0131z \u00f6zneldir, herkes i\u00e7in mutlak bir ger\u00e7eklikten pek s\u00f6z edilemez. \u00c7e\u015fitli unsurlar bilgi edinme ve kanaat olu\u015fturma \u015feklimizi etkiliyor. Beynimiz ise d\u00fcnyay\u0131 kendi y\u00f6ntemiyle yeniden yarat\u0131yor, hem de \u00e7o\u011fu zaman bizim iyili\u011fimiz i\u00e7in: Bir se\u00e7im yapmadan \u00f6nce, belirli bir durumda mevcut olan b\u00fct\u00fcn se\u00e7enekleri bilmek zorunda olsayd\u0131k ne kadar zor olurdu, hi\u00e7 d\u00fc\u015f\u00fcnd\u00fcn\u00fcz m\u00fc? \u00d6rne\u011fin bir ma\u011fazada bir k\u0131yafet ya da bir restoranda bir yemek se\u00e7mek? S\u00f6yleyelim, sonsuza kadar! Neyse ki beynimiz de\u011ferlendirmeyi kendili\u011finden yap\u0131yor: bizi kusurlara, yan\u0131lsamaya, yan\u0131lg\u0131lara ve hataya maruz b\u0131raksa bile, bildi\u011fimiz d\u00fcnyay\u0131 yeniden in\u015fa etmemize ve i\u00e7inde g\u00f6r\u00fcn\u00fc\u015fte sorunsuz bi\u00e7imde ya\u015famam\u0131za imk\u00e2n tan\u0131yor. Gelgelelim bu \u00e7ok faydal\u0131 mekanizmalar bazen bizi yanl\u0131\u015f y\u00f6nlendirebiliyor ve eylemlerimiz, inan\u00e7lar\u0131m\u0131z ve g\u00f6r\u00fc\u015flerimiz \u00fczerinde olduk\u00e7a olumsuz bir etkiye sahip olabiliyor. Beynimiz bu \u015fekilde davrand\u0131\u011f\u0131nda, \u00f6nyarg\u0131l\u0131 oldu\u011fumuzu d\u00fc\u015f\u00fcn\u00fcr\u00fcz ama esas mesele bili\u015fseldir. Bili\u015fsel N\u00f6robilimci ve Klinik Psikolog Albert Moukheiber bize bu bili\u015fsel \u00f6nyarg\u0131larla m\u00fccadele etmek i\u00e7in ipu\u00e7lar\u0131 ve p\u00fcf noktalar\u0131 veriyor. En ba\u015fta kendimize \u00e7ok fazla g\u00fcvenmemeli ve d\u00fc\u015f\u00fcnme s\u00fcre\u00e7lerimizden her zaman \u015f\u00fcphe duymal\u0131y\u0131z, \u00f6zellikle de sosyal a\u011flar\u0131n bilgiyi bir salg\u0131n gibi yayd\u0131\u011f\u0131 bu \u00e7a\u011fda. G\u00fcnl\u00fck hayat\u0131m\u0131zdan ve psikososyal deneylerden \u00e7ok say\u0131da \u00f6rnekle dolu Beyniniz Sizle Oyun Oynuyor\u2019da Moukheiber, bilgi edinme veya kanaat olu\u015fturmada rol oynayan alg\u0131, bili\u015f ve davran\u0131\u015flar\u0131m\u0131z\u0131n yap\u0131 ta\u015flar\u0131n\u0131 derinlemesine inceliyor. <\/p>\n","protected":false},"excerpt":{"rendered":"<p>NEDEN ASLINDA HAKSIZ OLSAK B\u0130LE \u00c7O\u011eUNLUKLA HAKLI OLDU\u011eUMUZA \u0130NANIRIZ? N\u0130\u00c7\u0130N NEDENS\u0130Z YERE KISKAN\u00c7 YA DA PARANOYAK OLUYORUZ? SAHTE HABERLER D\u00dcNYANIN D\u00d6RT B\u0130R YANINDA NEDEN BU KADAR<span class=\"excerpt-hellip\"> [\u2026]<\/span><\/p>\n","protected":false},"featured_media":0,"template":"","meta":{"_monsterinsights_skip_tracking":false,"_monsterinsights_sitenote_active":false,"_monsterinsights_sitenote_note":"","_monsterinsights_sitenote_category":0},"product_brand":[],"product_cat":[13005,13006],"product_tag":[],"class_list":{"0":"post-762441","1":"product","2":"type-product","3":"status-publish","5":"product_cat-bilim-muhendislik","6":"product_cat-populer-bilim","7":"pa_cilt-ciltsiz","8":"pa_tur-kitap","9":"pa_yayinevi-kronik-kitap","10":"pa_yazar-albert-moukheiber","12":"first","13":"instock","14":"sale","15":"shipping-taxable","16":"purchasable","17":"product-type-simple"},"_links":{"self":[{"href":"https:\/\/roveyayinevi.com.tr\/index.php\/wp-json\/wp\/v2\/product\/762441","targetHints":{"allow":["GET"]}}],"collection":[{"href":"https:\/\/roveyayinevi.com.tr\/index.php\/wp-json\/wp\/v2\/product"}],"about":[{"href":"https:\/\/roveyayinevi.com.tr\/index.php\/wp-json\/wp\/v2\/types\/product"}],"wp:attachment":[{"href":"https:\/\/roveyayinevi.com.tr\/index.php\/wp-json\/wp\/v2\/media?parent=762441"}],"wp:term":[{"taxonomy":"product_brand","embeddable":true,"href":"https:\/\/roveyayinevi.com.tr\/index.php\/wp-json\/wp\/v2\/product_brand?post=762441"},{"taxonomy":"product_cat","embeddable":true,"href":"https:\/\/roveyayinevi.com.tr\/index.php\/wp-json\/wp\/v2\/product_cat?post=762441"},{"taxonomy":"product_tag","embeddable":true,"href":"https:\/\/roveyayinevi.com.tr\/index.php\/wp-json\/wp\/v2\/product_tag?post=762441"}],"curies":[{"name":"wp","href":"https:\/\/api.w.org\/{rel}","templated":true}]}}