{"id":762438,"date":"2025-08-28T10:09:20","date_gmt":"2025-08-28T07:09:20","guid":{"rendered":"https:\/\/roveyayinevi.com.tr\/index.php\/urun\/dunyayi-degistiren-mektuplar\/"},"modified":"2026-04-15T03:27:37","modified_gmt":"2026-04-15T00:27:37","slug":"dunyayi-degistiren-mektuplar","status":"publish","type":"product","link":"https:\/\/roveyayinevi.com.tr\/index.php\/urun\/dunyayi-degistiren-mektuplar\/","title":{"rendered":"D\u00fcnyay\u0131 De\u011fi\u015ftiren Mektuplar"},"content":{"rendered":"<p>D\u00dcNYA TAR\u0130H\u0130NE DAMGA VURAN MEKTUPLAR   \u201cAc\u0131, deh\u015fet verici, tutkulu, \u015fa\u015f\u0131rt\u0131c\u0131 ve \u00e7ok dokunakl\u0131. B\u00fcy\u00fcleyici bir eser.\u201d \u2013 The Times   \u00b7         Kanuni Sultan S\u00fcleyman                    * Napol\u00e9on \u00b7         B\u00fcy\u00fck Katerina                                  * I. Elizabeth \u00b7         Hitler                                                  * Stalin \u00b7         Michelangelo                                     * Mozart \u00b7         Rosa Parks                                         * Oscar Wilde \u00b7         Selahaddin                                         * Frida Kahlo   Antik \u00c7a\u011f\u2019dan g\u00fcn\u00fcm\u00fcze siyas\u00ee ve sosyal hayat\u0131n de\u011fi\u015fmesine yol a\u00e7an, tarihin dev isimlerinin kaleme ald\u0131klar\u0131 ve \u00e7ok \u00f6zel bilgiler sunan mektuplar, \u00fcnl\u00fc tarih\u00e7i Simon Sebag Montefiore\u2019nin kaleminden tekrar hayat buluyor.   I. Elizabeth ve B\u00fcy\u00fck Katerina&#8217;dan Hitler, Stalin ve Churchill&#8217;e, Fanny Burney, Pablo Picasso ve Emily Pankhurst&#8217;ten Ada Lovelace ve Rosa Parks&#8217;a, Oscar Wilde, \u00c7ehov ve Pu\u015fkin&#8217;den Balzac, Mozart ve Michelangelo&#8217;ya, Selahaddin, B\u00fcy\u00fck Ramses ve Alexander Hamilton&#8217;dan Augustus, Lincoln, Donald Trump ve Kanuni Sultan S\u00fcleyman&#8217;a uzanan geni\u015f kadrosu \u00f6zel bir okuma deneyimi vadediyor.   A\u015fk mektuplar\u0131ndan \u00f6zg\u00fcrl\u00fck \u00e7a\u011fr\u0131lar\u0131na, sava\u015f ilanlar\u0131ndan ya\u015fam ve \u00f6l\u00fcm \u00fczerine d\u00fc\u015f\u00fcncelere de\u011fin geni\u015f bir yelpazeyi kapsayan se\u00e7kisiyle D\u00fcnyay\u0131 De\u011fi\u015ftiren Mektuplar, dev isimlerin bizzat kaleme ald\u0131klar\u0131 \u00f6zel mektuplar\u0131 \u00fczerinden duygu d\u00fcnyalar\u0131na geni\u015f bir pencere a\u00e7\u0131yor.   Kolay anla\u015f\u0131l\u0131r ve ak\u0131c\u0131 \u00fcslubuyla D\u00fcnyay\u0131 De\u011fi\u015ftiren Mektuplar, ge\u00e7mi\u015fin b\u00fcy\u00fck olaylar\u0131n\u0131n ya\u015fanmas\u0131na yol a\u00e7an toplumsal hadiseleri, tarihsel k\u0131r\u0131lmalar\u0131, duygusal patlamalar\u0131 ve her bir ismin kendisine has d\u00fc\u015f\u00fcnce yap\u0131s\u0131n\u0131 g\u00f6zler \u00f6n\u00fcne seriyor. <\/p>\n","protected":false},"excerpt":{"rendered":"<p>D\u00dcNYA TAR\u0130H\u0130NE DAMGA VURAN MEKTUPLAR \u201cAc\u0131, deh\u015fet verici, tutkulu, \u015fa\u015f\u0131rt\u0131c\u0131 ve \u00e7ok dokunakl\u0131. B\u00fcy\u00fcleyici bir eser.\u201d \u2013 The Times \u00b7 Kanuni Sultan S\u00fcleyman * Napol\u00e9on \u00b7<span class=\"excerpt-hellip\"> [\u2026]<\/span><\/p>\n","protected":false},"featured_media":0,"template":"","meta":{"_monsterinsights_skip_tracking":false,"_monsterinsights_sitenote_active":false,"_monsterinsights_sitenote_note":"","_monsterinsights_sitenote_category":0},"product_brand":[],"product_cat":[12305,12304],"product_tag":[],"class_list":{"0":"post-762438","1":"product","2":"type-product","3":"status-publish","5":"product_cat-dunya-tarihi","6":"product_cat-tarih","7":"pa_cilt-ciltsiz","8":"pa_tur-kitap","9":"pa_yayinevi-kronik-kitap","10":"pa_yazar-simon-sebag-montefiore","12":"first","13":"instock","14":"sale","15":"shipping-taxable","16":"purchasable","17":"product-type-simple"},"_links":{"self":[{"href":"https:\/\/roveyayinevi.com.tr\/index.php\/wp-json\/wp\/v2\/product\/762438","targetHints":{"allow":["GET"]}}],"collection":[{"href":"https:\/\/roveyayinevi.com.tr\/index.php\/wp-json\/wp\/v2\/product"}],"about":[{"href":"https:\/\/roveyayinevi.com.tr\/index.php\/wp-json\/wp\/v2\/types\/product"}],"wp:attachment":[{"href":"https:\/\/roveyayinevi.com.tr\/index.php\/wp-json\/wp\/v2\/media?parent=762438"}],"wp:term":[{"taxonomy":"product_brand","embeddable":true,"href":"https:\/\/roveyayinevi.com.tr\/index.php\/wp-json\/wp\/v2\/product_brand?post=762438"},{"taxonomy":"product_cat","embeddable":true,"href":"https:\/\/roveyayinevi.com.tr\/index.php\/wp-json\/wp\/v2\/product_cat?post=762438"},{"taxonomy":"product_tag","embeddable":true,"href":"https:\/\/roveyayinevi.com.tr\/index.php\/wp-json\/wp\/v2\/product_tag?post=762438"}],"curies":[{"name":"wp","href":"https:\/\/api.w.org\/{rel}","templated":true}]}}