{"id":762421,"date":"2025-08-28T10:08:19","date_gmt":"2025-08-28T07:08:19","guid":{"rendered":"https:\/\/roveyayinevi.com.tr\/index.php\/urun\/kederle-basa-cikmak\/"},"modified":"2026-04-15T03:27:36","modified_gmt":"2026-04-15T00:27:36","slug":"kederle-basa-cikmak","status":"publish","type":"product","link":"https:\/\/roveyayinevi.com.tr\/index.php\/urun\/kederle-basa-cikmak\/","title":{"rendered":"Kederle Ba\u015fa \u00c7\u0131kmak"},"content":{"rendered":"<p>\u00d6l\u00fcm hepimizi etkiler. Yine de toplumumuzda h\u00e2l\u00e2 son tabu, \u00fcstelik yas h\u00e2l\u00e2 son derece yanl\u0131\u015f anla\u015f\u0131l\u0131yor. Kederle Ba\u015fa \u00c7\u0131kmak\u2019ta b\u00fcy\u00fck bir sevginin ar\u0131ndan b\u00fcy\u00fck kay\u0131plar ya\u015fayan ve hayata devam edebilen insanlar\u0131n hik\u00e2yelerine tan\u0131k oluyoruz. Kederin en b\u00fcy\u00fck korkular\u0131m\u0131z\u0131n maskesini nas\u0131l d\u00fc\u015f\u00fcrd\u00fc\u011f\u00fcn\u00fc, koruyucu katmanlar\u0131m\u0131z\u0131 nas\u0131l kald\u0131rd\u0131\u011f\u0131n\u0131, en i\u00e7teki benli\u011fimizi nas\u0131l ortaya \u00e7\u0131kard\u0131\u011f\u0131n\u0131 a\u00e7\u0131klayan hik\u00e2yeler. Bir yas psikoterapisti olan Julia Samuel, otuz y\u0131l\u0131n\u0131 yasl\u0131 insanlarla \u00e7al\u0131\u015f\u0131p kayb\u0131n t\u00fcm yans\u0131malar\u0131n\u0131 anlamakla ge\u00e7irmi\u015ftir. Bu derinden etkileyici kitap, do\u011fru yakla\u015f\u0131ld\u0131\u011f\u0131nda yas\u0131n bizi nas\u0131l iyile\u015ftirebilece\u011fine dair psikolojik i\u00e7g\u00f6r\u00fclerle dolu. Zarif ve dokunakl\u0131 hik\u00e2yeler arac\u0131l\u0131\u011f\u0131yla, \u00f6l\u00fcm hakk\u0131nda \u00e7aresiz ve belirsiz hissetmeyi nas\u0131l b\u0131rakabilece\u011fimizi, aile ve arkada\u015flar\u0131m\u0131zla d\u00fcr\u00fcst\u00e7e konu\u015fmaktan nas\u0131l \u00e7ekinmeyece\u011fimizi \u00f6\u011freniyoruz. \u201cOla\u011fan\u00fcst\u00fc bir hik\u00e2ye anlat\u0131c\u0131s\u0131ndan son derece etkileyici bir kitap. Samuel dan\u0131\u015fanlar\u0131n\u0131n kay\u0131p hik\u00e2yelerini b\u00fcy\u00fck bir duyarl\u0131l\u0131k ve b\u00fcy\u00fcleyici bir psikolojik i\u00e7g\u00f6r\u00fcyle anlat\u0131yor. Keder ya\u015fam\u0131\u015f ya da yasl\u0131 bir arkada\u015f\u0131n\u0131 teselli etmek isteyen herkes i\u00e7in vazge\u00e7ilmez.\u201d \u2013 Helen Fielding, Bridget Jones\u2019un G\u00fcnl\u00fc\u011f\u00fc\u2019n\u00fcn \u00e7ok satan yazar\u0131 \u201cPaha bi\u00e7ilemez. Kederin kalbine iniyor ve yasl\u0131 biri i\u00e7in yemek yapmak gibi basit bir eylemin bile nas\u0131l b\u00fcy\u00fck bir fark yaratabilece\u011fini g\u00f6steriyor.\u201d \u2013 Sunday Express<\/p>\n","protected":false},"excerpt":{"rendered":"<p>\u00d6l\u00fcm hepimizi etkiler. Yine de toplumumuzda h\u00e2l\u00e2 son tabu, \u00fcstelik yas h\u00e2l\u00e2 son derece yanl\u0131\u015f anla\u015f\u0131l\u0131yor. Kederle Ba\u015fa \u00c7\u0131kmak\u2019ta b\u00fcy\u00fck bir sevginin ar\u0131ndan b\u00fcy\u00fck kay\u0131plar ya\u015fayan<span class=\"excerpt-hellip\"> [\u2026]<\/span><\/p>\n","protected":false},"featured_media":0,"template":"","meta":{"_monsterinsights_skip_tracking":false,"_monsterinsights_sitenote_active":false,"_monsterinsights_sitenote_note":"","_monsterinsights_sitenote_category":0},"product_brand":[],"product_cat":[12357],"product_tag":[],"class_list":{"0":"post-762421","1":"product","2":"type-product","3":"status-publish","5":"product_cat-psikoloji","6":"pa_cilt-ciltsiz","7":"pa_tur-kitap","8":"pa_yayinevi-eksik-parca-yayinlari","9":"pa_yazar-julia-samuel","11":"first","12":"instock","13":"sale","14":"shipping-taxable","15":"purchasable","16":"product-type-simple"},"_links":{"self":[{"href":"https:\/\/roveyayinevi.com.tr\/index.php\/wp-json\/wp\/v2\/product\/762421","targetHints":{"allow":["GET"]}}],"collection":[{"href":"https:\/\/roveyayinevi.com.tr\/index.php\/wp-json\/wp\/v2\/product"}],"about":[{"href":"https:\/\/roveyayinevi.com.tr\/index.php\/wp-json\/wp\/v2\/types\/product"}],"wp:attachment":[{"href":"https:\/\/roveyayinevi.com.tr\/index.php\/wp-json\/wp\/v2\/media?parent=762421"}],"wp:term":[{"taxonomy":"product_brand","embeddable":true,"href":"https:\/\/roveyayinevi.com.tr\/index.php\/wp-json\/wp\/v2\/product_brand?post=762421"},{"taxonomy":"product_cat","embeddable":true,"href":"https:\/\/roveyayinevi.com.tr\/index.php\/wp-json\/wp\/v2\/product_cat?post=762421"},{"taxonomy":"product_tag","embeddable":true,"href":"https:\/\/roveyayinevi.com.tr\/index.php\/wp-json\/wp\/v2\/product_tag?post=762421"}],"curies":[{"name":"wp","href":"https:\/\/api.w.org\/{rel}","templated":true}]}}