{"id":762397,"date":"2025-08-28T10:07:34","date_gmt":"2025-08-28T07:07:34","guid":{"rendered":"https:\/\/roveyayinevi.com.tr\/index.php\/urun\/iki-sehrin-hikayesi-16\/"},"modified":"2026-04-15T03:27:36","modified_gmt":"2026-04-15T00:27:36","slug":"iki-sehrin-hikayesi-16","status":"publish","type":"product","link":"https:\/\/roveyayinevi.com.tr\/index.php\/urun\/iki-sehrin-hikayesi-16\/","title":{"rendered":"\u0130ki \u015eehrin Hikayesi"},"content":{"rendered":"<p>Y\u0131llarca Paris\u2019teki Bastille Hapishanesi\u2019nde tutulan Doktor Manette sonunda serbest kal\u0131r ve k\u0131z\u0131 taraf\u0131ndan Londra\u2019ya g\u00f6t\u00fcr\u00fcl\u00fcr. Ya\u015fad\u0131klar\u0131n\u0131n etkisiyle y\u0131pranan doktor, kim oldu\u011funu bile zor hat\u0131rlar. Gittikleri yerde k\u0131z\u0131yla kendilerine sakin bir ya\u015fam kurarlar ancak d\u00fcnya tarihini alt\u00fcst eden olaylar onlar\u0131n hayat\u0131n\u0131 da etkiler.   \u0130ngiliz yaz\u0131n\u0131n\u0131n \u00f6nde gelen ismi Charles Dickens, \u0130ki \u015eehrin Hik\u00e2yesi\u2019nde Frans\u0131z Devrimi s\u0131ras\u0131nda Paris ve Londra\u2019da ge\u00e7en s\u00fcr\u00fckleyici bir maceray\u0131 anlat\u0131yor.   <\/p>\n","protected":false},"excerpt":{"rendered":"<p>Y\u0131llarca Paris\u2019teki Bastille Hapishanesi\u2019nde tutulan Doktor Manette sonunda serbest kal\u0131r ve k\u0131z\u0131 taraf\u0131ndan Londra\u2019ya g\u00f6t\u00fcr\u00fcl\u00fcr. Ya\u015fad\u0131klar\u0131n\u0131n etkisiyle y\u0131pranan doktor, kim oldu\u011funu bile zor hat\u0131rlar. Gittikleri yerde<span class=\"excerpt-hellip\"> [\u2026]<\/span><\/p>\n","protected":false},"featured_media":0,"template":"","meta":{"_monsterinsights_skip_tracking":false,"_monsterinsights_sitenote_active":false,"_monsterinsights_sitenote_note":"","_monsterinsights_sitenote_category":0},"product_brand":[],"product_cat":[12291,12711],"product_tag":[],"class_list":{"0":"post-762397","1":"product","2":"type-product","3":"status-publish","5":"product_cat-edebiyat","6":"product_cat-roman-oyku","7":"pa_cilt-ciltsiz","8":"pa_tur-kitap","9":"pa_yayinevi-mundi","10":"pa_yazar-charles-dickens","12":"first","13":"instock","14":"sale","15":"shipping-taxable","16":"purchasable","17":"product-type-simple"},"_links":{"self":[{"href":"https:\/\/roveyayinevi.com.tr\/index.php\/wp-json\/wp\/v2\/product\/762397","targetHints":{"allow":["GET"]}}],"collection":[{"href":"https:\/\/roveyayinevi.com.tr\/index.php\/wp-json\/wp\/v2\/product"}],"about":[{"href":"https:\/\/roveyayinevi.com.tr\/index.php\/wp-json\/wp\/v2\/types\/product"}],"wp:attachment":[{"href":"https:\/\/roveyayinevi.com.tr\/index.php\/wp-json\/wp\/v2\/media?parent=762397"}],"wp:term":[{"taxonomy":"product_brand","embeddable":true,"href":"https:\/\/roveyayinevi.com.tr\/index.php\/wp-json\/wp\/v2\/product_brand?post=762397"},{"taxonomy":"product_cat","embeddable":true,"href":"https:\/\/roveyayinevi.com.tr\/index.php\/wp-json\/wp\/v2\/product_cat?post=762397"},{"taxonomy":"product_tag","embeddable":true,"href":"https:\/\/roveyayinevi.com.tr\/index.php\/wp-json\/wp\/v2\/product_tag?post=762397"}],"curies":[{"name":"wp","href":"https:\/\/api.w.org\/{rel}","templated":true}]}}