{"id":762396,"date":"2025-08-28T10:07:32","date_gmt":"2025-08-28T07:07:32","guid":{"rendered":"https:\/\/roveyayinevi.com.tr\/index.php\/urun\/kiyamet-notlari\/"},"modified":"2026-04-15T03:27:36","modified_gmt":"2026-04-15T00:27:36","slug":"kiyamet-notlari","status":"publish","type":"product","link":"https:\/\/roveyayinevi.com.tr\/index.php\/urun\/kiyamet-notlari\/","title":{"rendered":"K\u0131yamet Notlar\u0131"},"content":{"rendered":"<p>The New York Times Magazine, The Guardian gibi d\u00fcnyan\u0131n en prestijli yay\u0131nlar\u0131 i\u00e7in yazan, \u00f6d\u00fcll\u00fc yazar Mark O\u2019Connell\u2019dan s\u0131ra d\u0131\u015f\u0131 bir kitap: K\u0131yamet Notlar\u0131.   En k\u00f6t\u00fc senaryolar\u0131n ger\u00e7ekle\u015fti\u011fi bir zamanda ya\u015f\u0131yoruz: \u0130klim acayiple\u015fti. Bir pandemi, k\u00fcresel toplulu\u011fumuzu durma noktas\u0131na getirdi. Her yere bakt\u0131\u011f\u0131n\u0131zda bir alamet, finali k\u0131yamet olan kurgular g\u00f6r\u00fcyoruz. B\u00f6ylesine kasvetli bir gelece\u011fin g\u00f6lgesinde insan nas\u0131l ya\u015fayabilir? Mark O&#8217;Connell, bu soruya kafa yorarken cevab\u0131 bulmak i\u00e7in d\u00fcnyan\u0131n d\u00f6rt bir yan\u0131na seyahat ediyor; k\u00e2h G\u00fcney Dakota&#8217;daki s\u0131\u011f\u0131naklar\u0131 geziyor k\u00e2h medeniyetin \u00e7\u00f6kece\u011fi \u00fczerine bahse giren milyarderlerin g\u00f6zde ka\u00e7\u0131\u015f yeri Yeni Zelanda&#8217;ya gidiyor. Mars&#8217;a yerle\u015fmek isteyenlerle, k\u0131yamet haz\u0131rl\u0131k yapanlarla, a\u015f\u0131r\u0131-sa\u011fc\u0131 komplo teorisyenleriyle g\u00f6r\u00fc\u015f\u00fcyor. Ve sonu\u00e7, elinizde tuttu\u011funuz \u201cendi\u015feli \u015fimdiki zaman\u201d\u0131m\u0131z ve gelece\u011fimizle y\u00fczle\u015fmek hakk\u0131nda ilgi \u00e7ekici, komik ve derin kitab\u0131n kendisi oluyor.   \u201cHem \u00e7\u0131lg\u0131nca komik hem de tuhaf bir \u015fekilde dokunakl\u0131.\u201d Ed Caesar, The Guardian   \u201cKeyifli&#8230; D\u00fcnyan\u0131n sonuna dair alayc\u0131 ve e\u011flenceli bir tur.\u201d Financial Times   \u201cH\u00fcz\u00fcnl\u00fc, bilge ve komik bir kitap ve \u00e7o\u011fu zaman \u00fc\u00e7\u00fc de bir paragrafta&#8230; [O&#8217;Connell] zor zamanlarda iyi bir i\u015f \u00e7\u0131kar\u0131yor. Bize kara mizah\u0131n yan\u0131 s\u0131ra umut da sunuyor.\u201d The Daily Telegraph   \u201c\u0130tiraf, siyasi ele\u015ftiri, meditasyon ve \u00f6l\u00fcm kar\u015f\u0131s\u0131nda ya\u015famaya dair komik monologlar\u0131n \u00fcrk\u00fct\u00fcc\u00fc derecede ileri g\u00f6r\u00fc\u015fl\u00fc bir kar\u0131\u015f\u0131m\u0131&#8230; Bu d\u00fc\u015f\u00fcnd\u00fcr\u00fcc\u00fc, komik ve rahats\u0131z edici okuma esnas\u0131nda O&#8217;Connell, do\u011fayla ve birbirimizle ba\u011flant\u0131 kurman\u0131n k\u0131yamet korkumuzu yat\u0131\u015ft\u0131rman\u0131n en iyi yolu oldu\u011funu ve hatta en k\u00f6t\u00fcs\u00fcnden ka\u00e7\u0131nma ihtimalimizi art\u0131rabilece\u011fini ikna edici bir \u015fekilde ortaya koyuyor.\u201d Nature <\/p>\n","protected":false},"excerpt":{"rendered":"<p>The New York Times Magazine, The Guardian gibi d\u00fcnyan\u0131n en prestijli yay\u0131nlar\u0131 i\u00e7in yazan, \u00f6d\u00fcll\u00fc yazar Mark O\u2019Connell\u2019dan s\u0131ra d\u0131\u015f\u0131 bir kitap: K\u0131yamet Notlar\u0131. En k\u00f6t\u00fc<span class=\"excerpt-hellip\"> [\u2026]<\/span><\/p>\n","protected":false},"featured_media":0,"template":"","meta":{"_monsterinsights_skip_tracking":false,"_monsterinsights_sitenote_active":false,"_monsterinsights_sitenote_note":"","_monsterinsights_sitenote_category":0},"product_brand":[],"product_cat":[12777,12291],"product_tag":[],"class_list":{"0":"post-762396","1":"product","2":"type-product","3":"status-publish","5":"product_cat-deneme","6":"product_cat-edebiyat","7":"pa_cilt-ciltsiz","8":"pa_tur-kitap","9":"pa_yayinevi-mundi","10":"pa_yazar-mark-oconnell","12":"first","13":"instock","14":"sale","15":"shipping-taxable","16":"purchasable","17":"product-type-simple"},"_links":{"self":[{"href":"https:\/\/roveyayinevi.com.tr\/index.php\/wp-json\/wp\/v2\/product\/762396","targetHints":{"allow":["GET"]}}],"collection":[{"href":"https:\/\/roveyayinevi.com.tr\/index.php\/wp-json\/wp\/v2\/product"}],"about":[{"href":"https:\/\/roveyayinevi.com.tr\/index.php\/wp-json\/wp\/v2\/types\/product"}],"wp:attachment":[{"href":"https:\/\/roveyayinevi.com.tr\/index.php\/wp-json\/wp\/v2\/media?parent=762396"}],"wp:term":[{"taxonomy":"product_brand","embeddable":true,"href":"https:\/\/roveyayinevi.com.tr\/index.php\/wp-json\/wp\/v2\/product_brand?post=762396"},{"taxonomy":"product_cat","embeddable":true,"href":"https:\/\/roveyayinevi.com.tr\/index.php\/wp-json\/wp\/v2\/product_cat?post=762396"},{"taxonomy":"product_tag","embeddable":true,"href":"https:\/\/roveyayinevi.com.tr\/index.php\/wp-json\/wp\/v2\/product_tag?post=762396"}],"curies":[{"name":"wp","href":"https:\/\/api.w.org\/{rel}","templated":true}]}}