{"id":762386,"date":"2025-08-28T10:07:10","date_gmt":"2025-08-28T07:07:10","guid":{"rendered":"https:\/\/roveyayinevi.com.tr\/index.php\/urun\/feryadim\/"},"modified":"2026-04-15T03:27:36","modified_gmt":"2026-04-15T00:27:36","slug":"feryadim","status":"publish","type":"product","link":"https:\/\/roveyayinevi.com.tr\/index.php\/urun\/feryadim\/","title":{"rendered":"Feryad\u0131m"},"content":{"rendered":"<p>\u201cKoskoca devlet binas\u0131 ve \u0130sl\u00e2m \u00e2leminin g\u00f6z\u00fcn\u00fc kendisine \u00e7evirdi\u011fi y\u00fcce hil\u00e2fet makam\u0131 ortadan kalkt\u0131 ve t\u00e2rumar oldu, bi\u00e7are vatan ve millet nice belalara u\u011frad\u0131. B\u00f6yle b\u00fcy\u00fck bir genel musibetten bahsederken \u015fahs\u0131mla binlere varan yak\u0131n ve uzak akrabam\u0131n u\u011frad\u0131\u011f\u0131 zarar ve hasar\u0131 a\u011fza almak k\u00fc\u00e7\u00fckl\u00fck olur. \u0130\u015fte Feryad\u0131m, bu ac\u0131 olaylar\u0131 anlatan ve Osmanl\u0131 Devleti\u2019nin elem verici sonuna a\u011flayan mensur bir mersiye h\u00fckm\u00fcndedir.\u201dAhmet \u0130zzet Pa\u015fa Son d\u00f6nem Osmanl\u0131 Devleti\u2019ni anlatan en \u00f6nemli hat\u0131rat olarak bilinen Ahmet \u0130zzet Pa\u015fa\u2019n\u0131n Feryad\u0131m kitab\u0131 uzun bir s\u00fcre sonra tekrar yay\u0131mlan\u0131yor\u2026 Ahmet \u0130zzet Pa\u015fa Osmanl\u0131 Devleti\u2019nin son d\u00f6nemini, Erk\u00e2n-\u0131 Harbiye-i Umumiye Reisli\u011fi (Genelkurmay Ba\u015fkanl\u0131\u011f\u0131), \u00c2yan Meclisi \u00dcyeli\u011fi, Harbiye, D\u00e2hiliye ve Hariciye N\u00e2z\u0131rl\u0131klar\u0131 ve devletin en y\u00fcksek makam\u0131 olan Sadrazaml\u0131k mevkiinde ge\u00e7iren, devletin esenli\u011fi i\u00e7in hi\u00e7bir fedak\u00e2rl\u0131ktan ka\u00e7\u0131nmayan, \u00fcstlendi\u011fi b\u00fct\u00fcn g\u00f6revlerde ola\u011fan\u00fcst\u00fc ba\u015far\u0131lar g\u00f6steren \u00f6nemli bir devlet adam\u0131d\u0131r. Tarihimizin en karanl\u0131k ve ac\u0131l\u0131 bu d\u00f6nemine \u015fahitlik etmi\u015f ve t\u00fcm ya\u015fad\u0131klar\u0131n\u0131 Feryad\u0131m ad\u0131n\u0131 verdi\u011fi hat\u0131rat\u0131nda toplam\u0131\u015ft\u0131r. Bu eser ayn\u0131 zamanda \u00e7\u00f6k\u00fc\u015fe do\u011fru uzanan yolda Osmanl\u0131 Devleti\u2019nin kaderine a\u011flayan bir b\u00fcy\u00fck asker ve devlet adam\u0131n\u0131n feryad\u0131d\u0131r. Ahmet \u0130zzet Pa\u015fa\u2019n\u0131n hat\u0131rat\u0131nda, Me\u015frutiyet d\u00f6nemini, Balkan Sava\u015flar\u0131n\u0131, I. D\u00fcnya Sava\u015f\u0131\u2019n\u0131, Ermeni, Irak ve Suriye olaylar\u0131n\u0131, Arap meselesini, \u0130ttihat ve Terakki H\u00fck\u00fcmeti\u2019nin t\u00fcm bilinmezlerini, Tevfik Pa\u015fa, Ferit Pa\u015fa, Ali R\u0131za Pa\u015fa ve Salih Pa\u015fa kabinelerini, Lozan ve Sevr Antla\u015fmalar\u0131n\u0131n perde arkas\u0131n\u0131, m\u00fctareke d\u00f6nemi \u0130stanbul\u2019unu, \u0130til\u00e2f Devletlerinin s\u00fcrekli de\u011fi\u015fen siyasetlerini ve \u0130stikl\u00e2l Harbi\u2019nin ger\u00e7eklerini bulacaks\u0131n\u0131z\u2026<\/p>\n","protected":false},"excerpt":{"rendered":"<p>\u201cKoskoca devlet binas\u0131 ve \u0130sl\u00e2m \u00e2leminin g\u00f6z\u00fcn\u00fc kendisine \u00e7evirdi\u011fi y\u00fcce hil\u00e2fet makam\u0131 ortadan kalkt\u0131 ve t\u00e2rumar oldu, bi\u00e7are vatan ve millet nice belalara u\u011frad\u0131. B\u00f6yle b\u00fcy\u00fck<span class=\"excerpt-hellip\"> [\u2026]<\/span><\/p>\n","protected":false},"featured_media":0,"template":"","meta":{"_monsterinsights_skip_tracking":false,"_monsterinsights_sitenote_active":false,"_monsterinsights_sitenote_note":"","_monsterinsights_sitenote_category":0},"product_brand":[],"product_cat":[14009,12291],"product_tag":[],"class_list":{"0":"post-762386","1":"product","2":"type-product","3":"status-publish","5":"product_cat-biyografi-otobiyografi-edebiyat","6":"product_cat-edebiyat","7":"pa_cilt-ciltsiz","8":"pa_tur-kitap","9":"pa_yayinevi-timas-yayinlari","10":"pa_yazar-ahmet-izzet-furgac","12":"first","13":"instock","14":"sale","15":"shipping-taxable","16":"purchasable","17":"product-type-simple"},"_links":{"self":[{"href":"https:\/\/roveyayinevi.com.tr\/index.php\/wp-json\/wp\/v2\/product\/762386","targetHints":{"allow":["GET"]}}],"collection":[{"href":"https:\/\/roveyayinevi.com.tr\/index.php\/wp-json\/wp\/v2\/product"}],"about":[{"href":"https:\/\/roveyayinevi.com.tr\/index.php\/wp-json\/wp\/v2\/types\/product"}],"wp:attachment":[{"href":"https:\/\/roveyayinevi.com.tr\/index.php\/wp-json\/wp\/v2\/media?parent=762386"}],"wp:term":[{"taxonomy":"product_brand","embeddable":true,"href":"https:\/\/roveyayinevi.com.tr\/index.php\/wp-json\/wp\/v2\/product_brand?post=762386"},{"taxonomy":"product_cat","embeddable":true,"href":"https:\/\/roveyayinevi.com.tr\/index.php\/wp-json\/wp\/v2\/product_cat?post=762386"},{"taxonomy":"product_tag","embeddable":true,"href":"https:\/\/roveyayinevi.com.tr\/index.php\/wp-json\/wp\/v2\/product_tag?post=762386"}],"curies":[{"name":"wp","href":"https:\/\/api.w.org\/{rel}","templated":true}]}}