{"id":762371,"date":"2025-08-28T10:06:40","date_gmt":"2025-08-28T07:06:40","guid":{"rendered":"https:\/\/roveyayinevi.com.tr\/index.php\/urun\/yasli-rahibin-kehaneti\/"},"modified":"2026-04-15T03:27:35","modified_gmt":"2026-04-15T00:27:35","slug":"yasli-rahibin-kehaneti","status":"publish","type":"product","link":"https:\/\/roveyayinevi.com.tr\/index.php\/urun\/yasli-rahibin-kehaneti\/","title":{"rendered":"Ya\u015fl\u0131 Rahibin Kehaneti"},"content":{"rendered":"<p>Ya\u015fl\u0131 Rahip; \u201cTap\u0131naktaki herkesi topla; \u00f6nce \u00fczerinizi de\u011fi\u015ftirin, halk\u0131n k\u0131yafetlerinden giyin ve onlar gelmeden \u0130mparator Julianus D\u00f6nemi\u2019nde, tanr\u0131lar\u0131n heykellerini toplad\u0131\u011f\u0131m\u0131z oikoslar\u0131 y\u0131kmaya ba\u015flay\u0131n ve \u0130seviler geldi\u011finde onlardan \u00f6nce gelmi\u015f gibi davranarak kendinizi belli etmeyin. Daha sonra halefi m ne yapman\u0131z ve nas\u0131l davranman\u0131z gerekti\u011fini sizlere detayl\u0131ca anlatacakt\u0131r,\u201d diyerek talimat verdi. Mary, \u201cKybele\u2013Men\u201d ili\u015fkisini \u201cMeryem\u2013\u0130sa\u201d ile \u00f6zde\u015fle\u015ftirerek anlat\u0131yordu. \u00c7ocuklar\u0131n e\u011fitiminde dikkat etmeleri gereken hususlar\u0131 detayl\u0131ca anlat\u0131yor ve eskilerin s\u00f6yledi\u011fi gibi \u2018A\u011fa\u00e7 ya\u015fken e\u011filir,\u2019 diyordu. \u201c\u00c7ocukken onlara yapaca\u011f\u0131n\u0131z a\u015f\u0131, b\u00fcy\u00fcd\u00fcklerinde bize bol meyve veren a\u011fa\u00e7lara d\u00f6n\u00fc\u015fmelerini sa\u011flayacakt\u0131r. Onun i\u00e7in \u00e7ocuklar\u0131n\u0131z\u0131n e\u011fitimini ihmal etmeyin,\u201d diye hepsini tek tek tembihliyordu. \u201cUnutmay\u0131n, insanlar ya\u015fland\u0131k\u00e7a \u00e7ocuk ya\u015fta verilen al\u0131\u015fkanl\u0131klar\u0131na ve \u00f6\u011frendiklerine geri d\u00f6nerler. E\u011fer d\u00fc\u015f\u00fcncelerimizin ve inanc\u0131m\u0131z\u0131n uzun \u00f6m\u00fcrl\u00fc olmas\u0131n\u0131 istiyorsak en b\u00fcy\u00fck yat\u0131r\u0131m\u0131 \u00e7ocuklar\u0131m\u0131za yapmal\u0131y\u0131z.\u201d Arkeolojik verilerden kurgulanm\u0131\u015ft\u0131r.<\/p>\n","protected":false},"excerpt":{"rendered":"<p>Ya\u015fl\u0131 Rahip; \u201cTap\u0131naktaki herkesi topla; \u00f6nce \u00fczerinizi de\u011fi\u015ftirin, halk\u0131n k\u0131yafetlerinden giyin ve onlar gelmeden \u0130mparator Julianus D\u00f6nemi\u2019nde, tanr\u0131lar\u0131n heykellerini toplad\u0131\u011f\u0131m\u0131z oikoslar\u0131 y\u0131kmaya ba\u015flay\u0131n ve \u0130seviler geldi\u011finde<span class=\"excerpt-hellip\"> [\u2026]<\/span><\/p>\n","protected":false},"featured_media":0,"template":"","meta":{"_monsterinsights_skip_tracking":false,"_monsterinsights_sitenote_active":false,"_monsterinsights_sitenote_note":"","_monsterinsights_sitenote_category":0},"product_brand":[],"product_cat":[52477,52478],"product_tag":[],"class_list":{"0":"post-762371","1":"product","2":"type-product","3":"status-publish","5":"product_cat-arastirma","6":"product_cat-arkeoloji","7":"pa_cilt-ciltsiz","8":"pa_tur-kitap","9":"pa_yayinevi-bilgin-kultur-sanat","10":"pa_yazar-mehmet-ozhanli","12":"first","13":"instock","14":"sale","15":"shipping-taxable","16":"purchasable","17":"product-type-simple"},"_links":{"self":[{"href":"https:\/\/roveyayinevi.com.tr\/index.php\/wp-json\/wp\/v2\/product\/762371","targetHints":{"allow":["GET"]}}],"collection":[{"href":"https:\/\/roveyayinevi.com.tr\/index.php\/wp-json\/wp\/v2\/product"}],"about":[{"href":"https:\/\/roveyayinevi.com.tr\/index.php\/wp-json\/wp\/v2\/types\/product"}],"wp:attachment":[{"href":"https:\/\/roveyayinevi.com.tr\/index.php\/wp-json\/wp\/v2\/media?parent=762371"}],"wp:term":[{"taxonomy":"product_brand","embeddable":true,"href":"https:\/\/roveyayinevi.com.tr\/index.php\/wp-json\/wp\/v2\/product_brand?post=762371"},{"taxonomy":"product_cat","embeddable":true,"href":"https:\/\/roveyayinevi.com.tr\/index.php\/wp-json\/wp\/v2\/product_cat?post=762371"},{"taxonomy":"product_tag","embeddable":true,"href":"https:\/\/roveyayinevi.com.tr\/index.php\/wp-json\/wp\/v2\/product_tag?post=762371"}],"curies":[{"name":"wp","href":"https:\/\/api.w.org\/{rel}","templated":true}]}}