{"id":762364,"date":"2025-08-28T10:06:29","date_gmt":"2025-08-28T07:06:29","guid":{"rendered":"https:\/\/roveyayinevi.com.tr\/index.php\/urun\/mavi-defter-2\/"},"modified":"2026-04-15T03:27:17","modified_gmt":"2026-04-15T00:27:17","slug":"mavi-defter-2","status":"publish","type":"product","link":"https:\/\/roveyayinevi.com.tr\/index.php\/urun\/mavi-defter-2\/","title":{"rendered":"Mavi Defter"},"content":{"rendered":"<p>Mavi Defter, Vladimir \u0130lyi\u00e7 Lenin\u2019in 1917 Ekim Devrimi\u2019ne aylar kala yeralt\u0131na \u00e7ekildi\u011fi ve \u00fccra bir g\u00f6l k\u0131y\u0131s\u0131nda, bir i\u015f\u00e7i ailesinin yan\u0131nda bar\u0131nd\u0131\u011f\u0131 g\u00fcnlere \u0131\u015f\u0131k tutmaktad\u0131r. Beyaz perdeye de uyarlanan Mavi Defter, Lenin hakk\u0131nda yaz\u0131lm\u0131\u015f en me\u015fhur eserlerden biridir. Lenin\u2019in mavi bir defteri ger\u00e7ekten vard\u0131r. Bu deftere, s\u00fcrg\u00fcnde oldu\u011fu y\u0131llarda, Marx ile Engels\u2019in devlet kuram\u0131 \u00fczerine s\u00f6ylediklerini ve kendisinin m\u00fctevaz\u0131l\u0131kla \u201cbro\u015f\u00fcr\u201d diye adland\u0131rd\u0131\u011f\u0131 \u00fcnl\u00fc eseri Devlet ve Devrim\u2019i olu\u015fturacak notlar\u0131n\u0131 yazm\u0131\u015ft\u0131r Lenin. Bu notlar, Ekim Devrimi\u2019ne giden \u00e7alkant\u0131l\u0131 g\u00fcnlerde d\u00fczenlenip kitap haline getirilmi\u015ftir. \u0130\u015fte o g\u00fcnlerde ya\u015fananlar\u0131, Lenin\u2019in \u00e7al\u0131\u015fmalar\u0131n\u0131, devrim arifesindeki d\u00fc\u015f\u00fcncelerini ve ruh halini, partililerle fikir al\u0131\u015fveri\u015fini, yanlar\u0131nda kald\u0131\u011f\u0131 i\u015f\u00e7i ailesiyle ya\u015fam\u0131n\u0131, yolda\u015flar\u0131yla, i\u015f\u00e7ilerle ve hatta \u00e7ocuklarla ili\u015fkilerini Sovyet yazar Emmanuil Kazakevi\u00e7 bir belgesel roman olarak okurlara sunuyor. \u201cKimse sosyalizmi kurmas\u0131 i\u00e7in \u00f6zel bir insan tipi yaratamaz. Tam olarak bu insanlar\u0131 yeniden yarat\u0131p bu insanlarla \u00e7al\u0131\u015fmak zorunday\u0131z. Kolay olmayacak. M\u00fcthi\u015f derecede zor olacak, devrimi ger\u00e7ekle\u015ftirmekten de zor! Yine de ba\u015fka yolu yok.\u201d <\/p>\n","protected":false},"excerpt":{"rendered":"<p>Mavi Defter, Vladimir \u0130lyi\u00e7 Lenin\u2019in 1917 Ekim Devrimi\u2019ne aylar kala yeralt\u0131na \u00e7ekildi\u011fi ve \u00fccra bir g\u00f6l k\u0131y\u0131s\u0131nda, bir i\u015f\u00e7i ailesinin yan\u0131nda bar\u0131nd\u0131\u011f\u0131 g\u00fcnlere \u0131\u015f\u0131k tutmaktad\u0131r. Beyaz<span class=\"excerpt-hellip\"> [\u2026]<\/span><\/p>\n","protected":false},"featured_media":0,"template":"","meta":{"_monsterinsights_skip_tracking":false,"_monsterinsights_sitenote_active":false,"_monsterinsights_sitenote_note":"","_monsterinsights_sitenote_category":0},"product_brand":[],"product_cat":[12337],"product_tag":[],"class_list":{"0":"post-762364","1":"product","2":"type-product","3":"status-publish","5":"product_cat-politika-siyaset","6":"pa_cilt-ciltsiz","7":"pa_tur-kitap","8":"pa_yayinevi-yordam-kitap","9":"pa_yazar-emmanuil-kazakevic","11":"first","12":"instock","13":"sale","14":"shipping-taxable","15":"purchasable","16":"product-type-simple"},"_links":{"self":[{"href":"https:\/\/roveyayinevi.com.tr\/index.php\/wp-json\/wp\/v2\/product\/762364","targetHints":{"allow":["GET"]}}],"collection":[{"href":"https:\/\/roveyayinevi.com.tr\/index.php\/wp-json\/wp\/v2\/product"}],"about":[{"href":"https:\/\/roveyayinevi.com.tr\/index.php\/wp-json\/wp\/v2\/types\/product"}],"wp:attachment":[{"href":"https:\/\/roveyayinevi.com.tr\/index.php\/wp-json\/wp\/v2\/media?parent=762364"}],"wp:term":[{"taxonomy":"product_brand","embeddable":true,"href":"https:\/\/roveyayinevi.com.tr\/index.php\/wp-json\/wp\/v2\/product_brand?post=762364"},{"taxonomy":"product_cat","embeddable":true,"href":"https:\/\/roveyayinevi.com.tr\/index.php\/wp-json\/wp\/v2\/product_cat?post=762364"},{"taxonomy":"product_tag","embeddable":true,"href":"https:\/\/roveyayinevi.com.tr\/index.php\/wp-json\/wp\/v2\/product_tag?post=762364"}],"curies":[{"name":"wp","href":"https:\/\/api.w.org\/{rel}","templated":true}]}}