{"id":762357,"date":"2025-08-28T10:06:18","date_gmt":"2025-08-28T07:06:18","guid":{"rendered":"https:\/\/roveyayinevi.com.tr\/index.php\/urun\/o-sonbaharda-esen-firtina-degil-kasirga\/"},"modified":"2026-04-15T03:27:17","modified_gmt":"2026-04-15T00:27:17","slug":"o-sonbaharda-esen-firtina-degil-kasirga","status":"publish","type":"product","link":"https:\/\/roveyayinevi.com.tr\/index.php\/urun\/o-sonbaharda-esen-firtina-degil-kasirga\/","title":{"rendered":"O Sonbaharda Esen F\u0131rt\u0131na De\u011fil Kas\u0131rga"},"content":{"rendered":"<p>Bir sonbahar var ki, O Eyl\u00fcl\u2019\u00fc unutmad\u0131k \u0130lk o gelir akl\u0131ma R\u00fczg\u00e2r\u0131 kirleten tank sesleri, polis sirenleri Aran\u0131yor duvar resimleri Benzemez hi\u00e7bir hazana Zihnimde d\u00fc\u015f\u00fcmde H\u00e2l\u00e2 i\u00e7im yanar sonbaharlarda. <\/p>\n","protected":false},"excerpt":{"rendered":"<p>Bir sonbahar var ki, O Eyl\u00fcl\u2019\u00fc unutmad\u0131k \u0130lk o gelir akl\u0131ma R\u00fczg\u00e2r\u0131 kirleten tank sesleri, polis sirenleri Aran\u0131yor duvar resimleri Benzemez hi\u00e7bir hazana Zihnimde d\u00fc\u015f\u00fcmde H\u00e2l\u00e2<span class=\"excerpt-hellip\"> [\u2026]<\/span><\/p>\n","protected":false},"featured_media":0,"template":"","meta":{"_monsterinsights_skip_tracking":false,"_monsterinsights_sitenote_active":false,"_monsterinsights_sitenote_note":"","_monsterinsights_sitenote_category":0},"product_brand":[],"product_cat":[12291,12509],"product_tag":[],"class_list":{"0":"post-762357","1":"product","2":"type-product","3":"status-publish","5":"product_cat-edebiyat","6":"product_cat-siir","7":"pa_cilt-ciltsiz","8":"pa_tur-kitap","9":"pa_yayinevi-gulnar-yayinlari","10":"pa_yazar-hayri-hizarcioglu","12":"first","13":"instock","14":"sale","15":"shipping-taxable","16":"purchasable","17":"product-type-simple"},"_links":{"self":[{"href":"https:\/\/roveyayinevi.com.tr\/index.php\/wp-json\/wp\/v2\/product\/762357","targetHints":{"allow":["GET"]}}],"collection":[{"href":"https:\/\/roveyayinevi.com.tr\/index.php\/wp-json\/wp\/v2\/product"}],"about":[{"href":"https:\/\/roveyayinevi.com.tr\/index.php\/wp-json\/wp\/v2\/types\/product"}],"wp:attachment":[{"href":"https:\/\/roveyayinevi.com.tr\/index.php\/wp-json\/wp\/v2\/media?parent=762357"}],"wp:term":[{"taxonomy":"product_brand","embeddable":true,"href":"https:\/\/roveyayinevi.com.tr\/index.php\/wp-json\/wp\/v2\/product_brand?post=762357"},{"taxonomy":"product_cat","embeddable":true,"href":"https:\/\/roveyayinevi.com.tr\/index.php\/wp-json\/wp\/v2\/product_cat?post=762357"},{"taxonomy":"product_tag","embeddable":true,"href":"https:\/\/roveyayinevi.com.tr\/index.php\/wp-json\/wp\/v2\/product_tag?post=762357"}],"curies":[{"name":"wp","href":"https:\/\/api.w.org\/{rel}","templated":true}]}}