{"id":762341,"date":"2025-08-28T10:05:43","date_gmt":"2025-08-28T07:05:43","guid":{"rendered":"https:\/\/roveyayinevi.com.tr\/index.php\/urun\/arda-benim-futbol-kahramanim\/"},"modified":"2026-04-15T03:27:16","modified_gmt":"2026-04-15T00:27:16","slug":"arda-benim-futbol-kahramanim","status":"publish","type":"product","link":"https:\/\/roveyayinevi.com.tr\/index.php\/urun\/arda-benim-futbol-kahramanim\/","title":{"rendered":"Arda \u2013 Benim Futbol Kahraman\u0131m"},"content":{"rendered":"<p>POSTER, FUTBOLCU KARTI VE AYRA\u00c7 HED\u0130YEL\u0130! #11 S\u00dcPER YETENEK: ARDA G\u00dcLER T\u00fcrk Mill\u00ee Tak\u0131m\u0131\u2019n\u0131n \u00e7ok y\u00f6nl\u00fc orta saha oyuncusu Arda G\u00fcler, bug\u00fcn\u00fcn ve gelece\u011fin y\u0131ld\u0131z\u0131 olarak g\u00f6r\u00fcl\u00fcyor. Mill\u00ee tak\u0131mda forma giyen gen\u00e7 y\u0131ld\u0131z, hen\u00fcz 16 ya\u015f\u0131nda Fenerbah\u00e7e  altyap\u0131s\u0131ndayken dikkat \u00e7ekmeyi ba\u015fard\u0131. Profesyonel tak\u0131ma h\u0131zl\u0131 bir y\u00fckseli\u015f ger\u00e7ekle\u015ftiren Arda, k\u0131sa s\u00fcrede en ba\u015far\u0131l\u0131 futbolcular listesine ad\u0131n\u0131 yazd\u0131rd\u0131 ve tak\u0131m\u0131n en gen\u00e7 oyuncusu oldu. Ard\u0131ndan d\u00fcnya devi Real Madrid\u2019in dikkatini \u00e7eken Arda i\u00e7in yeni bir yol g\u00f6r\u00fcnd\u00fc. \u015eimdi Real Madrid i\u00e7in ter d\u00f6k\u00fcyor. \u00dcst\u00fcn futbol yetene\u011fiyle k\u0131sa s\u00fcrede t\u00fcm d\u00fcnyan\u0131n dikkatini \u00e7ekmeyi ba\u015faran y\u0131ld\u0131z oyuncunun karakterinde ba\u015far\u0131s\u0131zl\u0131\u011fa asla yer yok! Hocas\u0131 \u201c\u00d6zel bir yetene\u011fi var, top Arda\u2019y\u0131 seviyor, kaleye yak\u0131n oynad\u0131\u011f\u0131nda k\u0131sa s\u00fcrede golle tan\u0131\u015fmas\u0131 bunu \u00e7ok net g\u00f6steriyor bizlere,\u201d diyerek tan\u0131ml\u0131yor Arda\u2019n\u0131n ba\u015far\u0131s\u0131n\u0131. B\u00f6yle etkili bir futbol akl\u0131 ile \u00fcst\u00fcn yeteneklerin birle\u015fmesi sayesinde ye\u015fil sahalarda parlayan bir y\u0131ld\u0131za d\u00f6n\u00fc\u015ft\u00fc. Arda, m\u00fcthi\u015f \u00e7al\u0131\u015fmas\u0131n\u0131n ve azminin kar\u015f\u0131l\u0131\u011f\u0131n\u0131 alarak gen\u00e7 ya\u015f\u0131nda ad\u0131n\u0131 t\u00fcm d\u00fcnyaya duyurdu. \u00d6n\u00fcndeki uzun kariyer ise futbolseverlerin sab\u0131rs\u0131zl\u0131kla bekleyece\u011fi g\u00fcnleri i\u00e7eriyor. Tek hedefin ba\u015farmak ve kazanmaksa geli\u015fime de yeniliklere de a\u00e7\u0131k olmal\u0131s\u0131n. Seni bu hedefe g\u00f6t\u00fcren yolda t\u00fcm engelleri a\u015fmak i\u00e7in kendine inanmak, senin yolculu\u011funu kolayla\u015ft\u0131racakt\u0131r. Sen de ba\u015faracaks\u0131n. \u0130nan, \u00e7al\u0131\u015f ve vazge\u00e7me\u2026<\/p>\n","protected":false},"excerpt":{"rendered":"<p>POSTER, FUTBOLCU KARTI VE AYRA\u00c7 HED\u0130YEL\u0130! #11 S\u00dcPER YETENEK: ARDA G\u00dcLER T\u00fcrk Mill\u00ee Tak\u0131m\u0131\u2019n\u0131n \u00e7ok y\u00f6nl\u00fc orta saha oyuncusu Arda G\u00fcler, bug\u00fcn\u00fcn ve gelece\u011fin y\u0131ld\u0131z\u0131 olarak<span class=\"excerpt-hellip\"> [\u2026]<\/span><\/p>\n","protected":false},"featured_media":0,"template":"","meta":{"_monsterinsights_skip_tracking":false,"_monsterinsights_sitenote_active":false,"_monsterinsights_sitenote_note":"","_monsterinsights_sitenote_category":0},"product_brand":[],"product_cat":[12274,12284],"product_tag":[],"class_list":{"0":"post-762341","1":"product","2":"type-product","3":"status-publish","5":"product_cat-cocuk-ve-genclik-kitaplari","6":"product_cat-hikayeler","7":"pa_cilt-ciltsiz","8":"pa_tur-kitap","9":"pa_yayinevi-dokuz-yayinlari","10":"pa_yazar-diego-roberto","12":"first","13":"instock","14":"sale","15":"shipping-taxable","16":"purchasable","17":"product-type-simple"},"_links":{"self":[{"href":"https:\/\/roveyayinevi.com.tr\/index.php\/wp-json\/wp\/v2\/product\/762341","targetHints":{"allow":["GET"]}}],"collection":[{"href":"https:\/\/roveyayinevi.com.tr\/index.php\/wp-json\/wp\/v2\/product"}],"about":[{"href":"https:\/\/roveyayinevi.com.tr\/index.php\/wp-json\/wp\/v2\/types\/product"}],"wp:attachment":[{"href":"https:\/\/roveyayinevi.com.tr\/index.php\/wp-json\/wp\/v2\/media?parent=762341"}],"wp:term":[{"taxonomy":"product_brand","embeddable":true,"href":"https:\/\/roveyayinevi.com.tr\/index.php\/wp-json\/wp\/v2\/product_brand?post=762341"},{"taxonomy":"product_cat","embeddable":true,"href":"https:\/\/roveyayinevi.com.tr\/index.php\/wp-json\/wp\/v2\/product_cat?post=762341"},{"taxonomy":"product_tag","embeddable":true,"href":"https:\/\/roveyayinevi.com.tr\/index.php\/wp-json\/wp\/v2\/product_tag?post=762341"}],"curies":[{"name":"wp","href":"https:\/\/api.w.org\/{rel}","templated":true}]}}