{"id":762323,"date":"2025-08-28T10:05:08","date_gmt":"2025-08-28T07:05:08","guid":{"rendered":"https:\/\/roveyayinevi.com.tr\/index.php\/urun\/depremin-izinde\/"},"modified":"2026-04-08T03:24:18","modified_gmt":"2026-04-08T00:24:18","slug":"depremin-izinde","status":"publish","type":"product","link":"https:\/\/roveyayinevi.com.tr\/index.php\/urun\/depremin-izinde\/","title":{"rendered":"Depremin \u0130zinde"},"content":{"rendered":"<p>16 ya\u015f\u0131ndaki yazar\u0131m\u0131z Furkan Da\u011fl\u0131 2 Hatay\u2019da d\u00fcnyaya geldi. \u0130lk ve orta \u00f6\u011frenimini Hatay\u2019da tamamlad\u0131. Halen Hatay Anadolu Lisesi 11. s\u0131n\u0131f \u00f6\u011frencisidir. Furkan, 6 \u015eubat 2023 tarihinde ger\u00e7ekle\u015fen ve y\u00fczy\u0131l\u0131n felaketi olarak bilinen Kahramanmara\u015f-Hatay depremini b\u00fct\u00fcn ac\u0131lar\u0131yla ya\u015fad\u0131. Evleri y\u0131k\u0131ld\u0131, bir\u00e7ok arkada\u015f\u0131n\u0131, yak\u0131n\u0131n\u0131 ve kom\u015fusunu kaybetti. Bu zorlu s\u00fcre\u00e7te bir\u00e7ok olumsuzluk ya\u015farken, halk\u0131n birlik beraberlik i\u00e7inde zorluklar\u0131 yenmek i\u00e7in nas\u0131l m\u00fccadele etti\u011fine tan\u0131k oldu. Aradan ge\u00e7en bir y\u0131ll\u0131k s\u00fcre\u00e7te bu ya\u015fad\u0131klar\u0131n\u0131 kitapla\u015ft\u0131rma karar\u0131 ald\u0131 ve son derece naif duygularla, oldu\u011fu gibi, g\u00f6rd\u00fcklerini, ya\u015fad\u0131klar\u0131n\u0131 ve yapt\u0131klar\u0131n\u0131 yar\u0131 ger\u00e7ek yar\u0131 kurgusal bi\u00e7imde k\u00e2\u011f\u0131da aktard\u0131. Gen\u00e7 yazar\u0131m\u0131z\u0131n bu g\u00fczel ve duygu y\u00fckl\u00fc \u00e7al\u0131\u015fmas\u0131n\u0131 be\u011feninize sunuyoruz. <\/p>\n","protected":false},"excerpt":{"rendered":"<p>16 ya\u015f\u0131ndaki yazar\u0131m\u0131z Furkan Da\u011fl\u0131 2 Hatay\u2019da d\u00fcnyaya geldi. \u0130lk ve orta \u00f6\u011frenimini Hatay\u2019da tamamlad\u0131. Halen Hatay Anadolu Lisesi 11. s\u0131n\u0131f \u00f6\u011frencisidir. Furkan, 6 \u015eubat 2023<span class=\"excerpt-hellip\"> [\u2026]<\/span><\/p>\n","protected":false},"featured_media":0,"template":"","meta":{"_monsterinsights_skip_tracking":false,"_monsterinsights_sitenote_active":false,"_monsterinsights_sitenote_note":"","_monsterinsights_sitenote_category":0},"product_brand":[],"product_cat":[12291,12711],"product_tag":[],"class_list":{"0":"post-762323","1":"product","2":"type-product","3":"status-publish","5":"product_cat-edebiyat","6":"product_cat-roman-oyku","7":"pa_cilt-ciltsiz","8":"pa_tur-kitap","9":"pa_yayinevi-denizkizi-yayinlari","10":"pa_yazar-furkan-dagli","12":"first","13":"instock","14":"sale","15":"shipping-taxable","16":"purchasable","17":"product-type-simple"},"_links":{"self":[{"href":"https:\/\/roveyayinevi.com.tr\/index.php\/wp-json\/wp\/v2\/product\/762323","targetHints":{"allow":["GET"]}}],"collection":[{"href":"https:\/\/roveyayinevi.com.tr\/index.php\/wp-json\/wp\/v2\/product"}],"about":[{"href":"https:\/\/roveyayinevi.com.tr\/index.php\/wp-json\/wp\/v2\/types\/product"}],"wp:attachment":[{"href":"https:\/\/roveyayinevi.com.tr\/index.php\/wp-json\/wp\/v2\/media?parent=762323"}],"wp:term":[{"taxonomy":"product_brand","embeddable":true,"href":"https:\/\/roveyayinevi.com.tr\/index.php\/wp-json\/wp\/v2\/product_brand?post=762323"},{"taxonomy":"product_cat","embeddable":true,"href":"https:\/\/roveyayinevi.com.tr\/index.php\/wp-json\/wp\/v2\/product_cat?post=762323"},{"taxonomy":"product_tag","embeddable":true,"href":"https:\/\/roveyayinevi.com.tr\/index.php\/wp-json\/wp\/v2\/product_tag?post=762323"}],"curies":[{"name":"wp","href":"https:\/\/api.w.org\/{rel}","templated":true}]}}