{"id":762321,"date":"2025-08-28T10:05:04","date_gmt":"2025-08-28T07:05:04","guid":{"rendered":"https:\/\/roveyayinevi.com.tr\/index.php\/urun\/yahudilerin-sirtindaki-hancer-siyonizm\/"},"modified":"2026-04-15T03:27:16","modified_gmt":"2026-04-15T00:27:16","slug":"yahudilerin-sirtindaki-hancer-siyonizm","status":"publish","type":"product","link":"https:\/\/roveyayinevi.com.tr\/index.php\/urun\/yahudilerin-sirtindaki-hancer-siyonizm\/","title":{"rendered":"Yahudilerin S\u0131rt\u0131ndaki Han\u00e7er: Siyonizm"},"content":{"rendered":"<p>\u201cBEDEL\u0130 NE OLURSA OLSUN, GER\u00c7EKLER B\u0130L\u0130NMEK ZORUNDADIR.\u201d   Siyonist liderlerin en b\u00fcy\u00fck d\u00fc\u015fman\u0131 ve b\u00fcy\u00fck plan\u0131n \u00f6n\u00fcndeki en sert engel, her zaman Yahudiler olmu\u015ftur. T\u00fcm propagandalara ra\u011fmen \u00fclkelerinden ayr\u0131l\u0131p \u0130srail\u2019e gelmiyorlar, \u00fcstelik Bat\u0131\u2019ya do\u011fru g\u00f6\u00e7 ediyorlard\u0131. Siyonist liderler bu y\u00fczden Nazilerle ve di\u011fer antisemitistlerle i\u015fbirli\u011fi yapt\u0131lar, hatta sava\u015flar\u0131 bile kulland\u0131lar.   Siyonizm, Yahudi halk\u0131n\u0131n i\u00e7inden ve toplumsal dinamiklerinden kaynaklanm\u0131\u015f bir hareket de\u011fildir. Siyonist liderlerin entrikalar\u0131yla b\u00fct\u00fcn bir d\u00fcnyaya ve Yahudilere dikte ettirilmi\u015ftir. Emperyalizmin, Ortado\u011fu kaynaklar\u0131na \u00e7\u00f6reklenme projesidir ve sadece Filistin halk\u0131n\u0131n de\u011fil, Yahudilerin de korkular\u0131yla var olmaktad\u0131r. Nitekim bu kaos ve korku, Amerikan emperyalizminin Ortado\u011fu\u2019daki varl\u0131\u011f\u0131n\u0131n garantisidir. <\/p>\n","protected":false},"excerpt":{"rendered":"<p>\u201cBEDEL\u0130 NE OLURSA OLSUN, GER\u00c7EKLER B\u0130L\u0130NMEK ZORUNDADIR.\u201d Siyonist liderlerin en b\u00fcy\u00fck d\u00fc\u015fman\u0131 ve b\u00fcy\u00fck plan\u0131n \u00f6n\u00fcndeki en sert engel, her zaman Yahudiler olmu\u015ftur. T\u00fcm propagandalara ra\u011fmen<span class=\"excerpt-hellip\"> [\u2026]<\/span><\/p>\n","protected":false},"featured_media":0,"template":"","meta":{"_monsterinsights_skip_tracking":false,"_monsterinsights_sitenote_active":false,"_monsterinsights_sitenote_note":"","_monsterinsights_sitenote_category":0},"product_brand":[],"product_cat":[12718,130871],"product_tag":[],"class_list":{"0":"post-762321","1":"product","2":"type-product","3":"status-publish","5":"product_cat-din","6":"product_cat-musevlik-yahudilik","7":"pa_cilt-ciltsiz","8":"pa_tur-kitap","9":"pa_yayinevi-destek-yayinlari","10":"pa_yazar-erdal-topparmak","12":"first","13":"instock","14":"sale","15":"shipping-taxable","16":"purchasable","17":"product-type-simple"},"_links":{"self":[{"href":"https:\/\/roveyayinevi.com.tr\/index.php\/wp-json\/wp\/v2\/product\/762321","targetHints":{"allow":["GET"]}}],"collection":[{"href":"https:\/\/roveyayinevi.com.tr\/index.php\/wp-json\/wp\/v2\/product"}],"about":[{"href":"https:\/\/roveyayinevi.com.tr\/index.php\/wp-json\/wp\/v2\/types\/product"}],"wp:attachment":[{"href":"https:\/\/roveyayinevi.com.tr\/index.php\/wp-json\/wp\/v2\/media?parent=762321"}],"wp:term":[{"taxonomy":"product_brand","embeddable":true,"href":"https:\/\/roveyayinevi.com.tr\/index.php\/wp-json\/wp\/v2\/product_brand?post=762321"},{"taxonomy":"product_cat","embeddable":true,"href":"https:\/\/roveyayinevi.com.tr\/index.php\/wp-json\/wp\/v2\/product_cat?post=762321"},{"taxonomy":"product_tag","embeddable":true,"href":"https:\/\/roveyayinevi.com.tr\/index.php\/wp-json\/wp\/v2\/product_tag?post=762321"}],"curies":[{"name":"wp","href":"https:\/\/api.w.org\/{rel}","templated":true}]}}