{"id":762320,"date":"2025-08-28T10:05:03","date_gmt":"2025-08-28T07:05:03","guid":{"rendered":"https:\/\/roveyayinevi.com.tr\/index.php\/urun\/bir-elfhame-romani-2-tutsagin-tahti\/"},"modified":"2026-04-15T03:27:16","modified_gmt":"2026-04-15T00:27:16","slug":"bir-elfhame-romani-2-tutsagin-tahti","status":"publish","type":"product","link":"https:\/\/roveyayinevi.com.tr\/index.php\/urun\/bir-elfhame-romani-2-tutsagin-tahti\/","title":{"rendered":"Bir Elfhame Roman\u0131 2: Tutsa\u011f\u0131n Taht\u0131"},"content":{"rendered":"<p>Hapsedilmi\u015f bir prens. \u0130ntikam pe\u015finde bir krali\u00e7e. Ve Elfhame\u2019in gelece\u011fini belirleyecek bir sava\u015f.   Prens Oak, ihanetinin bedelini \u00f6d\u00fcyor. Kuzeyde hapsedilmi\u015f, canavar yeni krali\u00e7enin iradesine ba\u011fl\u0131 ve hayatta kalmak i\u00e7in \u00e7ekicili\u011fine g\u00fcvenmek zorunda.   Y\u00fcksek Kral Cardan ve Y\u00fcksek Krali\u00e7e Jude, ka\u00e7\u0131r\u0131lan v\u00e2rislerini geri almak i\u00e7in her yolu denemeye haz\u0131r. Ufukta yeni bir sava\u015f belirirken her k\u00f6\u015fede hainlik de pusuda bekliyor.   Oak \u00e7ok \u00f6nemli bir karar vermek zorunda: Her zaman sevdi\u011fi k\u0131z\u0131n g\u00fcvenini yeniden kazanmaya \u00e7al\u0131\u015farak saltanat\u0131 sona erdirmeyi g\u00f6ze mi almal\u0131 yoksa Elfhame\u2019e sad\u0131k kalarak Wren\u2019in de yok olu\u015funa raz\u0131 m\u0131 olmal\u0131?   Fantastik edebiyat\u0131n en sevilen ve New York Times\u2019\u0131n en \u00e7ok okunan yazar\u0131 Holly Black\u2019in Yalanc\u0131 V\u00e2ris ile ba\u015flatt\u0131\u011f\u0131 yeni serisinin ikinci kitab\u0131 Tutsa\u011f\u0131n Taht\u0131 kanla bezeli, \u00e7arp\u0131c\u0131 sonu\u00e7lar\u0131yla Elfhame\u2019in ba\u015f d\u00f6nd\u00fcren d\u00fcnyas\u0131nda inan\u0131lmaz bir sona ula\u015f\u0131yor. <\/p>\n","protected":false},"excerpt":{"rendered":"<p>Hapsedilmi\u015f bir prens. \u0130ntikam pe\u015finde bir krali\u00e7e. Ve Elfhame\u2019in gelece\u011fini belirleyecek bir sava\u015f. Prens Oak, ihanetinin bedelini \u00f6d\u00fcyor. Kuzeyde hapsedilmi\u015f, canavar yeni krali\u00e7enin iradesine ba\u011fl\u0131 ve<span class=\"excerpt-hellip\"> [\u2026]<\/span><\/p>\n","protected":false},"featured_media":0,"template":"","meta":{"_monsterinsights_skip_tracking":false,"_monsterinsights_sitenote_active":false,"_monsterinsights_sitenote_note":"","_monsterinsights_sitenote_category":0},"product_brand":[],"product_cat":[12291,14777],"product_tag":[],"class_list":{"0":"post-762320","1":"product","2":"type-product","3":"status-publish","5":"product_cat-edebiyat","6":"product_cat-fantastik","7":"pa_cilt-ciltsiz","8":"pa_tur-kitap","9":"pa_yayinevi-dex-yayinevi","10":"pa_yazar-holly-black","12":"first","13":"instock","14":"sale","15":"shipping-taxable","16":"purchasable","17":"product-type-simple"},"_links":{"self":[{"href":"https:\/\/roveyayinevi.com.tr\/index.php\/wp-json\/wp\/v2\/product\/762320","targetHints":{"allow":["GET"]}}],"collection":[{"href":"https:\/\/roveyayinevi.com.tr\/index.php\/wp-json\/wp\/v2\/product"}],"about":[{"href":"https:\/\/roveyayinevi.com.tr\/index.php\/wp-json\/wp\/v2\/types\/product"}],"wp:attachment":[{"href":"https:\/\/roveyayinevi.com.tr\/index.php\/wp-json\/wp\/v2\/media?parent=762320"}],"wp:term":[{"taxonomy":"product_brand","embeddable":true,"href":"https:\/\/roveyayinevi.com.tr\/index.php\/wp-json\/wp\/v2\/product_brand?post=762320"},{"taxonomy":"product_cat","embeddable":true,"href":"https:\/\/roveyayinevi.com.tr\/index.php\/wp-json\/wp\/v2\/product_cat?post=762320"},{"taxonomy":"product_tag","embeddable":true,"href":"https:\/\/roveyayinevi.com.tr\/index.php\/wp-json\/wp\/v2\/product_tag?post=762320"}],"curies":[{"name":"wp","href":"https:\/\/api.w.org\/{rel}","templated":true}]}}