{"id":762305,"date":"2025-08-28T10:04:37","date_gmt":"2025-08-28T07:04:37","guid":{"rendered":"https:\/\/roveyayinevi.com.tr\/index.php\/urun\/evrenin-sifresi\/"},"modified":"2026-01-30T03:55:33","modified_gmt":"2026-01-30T00:55:33","slug":"evrenin-sifresi","status":"publish","type":"product","link":"https:\/\/roveyayinevi.com.tr\/index.php\/urun\/evrenin-sifresi\/","title":{"rendered":"Evrenin \u015eifresi"},"content":{"rendered":"<p>Evren nedir? Ya paralel boyutlar? Felsefe bak\u0131\u015f a\u00e7\u0131lar\u0131 Evreni anlama ve yorumlamam\u0131za ili\u015fkiler kuruyor. Yap\u0131lan bilimsel deneyler Evrenin zaman t\u00fcnelinden ge\u00e7i\u015flerini \u0131spatlanmaya \u00e7al\u0131\u015f\u0131l\u0131yor. \u0130nsanl\u0131k hep bu evren i\u00e7inde ya\u015famaya devam ediyor, Evren ise insanl\u0131ktan habersiz bu s\u0131rr\u0131 hep kendi b\u00fcnyesinde bar\u0131nd\u0131rmaya devam ediyor. As\u0131rlard\u0131r \u00e7\u00f6z\u00fclmeyi bekleyen bu gizemli Evrenin s\u0131rr\u0131 art\u0131k g\u00fcn y\u00fcz\u00fcne \u00e7\u0131kar\u0131lman\u0131n vakti geliyor. \u0130rlanda Galway \u00dcniversitesi Simya ve Simge Bilim Profes\u00f6r\u00fc Alvero De Paul ve arkada\u015f\u0131 \u0130spanya 12. B\u00f6lge gizli CIA bilimsel deney laboratuvar\u0131 Uzman\u0131 Dr. Jessica Nelson e\u015fli\u011finde, Madrid Tarih Uzman\u0131 Do\u00e7. Dr. Lucia Sara Ferreiro ve Madrid \u0130slam k\u00fclt\u00fcr merkezi Uzman\u0131 Dr. \u00d6mer Bey e\u015fli\u011finde Prof. Dr. Alvero De Paul&#8217;un anagraml\u0131 ve sembolik nesnelerin \u015fifresini bir bir a\u00e7\u0131kl\u0131\u011fa kavu\u015fturuyor. Evrenin gizemli nesnesinin pe\u015finde olan Illuminati gizli cemiyet \u00fcyeleri ve onun se\u00e7kin adamlar\u0131n\u0131n tak\u0131m lideri seri katili olan Sergio Perez bu yolculuk i\u00e7in ona kutsal yol davas\u0131nda b\u00fcy\u00fck \u00fcstat taraf\u0131ndan bir g\u00f6rev veriliyor. Yap\u0131lacak olan cinayetlerin a\u00e7\u0131\u011fa \u00e7\u0131kmas\u0131 i\u00e7in seri katilin pe\u015finde olan CIA ajanlar\u0131 ve Profes\u00f6r Alvero De Paul ve Dr. Jessica Nelson ile birlikte daimi aray\u0131\u015f i\u00e7erisinde olacaklar\u0131 mistizim, aksiyon, gerilim, macera, su\u00e7 ve polisiye i\u00e7erikli bu romanda kutsal yolculuklar\u0131 ba\u015fl\u0131yor. Profes\u00f6r Alvero De Paul ve arkada\u015f\u0131 CIA bilimsel deney arkada\u015f\u0131 Uzman Dr. Jessica Nelson olaylar\u0131n ya\u015fand\u0131\u011f\u0131 yerlerde \u0130spanya, Amerika ve T\u00fcrkiye&#8217;de kutsal emanete giden yolun Evrenin \u015fifresini bulabilecekler mi ? <\/p>\n","protected":false},"excerpt":{"rendered":"<p>Evren nedir? Ya paralel boyutlar? Felsefe bak\u0131\u015f a\u00e7\u0131lar\u0131 Evreni anlama ve yorumlamam\u0131za ili\u015fkiler kuruyor. Yap\u0131lan bilimsel deneyler Evrenin zaman t\u00fcnelinden ge\u00e7i\u015flerini \u0131spatlanmaya \u00e7al\u0131\u015f\u0131l\u0131yor. \u0130nsanl\u0131k hep bu<span class=\"excerpt-hellip\"> [\u2026]<\/span><\/p>\n","protected":false},"featured_media":0,"template":"","meta":{"_monsterinsights_skip_tracking":false,"_monsterinsights_sitenote_active":false,"_monsterinsights_sitenote_note":"","_monsterinsights_sitenote_category":0},"product_brand":[],"product_cat":[12291,12711],"product_tag":[],"class_list":{"0":"post-762305","1":"product","2":"type-product","3":"status-publish","5":"product_cat-edebiyat","6":"product_cat-roman-oyku","7":"pa_cilt-ciltsiz","8":"pa_tur-kitap","9":"pa_yayinevi-vova-yayinlari","10":"pa_yazar-fatih-abak-recep-senturk","12":"first","13":"instock","14":"sale","15":"shipping-taxable","16":"purchasable","17":"product-type-simple"},"_links":{"self":[{"href":"https:\/\/roveyayinevi.com.tr\/index.php\/wp-json\/wp\/v2\/product\/762305","targetHints":{"allow":["GET"]}}],"collection":[{"href":"https:\/\/roveyayinevi.com.tr\/index.php\/wp-json\/wp\/v2\/product"}],"about":[{"href":"https:\/\/roveyayinevi.com.tr\/index.php\/wp-json\/wp\/v2\/types\/product"}],"wp:attachment":[{"href":"https:\/\/roveyayinevi.com.tr\/index.php\/wp-json\/wp\/v2\/media?parent=762305"}],"wp:term":[{"taxonomy":"product_brand","embeddable":true,"href":"https:\/\/roveyayinevi.com.tr\/index.php\/wp-json\/wp\/v2\/product_brand?post=762305"},{"taxonomy":"product_cat","embeddable":true,"href":"https:\/\/roveyayinevi.com.tr\/index.php\/wp-json\/wp\/v2\/product_cat?post=762305"},{"taxonomy":"product_tag","embeddable":true,"href":"https:\/\/roveyayinevi.com.tr\/index.php\/wp-json\/wp\/v2\/product_tag?post=762305"}],"curies":[{"name":"wp","href":"https:\/\/api.w.org\/{rel}","templated":true}]}}