{"id":762303,"date":"2025-08-28T10:04:34","date_gmt":"2025-08-28T07:04:34","guid":{"rendered":"https:\/\/roveyayinevi.com.tr\/index.php\/urun\/rosario-vampire-tilsimli-kolye-ve-vampir-sezon2-12\/"},"modified":"2026-04-15T03:27:16","modified_gmt":"2026-04-15T00:27:16","slug":"rosario-vampire-tilsimli-kolye-ve-vampir-sezon2-12","status":"publish","type":"product","link":"https:\/\/roveyayinevi.com.tr\/index.php\/urun\/rosario-vampire-tilsimli-kolye-ve-vampir-sezon2-12\/","title":{"rendered":"Rosario + Vampire &#8211; T\u0131ls\u0131ml\u0131 Kolye ve Vampir Sezon:2 12"},"content":{"rendered":"<p>Moka&#8217;n\u0131n uyan\u0131\u015f\u0131na tepki olarak Alucard&#8217;\u0131n bedeni de hareket etmeye ba\u015flar ve Havadaki Bah\u00e7e yar\u0131 yar\u0131ya yok olur! Bu s\u0131rada Tsukune ve Moka nihayet yeniden bir araya gelir ve birbirlerinin g\u00fcc\u00fcne g\u00fcvenerek \u00e7etin bir sava\u015fa giri\u015firler! Ancak Gyokuro&#8217;nun plan\u0131 art\u0131k son a\u015famaya gelmi\u015ftir!<\/p>\n","protected":false},"excerpt":{"rendered":"<p>Moka&#8217;n\u0131n uyan\u0131\u015f\u0131na tepki olarak Alucard&#8217;\u0131n bedeni de hareket etmeye ba\u015flar ve Havadaki Bah\u00e7e yar\u0131 yar\u0131ya yok olur! Bu s\u0131rada Tsukune ve Moka nihayet yeniden bir araya<span class=\"excerpt-hellip\"> [\u2026]<\/span><\/p>\n","protected":false},"featured_media":0,"template":"","meta":{"_monsterinsights_skip_tracking":false,"_monsterinsights_sitenote_active":false,"_monsterinsights_sitenote_note":"","_monsterinsights_sitenote_category":0},"product_brand":[],"product_cat":[12416,12291],"product_tag":[],"class_list":{"0":"post-762303","1":"product","2":"type-product","3":"status-publish","5":"product_cat-cizgi-roman","6":"product_cat-edebiyat","7":"pa_cilt-ciltsiz","8":"pa_tur-kitap","9":"pa_yayinevi-akil-celen-kitaplar","10":"pa_yazar-akihisa-ikeda","12":"first","13":"instock","14":"sale","15":"shipping-taxable","16":"purchasable","17":"product-type-simple"},"_links":{"self":[{"href":"https:\/\/roveyayinevi.com.tr\/index.php\/wp-json\/wp\/v2\/product\/762303","targetHints":{"allow":["GET"]}}],"collection":[{"href":"https:\/\/roveyayinevi.com.tr\/index.php\/wp-json\/wp\/v2\/product"}],"about":[{"href":"https:\/\/roveyayinevi.com.tr\/index.php\/wp-json\/wp\/v2\/types\/product"}],"wp:attachment":[{"href":"https:\/\/roveyayinevi.com.tr\/index.php\/wp-json\/wp\/v2\/media?parent=762303"}],"wp:term":[{"taxonomy":"product_brand","embeddable":true,"href":"https:\/\/roveyayinevi.com.tr\/index.php\/wp-json\/wp\/v2\/product_brand?post=762303"},{"taxonomy":"product_cat","embeddable":true,"href":"https:\/\/roveyayinevi.com.tr\/index.php\/wp-json\/wp\/v2\/product_cat?post=762303"},{"taxonomy":"product_tag","embeddable":true,"href":"https:\/\/roveyayinevi.com.tr\/index.php\/wp-json\/wp\/v2\/product_tag?post=762303"}],"curies":[{"name":"wp","href":"https:\/\/api.w.org\/{rel}","templated":true}]}}