{"id":762297,"date":"2025-08-28T10:04:25","date_gmt":"2025-08-28T07:04:25","guid":{"rendered":"https:\/\/roveyayinevi.com.tr\/index.php\/urun\/hey-allahin-zalimlari\/"},"modified":"2025-12-30T11:26:41","modified_gmt":"2025-12-30T08:26:41","slug":"hey-allahin-zalimlari","status":"publish","type":"product","link":"https:\/\/roveyayinevi.com.tr\/index.php\/urun\/hey-allahin-zalimlari\/","title":{"rendered":"Hey Allah&#8217;\u0131n Zal\u0131mlar\u0131"},"content":{"rendered":"<p>Dersim \u00fczerine yapt\u0131\u011f\u0131 \u00e7al\u0131\u015fmalarla tan\u0131nan Cemal Ta\u015f, \u201cHey Allah\u2019\u0131n Zal\u0131mlar\u0131\u201dnda hem \u201ci\u00e7eriden\u201d hem \u201cd\u0131\u015far\u0131dan\u201d tan\u0131klarla yapt\u0131\u011f\u0131 g\u00f6r\u00fc\u015fmeleri bir araya getirerek, 1937 ve 1938\u2019de devletin Dersim\u2019de y\u00fcr\u00fctt\u00fc\u011f\u00fc harek\u00e2tlar\u0131n \u201cyok etme\u201dye y\u00f6nelik kapsam\u0131na dair zengin bir panorama sunuyor. Da\u011flar\u0131n Kay\u0131p Anahtar\u0131\u2019n\u0131n devam\u0131 niteli\u011findeki \u00e7al\u0131\u015fma, Dersim \u201938\u2019i tan\u0131klar ve tan\u0131kl\u0131klar \u00fczerinden anlaman\u0131n ve anlatman\u0131n \u00f6nemini ortaya koyuyor. Zira en yak\u0131nlar\u0131n\u0131 kaybedenlerin, bizzat \u201cs\u00fcng\u00fc yaras\u0131\u201d ta\u015f\u0131yanlar\u0131n, evlerinden yurtlar\u0131ndan olanlar\u0131n i\u00e7 yak\u0131c\u0131 anlat\u0131lar\u0131, o d\u00f6nem Dersim\u2019de g\u00f6rev yapanlar\u0131n tan\u0131kl\u0131klar\u0131yla tamamlan\u0131yor kitapta. Dersim toplumu ve k\u00fclt\u00fcr\u00fc hakk\u0131nda bir\u00e7ok detay\u0131n da bulunabilece\u011fi bu s\u00f6zl\u00fc tarih \u00e7al\u0131\u015fmas\u0131, y\u00fczle\u015fme, hesapla\u015fma ve adalet m\u00fccadelesine \u00f6nemli bir katk\u0131&#8230; \u201cBu \u00e7al\u0131\u015fman\u0131n (&#8230;) \u00e7ok \u00f6nemli bir fark\u0131ysa (&#8230;) \u2018d\u0131\u015far\u0131dan\u2019 seslerdir, yani devlet g\u00f6revi nedeniyle o d\u00f6nem Dersim\u2019de bulunmu\u015f olanlar\u0131n tan\u0131kl\u0131klar\u0131d\u0131r. B\u00f6ylece ula\u015f\u0131lmas\u0131 neredeyse olanaks\u0131z olan bir kaynak seti, bu kitap sayesinde okuyucuyla payla\u015f\u0131l\u0131yor.\u201d B\u00dcLENT B\u0130LMEZ<\/p>\n","protected":false},"excerpt":{"rendered":"<p>Dersim \u00fczerine yapt\u0131\u011f\u0131 \u00e7al\u0131\u015fmalarla tan\u0131nan Cemal Ta\u015f, \u201cHey Allah\u2019\u0131n Zal\u0131mlar\u0131\u201dnda hem \u201ci\u00e7eriden\u201d hem \u201cd\u0131\u015far\u0131dan\u201d tan\u0131klarla yapt\u0131\u011f\u0131 g\u00f6r\u00fc\u015fmeleri bir araya getirerek, 1937 ve 1938\u2019de devletin Dersim\u2019de y\u00fcr\u00fctt\u00fc\u011f\u00fc<span class=\"excerpt-hellip\"> [\u2026]<\/span><\/p>\n","protected":false},"featured_media":0,"template":"","meta":{"_monsterinsights_skip_tracking":false,"_monsterinsights_sitenote_active":false,"_monsterinsights_sitenote_note":"","_monsterinsights_sitenote_category":0},"product_brand":[],"product_cat":[12304],"product_tag":[],"class_list":{"0":"post-762297","1":"product","2":"type-product","3":"status-publish","5":"product_cat-tarih","6":"pa_cilt-ciltsiz","7":"pa_tur-kitap","8":"pa_yayinevi-iletisim-yayinlari","9":"pa_yazar-cemal-tas","11":"first","12":"instock","13":"sale","14":"shipping-taxable","15":"purchasable","16":"product-type-simple"},"_links":{"self":[{"href":"https:\/\/roveyayinevi.com.tr\/index.php\/wp-json\/wp\/v2\/product\/762297","targetHints":{"allow":["GET"]}}],"collection":[{"href":"https:\/\/roveyayinevi.com.tr\/index.php\/wp-json\/wp\/v2\/product"}],"about":[{"href":"https:\/\/roveyayinevi.com.tr\/index.php\/wp-json\/wp\/v2\/types\/product"}],"wp:attachment":[{"href":"https:\/\/roveyayinevi.com.tr\/index.php\/wp-json\/wp\/v2\/media?parent=762297"}],"wp:term":[{"taxonomy":"product_brand","embeddable":true,"href":"https:\/\/roveyayinevi.com.tr\/index.php\/wp-json\/wp\/v2\/product_brand?post=762297"},{"taxonomy":"product_cat","embeddable":true,"href":"https:\/\/roveyayinevi.com.tr\/index.php\/wp-json\/wp\/v2\/product_cat?post=762297"},{"taxonomy":"product_tag","embeddable":true,"href":"https:\/\/roveyayinevi.com.tr\/index.php\/wp-json\/wp\/v2\/product_tag?post=762297"}],"curies":[{"name":"wp","href":"https:\/\/api.w.org\/{rel}","templated":true}]}}