{"id":762296,"date":"2025-08-28T10:04:24","date_gmt":"2025-08-28T07:04:24","guid":{"rendered":"https:\/\/roveyayinevi.com.tr\/index.php\/urun\/erkeklik-krizi\/"},"modified":"2026-04-15T03:27:15","modified_gmt":"2026-04-15T00:27:15","slug":"erkeklik-krizi","status":"publish","type":"product","link":"https:\/\/roveyayinevi.com.tr\/index.php\/urun\/erkeklik-krizi\/","title":{"rendered":"Erkeklik Krizi"},"content":{"rendered":"<p>Erkeklik Krizi &#8211; Aldat\u0131lan Erkekler, Aldatan Kad\u0131nlar erkeklerin aldat\u0131ld\u0131klar\u0131 durumlarda nas\u0131l tepkiler verdiklerini inceliyor. Aldat\u0131lma sonucu ya\u015fanan ya da ya\u015fanmas\u0131 beklenen \u00fcz\u00fcnt\u00fc, hayal k\u0131r\u0131kl\u0131\u011f\u0131n\u0131n yerine veya bu duygular\u0131n yan\u0131 s\u0131ra, erkeklerin bunu bir \u201cgurur\u201d, hatta \u201cnamus\u201d meselesi haline getirdiklerini g\u00f6steriyor. \u00d6zellikle cinsel yetersizlik gibi \u201cerkekliklerini\u201d yaralayabilecek aldatma nedenlerinin nas\u0131l bir \u00f6fke yaratt\u0131\u011f\u0131n\u0131, yine ayn\u0131 nedenden, aldat\u0131ld\u0131klar\u0131n\u0131 arkada\u015flar\u0131yla dahi payla\u015famamalar\u0131n\u0131 anlat\u0131yor. Bir erke\u011fin ba\u015fka bir kad\u0131nla cinsel ili\u015fki ya\u015famas\u0131 \u201c\u00f6nemsizken\u201d, kad\u0131n bunu yapt\u0131\u011f\u0131nda namus ve ahl\u00e2k\u0131n nas\u0131l hemen devreye girdi\u011fini birinci a\u011f\u0131zdan \u00f6rneklerle belgeliyor. Ayr\u0131ca bunun \u00fczerinden asl\u0131nda erkeklerin kaybetmekten korktuklar\u0131 ayr\u0131cal\u0131klar\u0131na s\u0131k\u0131 s\u0131k\u0131 sar\u0131lmalar\u0131n\u0131 ve ifade etmekten \u00e7ekinmedikleri \u00e7ifte standard\u0131 s\u00fcrd\u00fcrme \u00e7abalar\u0131n\u0131, aldat\u0131lma sonucunda ald\u0131klar\u0131 yaray\u0131 sarmak i\u00e7in ba\u015fvurduklar\u0131 ve ba\u015fvurmaktan ka\u00e7\u0131nd\u0131klar\u0131 yollar\u0131, y\u00f6ntemleri g\u00f6zler \u00f6n\u00fcne seriyor. Damla Topba\u015f t\u00fcm bunlar\u0131 \u201cerkeklik krizi\u201d ba\u011flam\u0131nda ele al\u0131rken, aldatan kad\u0131nlara da s\u00f6z veriyor. Neden aldatt\u0131klar\u0131n\u0131n, aldatmay\u0131 nas\u0131l g\u00f6rd\u00fcklerinin cevab\u0131n\u0131 ar\u0131yor, romantik ili\u015fki ve evlilik kavramlar\u0131n\u0131n bir de\u011ferlendirmesini de sunuyor. \u201cErkeklik di\u011fer erkeklikler kar\u015f\u0131s\u0131nda ve onlara ra\u011fmen s\u00fcrd\u00fcr\u00fclen bir performanst\u0131r. Bu performans\u0131n ba\u015fka bir erkek taraf\u0131ndan kesintiye u\u011frat\u0131lmas\u0131 erkeklikler aras\u0131ndaki rekabeti ve husumeti de a\u00e7\u0131\u011fa \u00e7\u0131kar\u0131r. [\u2026] Bu nedenle aldat\u0131lma deneyimi \u00fczerinden bir erkeklik krizi okumas\u0131 yapmak, erkekli\u011fin hem kad\u0131nl\u0131k hem \u00f6teki erkeklikler arac\u0131l\u0131\u011f\u0131yla in\u015fa edilmeye \u00e7al\u0131\u015f\u0131lan iktidar\u0131n\u0131n ve me\u015fruiyetinin nas\u0131l yaraland\u0131\u011f\u0131n\u0131n anla\u015f\u0131lmas\u0131n\u0131 sa\u011flar.\u201d<\/p>\n","protected":false},"excerpt":{"rendered":"<p>Erkeklik Krizi &#8211; Aldat\u0131lan Erkekler, Aldatan Kad\u0131nlar erkeklerin aldat\u0131ld\u0131klar\u0131 durumlarda nas\u0131l tepkiler verdiklerini inceliyor. Aldat\u0131lma sonucu ya\u015fanan ya da ya\u015fanmas\u0131 beklenen \u00fcz\u00fcnt\u00fc, hayal k\u0131r\u0131kl\u0131\u011f\u0131n\u0131n yerine veya<span class=\"excerpt-hellip\"> [\u2026]<\/span><\/p>\n","protected":false},"featured_media":0,"template":"","meta":{"_monsterinsights_skip_tracking":false,"_monsterinsights_sitenote_active":false,"_monsterinsights_sitenote_note":"","_monsterinsights_sitenote_category":0},"product_brand":[],"product_cat":[52477],"product_tag":[],"class_list":{"0":"post-762296","1":"product","2":"type-product","3":"status-publish","5":"product_cat-arastirma","6":"pa_cilt-ciltsiz","7":"pa_tur-kitap","8":"pa_yayinevi-iletisim-yayinlari","9":"pa_yazar-damla-topbas","11":"first","12":"instock","13":"sale","14":"shipping-taxable","15":"purchasable","16":"product-type-simple"},"_links":{"self":[{"href":"https:\/\/roveyayinevi.com.tr\/index.php\/wp-json\/wp\/v2\/product\/762296","targetHints":{"allow":["GET"]}}],"collection":[{"href":"https:\/\/roveyayinevi.com.tr\/index.php\/wp-json\/wp\/v2\/product"}],"about":[{"href":"https:\/\/roveyayinevi.com.tr\/index.php\/wp-json\/wp\/v2\/types\/product"}],"wp:attachment":[{"href":"https:\/\/roveyayinevi.com.tr\/index.php\/wp-json\/wp\/v2\/media?parent=762296"}],"wp:term":[{"taxonomy":"product_brand","embeddable":true,"href":"https:\/\/roveyayinevi.com.tr\/index.php\/wp-json\/wp\/v2\/product_brand?post=762296"},{"taxonomy":"product_cat","embeddable":true,"href":"https:\/\/roveyayinevi.com.tr\/index.php\/wp-json\/wp\/v2\/product_cat?post=762296"},{"taxonomy":"product_tag","embeddable":true,"href":"https:\/\/roveyayinevi.com.tr\/index.php\/wp-json\/wp\/v2\/product_tag?post=762296"}],"curies":[{"name":"wp","href":"https:\/\/api.w.org\/{rel}","templated":true}]}}