{"id":762287,"date":"2025-08-28T10:04:09","date_gmt":"2025-08-28T07:04:09","guid":{"rendered":"https:\/\/roveyayinevi.com.tr\/index.php\/urun\/neden-kendimi-degersiz-hissediyorum\/"},"modified":"2026-04-13T03:22:55","modified_gmt":"2026-04-13T00:22:55","slug":"neden-kendimi-degersiz-hissediyorum","status":"publish","type":"product","link":"https:\/\/roveyayinevi.com.tr\/index.php\/urun\/neden-kendimi-degersiz-hissediyorum\/","title":{"rendered":"Neden Kendimi De\u011fersiz Hissediyorum?"},"content":{"rendered":"<p>\u201cDe\u011fersizlik\u201d nedir? Bir t\u00fcr duygu mu? Yoksa kendini ya da ba\u015fkalar\u0131n\u0131n ki\u015fiyi de\u011ferlendirme bi\u00e7imi mi?   Her insan\u0131n ki\u015fisel y\u00fck\u00fcn\u00fc payla\u015fmas\u0131n\u0131n yolu, \u00e7ocuklu\u011funa do\u011fru zihinsel bir yolculu\u011fa \u00e7\u0131kmas\u0131ndan ge\u00e7er. \u00c7\u00fcnk\u00fc gelecek i\u00e7in at\u0131lan her ad\u0131m, ki\u015finin ge\u00e7mi\u015ften itibaren kendisiyle kurdu\u011fu ili\u015fkiden g\u00fc\u00e7 al\u0131r. Oysa bu g\u00fc\u00e7, \u00e7o\u011fu zaman \u201cde\u011fersizlik\u201d hissiyle g\u00f6lgelenir. Bu hislerle ki\u015fi, kendisine hi\u00e7 hak etmedi\u011fi \u015feyler s\u00f6yleyebilir ve kendisini fazlas\u0131yla y\u0131pratabilir. \u0130yile\u015fme s\u00fcreci ise, \u00e7\u0131k\u0131lan i\u00e7sel yolculukta de\u011fersizlik d\u00fc\u015f\u00fcncesinin temellendi\u011fi noktalar\u0131 tespit edip o noktalara yap\u0131c\u0131 m\u00fcdahalelerde bulunuldu\u011funda ba\u015flar.   Uzman Psikolog Zehra Erol, de\u011fersizlik duygusunun \u00e7ocukluktan itibaren nas\u0131l \u015fekillendi\u011fini ve bu duygunun yeti\u015fkinlik ya\u015fant\u0131lar\u0131m\u0131za nas\u0131l yans\u0131d\u0131\u011f\u0131n\u0131 anlat\u0131yor. Neden Kendimi De\u011fersiz Hissediyorum?, kendinize yard\u0131mc\u0131 olmaya y\u00f6nelik bir rehber. <\/p>\n","protected":false},"excerpt":{"rendered":"<p>\u201cDe\u011fersizlik\u201d nedir? Bir t\u00fcr duygu mu? Yoksa kendini ya da ba\u015fkalar\u0131n\u0131n ki\u015fiyi de\u011ferlendirme bi\u00e7imi mi? Her insan\u0131n ki\u015fisel y\u00fck\u00fcn\u00fc payla\u015fmas\u0131n\u0131n yolu, \u00e7ocuklu\u011funa do\u011fru zihinsel bir yolculu\u011fa<span class=\"excerpt-hellip\"> [\u2026]<\/span><\/p>\n","protected":false},"featured_media":0,"template":"","meta":{"_monsterinsights_skip_tracking":false,"_monsterinsights_sitenote_active":false,"_monsterinsights_sitenote_note":"","_monsterinsights_sitenote_category":0},"product_brand":[],"product_cat":[12364,12376],"product_tag":[],"class_list":{"0":"post-762287","1":"product","2":"type-product","3":"status-publish","5":"product_cat-genel-konular","6":"product_cat-kisisel-gelisim","7":"pa_cilt-ciltsiz","8":"pa_tur-kitap","9":"pa_yayinevi-nova-kitap","10":"pa_yazar-zehra-erol","12":"first","13":"instock","14":"sale","15":"shipping-taxable","16":"purchasable","17":"product-type-simple"},"_links":{"self":[{"href":"https:\/\/roveyayinevi.com.tr\/index.php\/wp-json\/wp\/v2\/product\/762287","targetHints":{"allow":["GET"]}}],"collection":[{"href":"https:\/\/roveyayinevi.com.tr\/index.php\/wp-json\/wp\/v2\/product"}],"about":[{"href":"https:\/\/roveyayinevi.com.tr\/index.php\/wp-json\/wp\/v2\/types\/product"}],"wp:attachment":[{"href":"https:\/\/roveyayinevi.com.tr\/index.php\/wp-json\/wp\/v2\/media?parent=762287"}],"wp:term":[{"taxonomy":"product_brand","embeddable":true,"href":"https:\/\/roveyayinevi.com.tr\/index.php\/wp-json\/wp\/v2\/product_brand?post=762287"},{"taxonomy":"product_cat","embeddable":true,"href":"https:\/\/roveyayinevi.com.tr\/index.php\/wp-json\/wp\/v2\/product_cat?post=762287"},{"taxonomy":"product_tag","embeddable":true,"href":"https:\/\/roveyayinevi.com.tr\/index.php\/wp-json\/wp\/v2\/product_tag?post=762287"}],"curies":[{"name":"wp","href":"https:\/\/api.w.org\/{rel}","templated":true}]}}