{"id":762281,"date":"2025-08-28T10:03:56","date_gmt":"2025-08-28T07:03:56","guid":{"rendered":"https:\/\/roveyayinevi.com.tr\/index.php\/urun\/efsaneler-cagi\/"},"modified":"2026-04-15T03:27:15","modified_gmt":"2026-04-15T00:27:15","slug":"efsaneler-cagi","status":"publish","type":"product","link":"https:\/\/roveyayinevi.com.tr\/index.php\/urun\/efsaneler-cagi\/","title":{"rendered":"Efsaneler \u00c7a\u011f\u0131"},"content":{"rendered":"<p>MICHAEL J. SULLIVAN\u2019IN DESTANLAR \u00c7A\u011eI\u2019YLA BA\u015eLAYAN EP\u0130K SER\u0130S\u0130 EFSANELER \u00c7A\u011eI\u2019YLA DEVAM ED\u0130YOR. \u0130nsanl\u0131k y\u0131llar s\u00fcren sava\u015f\u0131n ard\u0131ndan avantaj sa\u011flam\u0131\u015f ve Fhreyleri anavatanlar\u0131n\u0131n s\u0131n\u0131r\u0131na kadar geri p\u00fcsk\u00fcrtm\u00fc\u015ft\u00fc ama daha \u00f6tesine de\u011fil. \u015eimdi en \u00f6nemli an gelip \u00e7atm\u0131\u015ft\u0131. Persephone\u2019nin a\u00e7maz\u0131 kullanarak bar\u0131\u015f\u0131 sa\u011flama plan\u0131, zaferi Fhreylere teslim etme ihtimalini do\u011furacak ve sevdi\u011fi bir dostunu tehlikeye d\u00fc\u015f\u00fcrecek beklenmedik bir ihanet taraf\u0131ndan yerle bir edilecekti. \u0130nsanl\u0131\u011f\u0131n tek umudu ise bir cad\u0131n\u0131n, unutulmu\u015f bir \u015fark\u0131n\u0131n ve basit bir bah\u00e7e kap\u0131s\u0131n\u0131n efsanesinde yatmaktayd\u0131. <\/p>\n","protected":false},"excerpt":{"rendered":"<p>MICHAEL J. SULLIVAN\u2019IN DESTANLAR \u00c7A\u011eI\u2019YLA BA\u015eLAYAN EP\u0130K SER\u0130S\u0130 EFSANELER \u00c7A\u011eI\u2019YLA DEVAM ED\u0130YOR. \u0130nsanl\u0131k y\u0131llar s\u00fcren sava\u015f\u0131n ard\u0131ndan avantaj sa\u011flam\u0131\u015f ve Fhreyleri anavatanlar\u0131n\u0131n s\u0131n\u0131r\u0131na kadar geri p\u00fcsk\u00fcrtm\u00fc\u015ft\u00fc<span class=\"excerpt-hellip\"> [\u2026]<\/span><\/p>\n","protected":false},"featured_media":0,"template":"","meta":{"_monsterinsights_skip_tracking":false,"_monsterinsights_sitenote_active":false,"_monsterinsights_sitenote_note":"","_monsterinsights_sitenote_category":0},"product_brand":[],"product_cat":[12291,14777],"product_tag":[],"class_list":{"0":"post-762281","1":"product","2":"type-product","3":"status-publish","5":"product_cat-edebiyat","6":"product_cat-fantastik","7":"pa_cilt-ciltsiz","8":"pa_tur-kitap","9":"pa_yayinevi-ithaki-yayinlari","10":"pa_yazar-michael-j-sullivan","12":"first","13":"instock","14":"sale","15":"shipping-taxable","16":"purchasable","17":"product-type-simple"},"_links":{"self":[{"href":"https:\/\/roveyayinevi.com.tr\/index.php\/wp-json\/wp\/v2\/product\/762281","targetHints":{"allow":["GET"]}}],"collection":[{"href":"https:\/\/roveyayinevi.com.tr\/index.php\/wp-json\/wp\/v2\/product"}],"about":[{"href":"https:\/\/roveyayinevi.com.tr\/index.php\/wp-json\/wp\/v2\/types\/product"}],"wp:attachment":[{"href":"https:\/\/roveyayinevi.com.tr\/index.php\/wp-json\/wp\/v2\/media?parent=762281"}],"wp:term":[{"taxonomy":"product_brand","embeddable":true,"href":"https:\/\/roveyayinevi.com.tr\/index.php\/wp-json\/wp\/v2\/product_brand?post=762281"},{"taxonomy":"product_cat","embeddable":true,"href":"https:\/\/roveyayinevi.com.tr\/index.php\/wp-json\/wp\/v2\/product_cat?post=762281"},{"taxonomy":"product_tag","embeddable":true,"href":"https:\/\/roveyayinevi.com.tr\/index.php\/wp-json\/wp\/v2\/product_tag?post=762281"}],"curies":[{"name":"wp","href":"https:\/\/api.w.org\/{rel}","templated":true}]}}