{"id":762266,"date":"2025-08-28T10:03:30","date_gmt":"2025-08-28T07:03:30","guid":{"rendered":"https:\/\/roveyayinevi.com.tr\/index.php\/urun\/universite-ogrencilerinin-rekreasyonel-fayda-algisi-ve-mutluluk-duzeyleri\/"},"modified":"2026-04-15T03:27:15","modified_gmt":"2026-04-15T00:27:15","slug":"universite-ogrencilerinin-rekreasyonel-fayda-algisi-ve-mutluluk-duzeyleri","status":"publish","type":"product","link":"https:\/\/roveyayinevi.com.tr\/index.php\/urun\/universite-ogrencilerinin-rekreasyonel-fayda-algisi-ve-mutluluk-duzeyleri\/","title":{"rendered":"\u00dcniversite \u00d6\u011frencilerinin Rekreasyonel Fayda Alg\u0131s\u0131 Ve Mutluluk D\u00fczeyleri"},"content":{"rendered":"<p>\u0130\u00e7indekiler :         1.G\u0130R\u0130\u015e         2.GERE\u00c7 VE Y\u00d6NTEM         3.BULGULAR         4.TARTI\u015eMA VE SONU\u00c7         5.KAYNAK\u00c7A <\/p>\n","protected":false},"excerpt":{"rendered":"<p>\u0130\u00e7indekiler : 1.G\u0130R\u0130\u015e 2.GERE\u00c7 VE Y\u00d6NTEM 3.BULGULAR 4.TARTI\u015eMA VE SONU\u00c7 5.KAYNAK\u00c7A<\/p>\n","protected":false},"featured_media":0,"template":"","meta":{"_monsterinsights_skip_tracking":false,"_monsterinsights_sitenote_active":false,"_monsterinsights_sitenote_note":"","_monsterinsights_sitenote_category":0},"product_brand":[],"product_cat":[15563,15564],"product_tag":[],"class_list":{"0":"post-762266","1":"product","2":"type-product","3":"status-publish","5":"product_cat-hobi","6":"product_cat-spor","7":"pa_cilt-ciltsiz","8":"pa_tur-kitap","9":"pa_yayinevi-gazi-kitabevi","10":"pa_yazar-ahmet-furkan-cetinkaya-abdurrahman-kirtepe","12":"first","13":"instock","14":"sale","15":"shipping-taxable","16":"purchasable","17":"product-type-simple"},"_links":{"self":[{"href":"https:\/\/roveyayinevi.com.tr\/index.php\/wp-json\/wp\/v2\/product\/762266","targetHints":{"allow":["GET"]}}],"collection":[{"href":"https:\/\/roveyayinevi.com.tr\/index.php\/wp-json\/wp\/v2\/product"}],"about":[{"href":"https:\/\/roveyayinevi.com.tr\/index.php\/wp-json\/wp\/v2\/types\/product"}],"wp:attachment":[{"href":"https:\/\/roveyayinevi.com.tr\/index.php\/wp-json\/wp\/v2\/media?parent=762266"}],"wp:term":[{"taxonomy":"product_brand","embeddable":true,"href":"https:\/\/roveyayinevi.com.tr\/index.php\/wp-json\/wp\/v2\/product_brand?post=762266"},{"taxonomy":"product_cat","embeddable":true,"href":"https:\/\/roveyayinevi.com.tr\/index.php\/wp-json\/wp\/v2\/product_cat?post=762266"},{"taxonomy":"product_tag","embeddable":true,"href":"https:\/\/roveyayinevi.com.tr\/index.php\/wp-json\/wp\/v2\/product_tag?post=762266"}],"curies":[{"name":"wp","href":"https:\/\/api.w.org\/{rel}","templated":true}]}}