{"id":762264,"date":"2025-08-28T10:03:27","date_gmt":"2025-08-28T07:03:27","guid":{"rendered":"https:\/\/roveyayinevi.com.tr\/index.php\/urun\/caliskanlik-devrimi\/"},"modified":"2026-04-15T03:27:15","modified_gmt":"2026-04-15T00:27:15","slug":"caliskanlik-devrimi","status":"publish","type":"product","link":"https:\/\/roveyayinevi.com.tr\/index.php\/urun\/caliskanlik-devrimi\/","title":{"rendered":"\u00c7al\u0131\u015fkanl\u0131k Devrimi"},"content":{"rendered":"<p>17. y\u00fczy\u0131l\u0131n ba\u015flar\u0131ndan itibaren t\u00fcketicilerin yeni talepleri, kuzeybat\u0131 Avrupa ve Kuzey Amerika\u2019n\u0131n maddi k\u00fclt\u00fcrlerini k\u00f6k\u00fcnden de\u011fi\u015ftirecek yeni bir \u00e7al\u0131\u015fkan davran\u0131\u015fla birle\u015fti. Bu \u00e7al\u0131\u015fkanl\u0131k devrimi, Sanayi Devrimi ile ili\u015fkilendirilen ekonomik ivmenin i\u00e7inde \u015fekillendi\u011fi ba\u011flamd\u0131r. Hollandal\u0131 tarih\u00e7i De Vries\u2019in erken modern d\u00f6nem iktisat tarih yaz\u0131m\u0131nda d\u00f6n\u00fcm noktas\u0131 olan bu eseri, t\u00fcketim mallar\u0131n\u0131n yeni \u00f6nemine ili\u015fkin entelekt\u00fcel anlay\u0131\u015f\u0131 ve b\u00fct\u00fcn gelir d\u00fczeylerinden hane halklar\u0131n\u0131n t\u00fcketici davran\u0131\u015flar\u0131n\u0131 ara\u015ft\u0131r\u0131yor. T\u00fcketici davran\u0131\u015f\u0131n\u0131 hane halk\u0131 ekonomisi ba\u011flam\u0131na yerle\u015ftirerek, t\u00fcketim taleplerinin farkl\u0131la\u015fmas\u0131 ve bunlar\u0131n \u00e7e\u015fitlenmesi ekonomik kalk\u0131nman\u0131n seyrini nas\u0131l \u015fekillendirmi\u015fti? Hane halklar\u0131n\u0131n \u00e7al\u0131\u015fmak ve t\u00fcketmek \u00fczerine yo\u011funla\u015fmalar\u0131 nas\u0131l bir iktisadi d\u00fczen yaratm\u0131\u015ft\u0131? Orijinal kaynaklar\u0131 ve iktisat tarihi modellerini birle\u015ftiren bu kitap, mevcut t\u00fcketici teorisinin g\u00fc\u00e7l\u00fc ve zay\u0131f y\u00f6nlerini ortaya koymakta ve ekonomik soyutlamalara tarihsel ger\u00e7ek\u00e7ilik katan revizyonlar \u00f6nermekte. <\/p>\n","protected":false},"excerpt":{"rendered":"<p>17. y\u00fczy\u0131l\u0131n ba\u015flar\u0131ndan itibaren t\u00fcketicilerin yeni talepleri, kuzeybat\u0131 Avrupa ve Kuzey Amerika\u2019n\u0131n maddi k\u00fclt\u00fcrlerini k\u00f6k\u00fcnden de\u011fi\u015ftirecek yeni bir \u00e7al\u0131\u015fkan davran\u0131\u015fla birle\u015fti. Bu \u00e7al\u0131\u015fkanl\u0131k devrimi, Sanayi Devrimi<span class=\"excerpt-hellip\"> [\u2026]<\/span><\/p>\n","protected":false},"featured_media":0,"template":"","meta":{"_monsterinsights_skip_tracking":false,"_monsterinsights_sitenote_active":false,"_monsterinsights_sitenote_note":"","_monsterinsights_sitenote_category":0},"product_brand":[],"product_cat":[12304],"product_tag":[],"class_list":{"0":"post-762264","1":"product","2":"type-product","3":"status-publish","5":"product_cat-tarih","6":"pa_cilt-ciltsiz","7":"pa_tur-kitap","8":"pa_yayinevi-vakifbank-kultur-yayinlari","9":"pa_yazar-jan-de-vries","11":"first","12":"instock","13":"sale","14":"shipping-taxable","15":"purchasable","16":"product-type-simple"},"_links":{"self":[{"href":"https:\/\/roveyayinevi.com.tr\/index.php\/wp-json\/wp\/v2\/product\/762264","targetHints":{"allow":["GET"]}}],"collection":[{"href":"https:\/\/roveyayinevi.com.tr\/index.php\/wp-json\/wp\/v2\/product"}],"about":[{"href":"https:\/\/roveyayinevi.com.tr\/index.php\/wp-json\/wp\/v2\/types\/product"}],"wp:attachment":[{"href":"https:\/\/roveyayinevi.com.tr\/index.php\/wp-json\/wp\/v2\/media?parent=762264"}],"wp:term":[{"taxonomy":"product_brand","embeddable":true,"href":"https:\/\/roveyayinevi.com.tr\/index.php\/wp-json\/wp\/v2\/product_brand?post=762264"},{"taxonomy":"product_cat","embeddable":true,"href":"https:\/\/roveyayinevi.com.tr\/index.php\/wp-json\/wp\/v2\/product_cat?post=762264"},{"taxonomy":"product_tag","embeddable":true,"href":"https:\/\/roveyayinevi.com.tr\/index.php\/wp-json\/wp\/v2\/product_tag?post=762264"}],"curies":[{"name":"wp","href":"https:\/\/api.w.org\/{rel}","templated":true}]}}