{"id":762239,"date":"2025-08-28T10:02:43","date_gmt":"2025-08-28T07:02:43","guid":{"rendered":"https:\/\/roveyayinevi.com.tr\/index.php\/urun\/gunese-tapan-vampir\/"},"modified":"2026-04-15T03:27:14","modified_gmt":"2026-04-15T00:27:14","slug":"gunese-tapan-vampir","status":"publish","type":"product","link":"https:\/\/roveyayinevi.com.tr\/index.php\/urun\/gunese-tapan-vampir\/","title":{"rendered":"G\u00fcne\u015fe Tapan Vampir"},"content":{"rendered":"<p>\u201cDi\u011ferlerinin ne s\u00f6yledi\u011fi umurumda bile de\u011fil!\u201d G\u00fcne\u015fe Tapan Vampir, herkesin dikkatini \u00e7eken Al\u00e7in ile kimsenin umursamad\u0131\u011f\u0131 Sima karakterlerinin ayn\u0131 bedende s\u0131k\u0131\u015f\u0131p kalm\u0131\u015fl\u0131\u011f\u0131n\u0131n, yani Al\u00e7in Sima Kad\u0131o\u011flu\u2019nun hik\u00e2yesidir. Anne babas\u0131n\u0131 y\u0131llar \u00f6nce kaybetti\u011fine inanan, ya\u015famak i\u00e7in m\u00fccadele etmek ve kariyerine sar\u0131lmaktan ba\u015fka \u00e7are bulamayan Al\u00e7in\u2019in hayat\u0131 psikiyatr olarak g\u00f6revlendirildi\u011fi ak\u0131l hastanesine gitmesiyle bamba\u015fka bir hal al\u0131r. \u00c7ok farkl\u0131 g\u00f6r\u00fcnen, \u00e7ok farkl\u0131 kurallar\u0131 ve d\u00fczeni bulunan bu yerde yeniden insanlar\u0131 tan\u0131maya, d\u00fcnyay\u0131 ke\u015ffetmeye, a\u015fk\u0131 anlamaya ve tatmaya ba\u015flar. Hastanede ak\u0131l hastas\u0131 olarak bulunan Kayra Mahir L\u00fctuf\u2019un hayat\u0131na d\u00e2hil olmas\u0131yla geli\u015fen olaylar\u0131 12 ya\u015f\u0131ndaki yazar\u0131m\u0131z\u0131 S\u0131rma Erdi \u00e7ok keyifli bir dil ve kendine \u00f6zg\u00fc \u00fcslubuyla bizlerin be\u011fenisine sunuyor. <\/p>\n","protected":false},"excerpt":{"rendered":"<p>\u201cDi\u011ferlerinin ne s\u00f6yledi\u011fi umurumda bile de\u011fil!\u201d G\u00fcne\u015fe Tapan Vampir, herkesin dikkatini \u00e7eken Al\u00e7in ile kimsenin umursamad\u0131\u011f\u0131 Sima karakterlerinin ayn\u0131 bedende s\u0131k\u0131\u015f\u0131p kalm\u0131\u015fl\u0131\u011f\u0131n\u0131n, yani Al\u00e7in Sima Kad\u0131o\u011flu\u2019nun<span class=\"excerpt-hellip\"> [\u2026]<\/span><\/p>\n","protected":false},"featured_media":0,"template":"","meta":{"_monsterinsights_skip_tracking":false,"_monsterinsights_sitenote_active":false,"_monsterinsights_sitenote_note":"","_monsterinsights_sitenote_category":0},"product_brand":[],"product_cat":[12291,12711],"product_tag":[],"class_list":{"0":"post-762239","1":"product","2":"type-product","3":"status-publish","5":"product_cat-edebiyat","6":"product_cat-roman-oyku","7":"pa_cilt-ciltsiz","8":"pa_tur-kitap","9":"pa_yayinevi-denizkizi-yayinlari","10":"pa_yazar-sirma-erdi","12":"first","13":"instock","14":"sale","15":"shipping-taxable","16":"purchasable","17":"product-type-simple"},"_links":{"self":[{"href":"https:\/\/roveyayinevi.com.tr\/index.php\/wp-json\/wp\/v2\/product\/762239","targetHints":{"allow":["GET"]}}],"collection":[{"href":"https:\/\/roveyayinevi.com.tr\/index.php\/wp-json\/wp\/v2\/product"}],"about":[{"href":"https:\/\/roveyayinevi.com.tr\/index.php\/wp-json\/wp\/v2\/types\/product"}],"wp:attachment":[{"href":"https:\/\/roveyayinevi.com.tr\/index.php\/wp-json\/wp\/v2\/media?parent=762239"}],"wp:term":[{"taxonomy":"product_brand","embeddable":true,"href":"https:\/\/roveyayinevi.com.tr\/index.php\/wp-json\/wp\/v2\/product_brand?post=762239"},{"taxonomy":"product_cat","embeddable":true,"href":"https:\/\/roveyayinevi.com.tr\/index.php\/wp-json\/wp\/v2\/product_cat?post=762239"},{"taxonomy":"product_tag","embeddable":true,"href":"https:\/\/roveyayinevi.com.tr\/index.php\/wp-json\/wp\/v2\/product_tag?post=762239"}],"curies":[{"name":"wp","href":"https:\/\/api.w.org\/{rel}","templated":true}]}}