{"id":762230,"date":"2025-08-28T10:02:26","date_gmt":"2025-08-28T07:02:26","guid":{"rendered":"https:\/\/roveyayinevi.com.tr\/index.php\/urun\/dora-bruder\/"},"modified":"2026-04-12T03:19:27","modified_gmt":"2026-04-12T00:19:27","slug":"dora-bruder","status":"publish","type":"product","link":"https:\/\/roveyayinevi.com.tr\/index.php\/urun\/dora-bruder\/","title":{"rendered":"Dora Bruder"},"content":{"rendered":"<p>Bu kitab\u0131 yazarken sa\u011fa sola haber sald\u0131m; bir deniz fenerinin \u0131\u015f\u0131klar\u0131 gibi ama ne yaz\u0131k ki geceyi ayd\u0131nlataca\u011f\u0131ndan ku\u015fkuluyum. Yine de umudumu koruyorum.   Zaman\u0131n tozlu sayfalar\u0131nda kaybolan bir isim, unutulmu\u015f bir hayat&#8230; Nobel \u00d6d\u00fcll\u00fc yazar Patrick Modiano\u2019nun kaleminden \u00e7\u0131kan Dora Bruder, ge\u00e7mi\u015fin sisli sokaklar\u0131nda bir k\u0131z\u0131n izini s\u00fcr\u00fcyor. Paris\u2019in Nazi i\u015fgali alt\u0131ndaki karanl\u0131k g\u00fcnlerinde, bir baban\u0131n gazeteye verdi\u011fi kay\u0131p ilan\u0131yla ba\u015flayan hik\u00e2ye, yazar\u0131n titiz ara\u015ft\u0131rmalar\u0131 ve derin duygusal ba\u011flar\u0131yla \u015fekilleniyor. Dora Bruder\u2019in ge\u00e7mi\u015finden par\u00e7alar aramaya ba\u015flayan Patrick Modiano, bizi Paris sokaklar\u0131nda bir gezintiye \u00e7\u0131kar\u0131yor.   Modiano, Dora Bruder\u2019in hayat\u0131n\u0131n izini s\u00fcrerken, kendi ge\u00e7mi\u015fiyle de y\u00fczle\u015fiyor. Bu yolculuk, sadece Dora\u2019n\u0131n de\u011fil, ayn\u0131 zamanda t\u00fcm unutulmu\u015f, g\u00f6z ard\u0131 edilmi\u015f hayatlar\u0131n hik\u00e2yesi\u2026 Bu aray\u0131\u015f, soyk\u0131r\u0131m\u0131n bilinmeyen bir\u00e7ok kurban\u0131n\u0131n hik\u00e2yesini de g\u00f6zler \u00f6n\u00fcne seriyor. Hem bir an\u0131 hem de bir anma metni niteli\u011fi ta\u015f\u0131yan Dora Bruder, Patrick Modiano\u2019nun ge\u00e7mi\u015f, haf\u0131za, kimlik konular\u0131ndaki tavr\u0131n\u0131 sergileyen en temel eserlerden biri. <\/p>\n","protected":false},"excerpt":{"rendered":"<p>Bu kitab\u0131 yazarken sa\u011fa sola haber sald\u0131m; bir deniz fenerinin \u0131\u015f\u0131klar\u0131 gibi ama ne yaz\u0131k ki geceyi ayd\u0131nlataca\u011f\u0131ndan ku\u015fkuluyum. Yine de umudumu koruyorum. Zaman\u0131n tozlu sayfalar\u0131nda<span class=\"excerpt-hellip\"> [\u2026]<\/span><\/p>\n","protected":false},"featured_media":0,"template":"","meta":{"_monsterinsights_skip_tracking":false,"_monsterinsights_sitenote_active":false,"_monsterinsights_sitenote_note":"","_monsterinsights_sitenote_category":0},"product_brand":[],"product_cat":[12291,12711],"product_tag":[],"class_list":{"0":"post-762230","1":"product","2":"type-product","3":"status-publish","5":"product_cat-edebiyat","6":"product_cat-roman-oyku","7":"pa_cilt-ciltsiz","8":"pa_tur-kitap","9":"pa_yayinevi-can-yayinlari","10":"pa_yazar-patrick-modiano","12":"first","13":"instock","14":"sale","15":"shipping-taxable","16":"purchasable","17":"product-type-simple"},"_links":{"self":[{"href":"https:\/\/roveyayinevi.com.tr\/index.php\/wp-json\/wp\/v2\/product\/762230","targetHints":{"allow":["GET"]}}],"collection":[{"href":"https:\/\/roveyayinevi.com.tr\/index.php\/wp-json\/wp\/v2\/product"}],"about":[{"href":"https:\/\/roveyayinevi.com.tr\/index.php\/wp-json\/wp\/v2\/types\/product"}],"wp:attachment":[{"href":"https:\/\/roveyayinevi.com.tr\/index.php\/wp-json\/wp\/v2\/media?parent=762230"}],"wp:term":[{"taxonomy":"product_brand","embeddable":true,"href":"https:\/\/roveyayinevi.com.tr\/index.php\/wp-json\/wp\/v2\/product_brand?post=762230"},{"taxonomy":"product_cat","embeddable":true,"href":"https:\/\/roveyayinevi.com.tr\/index.php\/wp-json\/wp\/v2\/product_cat?post=762230"},{"taxonomy":"product_tag","embeddable":true,"href":"https:\/\/roveyayinevi.com.tr\/index.php\/wp-json\/wp\/v2\/product_tag?post=762230"}],"curies":[{"name":"wp","href":"https:\/\/api.w.org\/{rel}","templated":true}]}}