{"id":762224,"date":"2025-08-28T10:01:41","date_gmt":"2025-08-28T07:01:41","guid":{"rendered":"https:\/\/roveyayinevi.com.tr\/index.php\/urun\/humanistler\/"},"modified":"2026-04-15T03:27:14","modified_gmt":"2026-04-15T00:27:14","slug":"humanistler","status":"publish","type":"product","link":"https:\/\/roveyayinevi.com.tr\/index.php\/urun\/humanistler\/","title":{"rendered":"H\u00fcmanistler"},"content":{"rendered":"<p>Nas\u0131l bir insans\u0131n? \u0130nan\u00e7l\u0131 ya da inan\u00e7s\u0131z ama her ko\u015fulda pusulas\u0131 ak\u0131l ve ahlak olan biri mi? Bireyi her t\u00fcrl\u00fc b\u00fcy\u00fck ideal ya da dogman\u0131n \u00fcst\u00fcnde g\u00f6ren biri mi? Ya da d\u00fcnyay\u0131 sanats\u0131z hayal edemeyen biri?E\u011fer bunlardan herhangi birine yak\u0131nsan, ister fark\u0131nda ol ister olma, sen de k\u00f6kl\u00fc bir h\u00fcmanist d\u00fc\u015f\u00fcnce gelene\u011finin par\u00e7as\u0131s\u0131n. Tarih boyunca ak\u0131lc\u0131 sorgulamay\u0131, k\u00fclt\u00fcrel zenginli\u011fi, \u00f6zg\u00fcr d\u00fc\u015f\u00fcnmeyi ve umudu hayatlar\u0131n\u0131n merkezine koymu\u015f nice ola\u011fan\u00fcst\u00fc insanla benzer fikirleri payla\u015f\u0131yorsun.Sarah Bakewell, H\u00fcmanistler\u2019de bizi 700 y\u0131ll\u0131k nefes kesen bir yolculu\u011fa \u00e7\u0131kar\u0131yor ve d\u00fcnyam\u0131z\u0131 \u015fekillendiren h\u00fcmanistlerin g\u00f6z\u00fc pek ya\u015famlar\u0131 ve fikirleriyle tan\u0131\u015ft\u0131r\u0131yor. R\u00f6nesans \u00e2limlerinden insan haklar\u0131 savunucular\u0131na, Erasmus\u2019tan Zora Neale Hurston\u2019a, h\u00fcmanizmin en karanl\u0131k zamanlarda bile umut a\u015f\u0131lama konusundaki g\u00fcc\u00fcn\u00fc g\u00f6zler \u00f6n\u00fcne seriyor. Karma\u015fa ve d\u00fczeni bir arada bar\u0131nd\u0131rmay\u0131 ba\u015faran h\u00fcmanizmin fanatiklerden, mistik ve tiranlardan gelen t\u00fcm kar\u015f\u0131 \u00e7\u0131k\u0131\u015flara ra\u011fmen nas\u0131l bu kadar g\u00fc\u00e7l\u00fc ve dayan\u0131kl\u0131 kalabildi\u011fini sorguluyor.H\u00fcmanistler kurumlar ya da fikirler etraf\u0131nda kutupla\u015fman\u0131n ayyuka \u00e7\u0131kt\u0131\u011f\u0131 g\u00fcn\u00fcm\u00fczde, insan\u0131 yeniden merkeze alan ve birbirimize \u00f6zen g\u00f6stermemizin k\u0131ymetini hat\u0131rlatan benzersiz bir inceleme.\u201c\u0130nsanl\u0131\u011f\u0131n insan olma halini anlama m\u00fccadelesinin b\u00fcy\u00fcleyici ve umut y\u00fckl\u00fc anlat\u0131m\u0131.\u201d \u2013Oliver Burkeman, D\u00f6rt Bin Hafta&#8217;n\u0131n yazar\u0131 <\/p>\n","protected":false},"excerpt":{"rendered":"<p>Nas\u0131l bir insans\u0131n? \u0130nan\u00e7l\u0131 ya da inan\u00e7s\u0131z ama her ko\u015fulda pusulas\u0131 ak\u0131l ve ahlak olan biri mi? Bireyi her t\u00fcrl\u00fc b\u00fcy\u00fck ideal ya da dogman\u0131n \u00fcst\u00fcnde<span class=\"excerpt-hellip\"> [\u2026]<\/span><\/p>\n","protected":false},"featured_media":0,"template":"","meta":{"_monsterinsights_skip_tracking":false,"_monsterinsights_sitenote_active":false,"_monsterinsights_sitenote_note":"","_monsterinsights_sitenote_category":0},"product_brand":[],"product_cat":[12370,12304],"product_tag":[],"class_list":{"0":"post-762224","1":"product","2":"type-product","3":"status-publish","5":"product_cat-arastirma-inceleme","6":"product_cat-tarih","7":"pa_cilt-ciltsiz","8":"pa_tur-kitap","9":"pa_yayinevi-domingo-yayinevi","10":"pa_yazar-sarah-bakewell","12":"first","13":"instock","14":"sale","15":"shipping-taxable","16":"purchasable","17":"product-type-simple"},"_links":{"self":[{"href":"https:\/\/roveyayinevi.com.tr\/index.php\/wp-json\/wp\/v2\/product\/762224","targetHints":{"allow":["GET"]}}],"collection":[{"href":"https:\/\/roveyayinevi.com.tr\/index.php\/wp-json\/wp\/v2\/product"}],"about":[{"href":"https:\/\/roveyayinevi.com.tr\/index.php\/wp-json\/wp\/v2\/types\/product"}],"wp:attachment":[{"href":"https:\/\/roveyayinevi.com.tr\/index.php\/wp-json\/wp\/v2\/media?parent=762224"}],"wp:term":[{"taxonomy":"product_brand","embeddable":true,"href":"https:\/\/roveyayinevi.com.tr\/index.php\/wp-json\/wp\/v2\/product_brand?post=762224"},{"taxonomy":"product_cat","embeddable":true,"href":"https:\/\/roveyayinevi.com.tr\/index.php\/wp-json\/wp\/v2\/product_cat?post=762224"},{"taxonomy":"product_tag","embeddable":true,"href":"https:\/\/roveyayinevi.com.tr\/index.php\/wp-json\/wp\/v2\/product_tag?post=762224"}],"curies":[{"name":"wp","href":"https:\/\/api.w.org\/{rel}","templated":true}]}}