{"id":762214,"date":"2025-08-28T10:01:24","date_gmt":"2025-08-28T07:01:24","guid":{"rendered":"https:\/\/roveyayinevi.com.tr\/index.php\/urun\/deliligin-kisa-tarihi\/"},"modified":"2026-04-15T03:27:13","modified_gmt":"2026-04-15T00:27:13","slug":"deliligin-kisa-tarihi","status":"publish","type":"product","link":"https:\/\/roveyayinevi.com.tr\/index.php\/urun\/deliligin-kisa-tarihi\/","title":{"rendered":"Delili\u011fin K\u0131sa Tarihi"},"content":{"rendered":"<p>D\u00fcnyan\u0131n \u00f6nde gelen psikiyatri tarih\u00e7ilerinden Andrew Scull, antik \u00e7a\u011flardan g\u00fcn\u00fcm\u00fcze, d\u00fcnyan\u0131n farkl\u0131 k\u00fclt\u00fcrlerinde delili\u011fin panoramik bir portresini \u00e7iziyor. \u0130ki bin y\u0131l\u0131 a\u015fk\u0131n bir s\u00fcre boyunca ak\u0131l hastal\u0131\u011f\u0131na verilen sosyal, k\u00fclt\u00fcrel, t\u0131bbi ve sanatsal tepkileri k\u0131\u015fk\u0131rt\u0131c\u0131 ve e\u011flenceli bir \u015fekilde inceliyor. G\u00fcn\u00fcm\u00fczde ak\u0131l hastal\u0131\u011f\u0131na yayg\u0131n olarak t\u0131bbi bir mercekten bak\u0131lsa da, toplumlar delili\u011fi psikolojik veya sosyal a\u00e7\u0131klamalar in\u015fa ederek anlamland\u0131rmaya \u00e7al\u0131\u015ft\u0131lar. Scull, Delili\u011fin K\u0131sa Tarihi kitab\u0131nda bu rahats\u0131zl\u0131\u011f\u0131n ve onu tedavi etme giri\u015fimlerimizin uzun ve karma\u015f\u0131k tarihinin izini s\u00fcrerken, delili\u011fin y\u00f6netimi ve bast\u0131r\u0131lmas\u0131na adanm\u0131\u015f bir end\u00fcstrinin nas\u0131l bu denli b\u00fcy\u00fcd\u00fc\u011f\u00fcn\u00fc de ortaya koyuyor. Scull, delili\u011fin sa\u011fduyulu varsay\u0131mlar\u0131m\u0131z\u0131 nas\u0131l derinden sarst\u0131\u011f\u0131n\u0131; toplumsal d\u00fczeni hem sembolik hem de pratik olarak nas\u0131l tehdit etti\u011fini; g\u00fcnl\u00fck ya\u015fam\u0131n dokusunda yaratt\u0131\u011f\u0131 aksakl\u0131klar\u0131; deneyimlerimizi ve beklentilerimizi nas\u0131l alt \u00fcst etti\u011fini ustaca aktar\u0131yor. <\/p>\n","protected":false},"excerpt":{"rendered":"<p>D\u00fcnyan\u0131n \u00f6nde gelen psikiyatri tarih\u00e7ilerinden Andrew Scull, antik \u00e7a\u011flardan g\u00fcn\u00fcm\u00fcze, d\u00fcnyan\u0131n farkl\u0131 k\u00fclt\u00fcrlerinde delili\u011fin panoramik bir portresini \u00e7iziyor. \u0130ki bin y\u0131l\u0131 a\u015fk\u0131n bir s\u00fcre boyunca ak\u0131l<span class=\"excerpt-hellip\"> [\u2026]<\/span><\/p>\n","protected":false},"featured_media":0,"template":"","meta":{"_monsterinsights_skip_tracking":false,"_monsterinsights_sitenote_active":false,"_monsterinsights_sitenote_note":"","_monsterinsights_sitenote_category":0},"product_brand":[],"product_cat":[12358,12357],"product_tag":[],"class_list":{"0":"post-762214","1":"product","2":"type-product","3":"status-publish","5":"product_cat-genel-psikoloji","6":"product_cat-psikoloji","7":"pa_cilt-ciltsiz","8":"pa_tur-kitap","9":"pa_yayinevi-say-yayinlari","10":"pa_yazar-andrew-scull","12":"first","13":"instock","14":"sale","15":"shipping-taxable","16":"purchasable","17":"product-type-simple"},"_links":{"self":[{"href":"https:\/\/roveyayinevi.com.tr\/index.php\/wp-json\/wp\/v2\/product\/762214","targetHints":{"allow":["GET"]}}],"collection":[{"href":"https:\/\/roveyayinevi.com.tr\/index.php\/wp-json\/wp\/v2\/product"}],"about":[{"href":"https:\/\/roveyayinevi.com.tr\/index.php\/wp-json\/wp\/v2\/types\/product"}],"wp:attachment":[{"href":"https:\/\/roveyayinevi.com.tr\/index.php\/wp-json\/wp\/v2\/media?parent=762214"}],"wp:term":[{"taxonomy":"product_brand","embeddable":true,"href":"https:\/\/roveyayinevi.com.tr\/index.php\/wp-json\/wp\/v2\/product_brand?post=762214"},{"taxonomy":"product_cat","embeddable":true,"href":"https:\/\/roveyayinevi.com.tr\/index.php\/wp-json\/wp\/v2\/product_cat?post=762214"},{"taxonomy":"product_tag","embeddable":true,"href":"https:\/\/roveyayinevi.com.tr\/index.php\/wp-json\/wp\/v2\/product_tag?post=762214"}],"curies":[{"name":"wp","href":"https:\/\/api.w.org\/{rel}","templated":true}]}}