{"id":762212,"date":"2025-08-28T10:01:21","date_gmt":"2025-08-28T07:01:21","guid":{"rendered":"https:\/\/roveyayinevi.com.tr\/index.php\/urun\/kukinin-yeni-okulu\/"},"modified":"2025-12-30T11:26:36","modified_gmt":"2025-12-30T08:26:36","slug":"kukinin-yeni-okulu","status":"publish","type":"product","link":"https:\/\/roveyayinevi.com.tr\/index.php\/urun\/kukinin-yeni-okulu\/","title":{"rendered":"Kuki\u2019nin Yeni Okulu"},"content":{"rendered":"<p>Kuki\u2019nin o sabah yeni okulundaki ilk g\u00fcn\u00fcyd\u00fc ve i\u00e7i k\u0131p\u0131r k\u0131p\u0131rd\u0131. Annesi heyecanlanmas\u0131n\u0131n normal oldu\u011funu ve her \u015feyin yolunda gidece\u011fini s\u00f6ylemi\u015fti. Kuki, annesinin hakl\u0131 \u00e7\u0131kmas\u0131n\u0131 umarak yeni okuluna gitti. Ama s\u0131n\u0131fa girince hayal etti\u011finden bamba\u015fka bir manzarayla kar\u015f\u0131la\u015ft\u0131!   Kuki\u2019nin Yeni Okulu, yeni ba\u015flang\u0131\u00e7lar ve beraberinde hissedilen farkl\u0131 duygular \u00fczerine e\u011flenceli bir hik\u00e2ye&#8230; <\/p>\n","protected":false},"excerpt":{"rendered":"<p>Kuki\u2019nin o sabah yeni okulundaki ilk g\u00fcn\u00fcyd\u00fc ve i\u00e7i k\u0131p\u0131r k\u0131p\u0131rd\u0131. Annesi heyecanlanmas\u0131n\u0131n normal oldu\u011funu ve her \u015feyin yolunda gidece\u011fini s\u00f6ylemi\u015fti. Kuki, annesinin hakl\u0131 \u00e7\u0131kmas\u0131n\u0131 umarak<span class=\"excerpt-hellip\"> [\u2026]<\/span><\/p>\n","protected":false},"featured_media":0,"template":"","meta":{"_monsterinsights_skip_tracking":false,"_monsterinsights_sitenote_active":false,"_monsterinsights_sitenote_note":"","_monsterinsights_sitenote_category":0},"product_brand":[],"product_cat":[12274,12518],"product_tag":[],"class_list":{"0":"post-762212","1":"product","2":"type-product","3":"status-publish","5":"product_cat-cocuk-ve-genclik-kitaplari","6":"product_cat-okul-oncesi-kitaplar","7":"pa_cilt-ciltsiz","8":"pa_tur-kitap","9":"pa_yayinevi-yapi-kredi-yayinlari","10":"pa_yazar-naz-elkorek","12":"first","13":"instock","14":"sale","15":"shipping-taxable","16":"purchasable","17":"product-type-simple"},"_links":{"self":[{"href":"https:\/\/roveyayinevi.com.tr\/index.php\/wp-json\/wp\/v2\/product\/762212","targetHints":{"allow":["GET"]}}],"collection":[{"href":"https:\/\/roveyayinevi.com.tr\/index.php\/wp-json\/wp\/v2\/product"}],"about":[{"href":"https:\/\/roveyayinevi.com.tr\/index.php\/wp-json\/wp\/v2\/types\/product"}],"wp:attachment":[{"href":"https:\/\/roveyayinevi.com.tr\/index.php\/wp-json\/wp\/v2\/media?parent=762212"}],"wp:term":[{"taxonomy":"product_brand","embeddable":true,"href":"https:\/\/roveyayinevi.com.tr\/index.php\/wp-json\/wp\/v2\/product_brand?post=762212"},{"taxonomy":"product_cat","embeddable":true,"href":"https:\/\/roveyayinevi.com.tr\/index.php\/wp-json\/wp\/v2\/product_cat?post=762212"},{"taxonomy":"product_tag","embeddable":true,"href":"https:\/\/roveyayinevi.com.tr\/index.php\/wp-json\/wp\/v2\/product_tag?post=762212"}],"curies":[{"name":"wp","href":"https:\/\/api.w.org\/{rel}","templated":true}]}}