{"id":762211,"date":"2025-08-28T10:01:19","date_gmt":"2025-08-28T07:01:19","guid":{"rendered":"https:\/\/roveyayinevi.com.tr\/index.php\/urun\/sanat-dunyamiz-201\/"},"modified":"2026-04-15T03:27:13","modified_gmt":"2026-04-15T00:27:13","slug":"sanat-dunyamiz-201","status":"publish","type":"product","link":"https:\/\/roveyayinevi.com.tr\/index.php\/urun\/sanat-dunyamiz-201\/","title":{"rendered":"Sanat D\u00fcnyam\u0131z 201"},"content":{"rendered":"<p>Sanat D\u00fcnyam\u0131z\u2019\u0131n 201. say\u0131s\u0131 \u00e7\u0131kt\u0131   Sanat D\u00fcnyam\u0131z dergisinin ellinci ya\u015f\u0131n\u0131 bir dizi etkinlikle kutlad\u0131\u011f\u0131 bu y\u0131lda derginin Temmuz A\u011fustos say\u0131s\u0131 yay\u0131mland\u0131. Dergi bu say\u0131da kapa\u011f\u0131nda sanat\u00e7\u0131 Erin\u00e7 Seymen\u2019in ki\u015fisel sergisiyle ayn\u0131 ismi ta\u015f\u0131yan eseri K\u012bpuka\u2019ya yer veriyor. Sergi \u00fczerine Furkan \u00d6ztekin\u2019in kapsaml\u0131 bir makalesi dergide yer al\u0131yor. \u0130stanbul Modern\u2019de devam eden Olafur Eliasson&#8217;un T\u00fcrkiye&#8217;deki ilk sergisi \u201cSenin beklenmedik kar\u015f\u0131la\u015fman\u201d \u00fczerine bir yaz\u0131 da Rana Kelleci\u2019nin kaleminden dergide. Bu iki yaz\u0131y\u0131 \u0130zmir\u2019de devam eden \u201cMahsul Vakalar\u0131\u201d sergisi \u00fczerine Dil\u015fad Alada\u011f\u2019la Melike Bay\u0131k\u2019\u0131n yapt\u0131\u011f\u0131 bir s\u00f6yle\u015fi izliyor. YUNT\u2019ta devam eden Mike Berg sergisi \u00fczerine Neslihan \u0130mamo\u011flu, derginin ge\u00e7en say\u0131s\u0131ndaki pop\u00fcler k\u00fclt\u00fcr dosyas\u0131 \u00fczerine Monica Papi\u2019nin yazd\u0131\u011f\u0131 birer deneme farkl\u0131 tart\u0131\u015fmalara dikkat \u00e7ekiyor.   Bu say\u0131da ayr\u0131ca Sadberk Han\u0131m M\u00fczesi\u2019nde devam eden B\u00fcy\u00fcm\u00fc\u015f de K\u00fc\u00e7\u00fclm\u00fc\u015f sergisi hakk\u0131nda bir s\u00f6yle\u015fi sergi hakk\u0131nda detayl\u0131 bilgi veriyor. Derginin +\u0130z b\u00f6l\u00fcm\u00fcnde ise Se\u00e7il Epik\u2019in yazd\u0131\u011f\u0131 \u201cDarmada\u011f\u0131n\u201d, Y\u0131ld\u0131z \u00d6zt\u00fcrk\u2019\u00fcn yazd\u0131\u011f\u0131 \u201cPar\u00e7a Par\u00e7a\u201d sergileri ve Ece Balc\u0131o\u011flu\u2019nun yazd\u0131\u011f\u0131 6. Mardin Bienali \u00fczerine ele\u015ftiri ve de\u011ferlendirme yaz\u0131lar\u0131 var. S\u00fcreyyya Evren \u201cAnlam \u00c7er\u00e7evesi\u201d k\u00f6\u015fesini alt\u0131nc\u0131 yaz\u0131s\u0131yla sonland\u0131r\u0131rken, derginin \u201cG\u00f6rsel Notlar\u201d b\u00f6l\u00fcm\u00fcnde bu kez Derya \u00dclker\u2019in defterlerinin aras\u0131ndan s\u0131zanlar yer buluyor. Ajanda k\u00f6\u015fesi ise \u00d6ktem&amp;Aykut\u2019ta ki\u015fisel sergisi s\u00fcren Camila Rocha\u2019ya emanet. <\/p>\n","protected":false},"excerpt":{"rendered":"<p>Sanat D\u00fcnyam\u0131z\u2019\u0131n 201. say\u0131s\u0131 \u00e7\u0131kt\u0131 Sanat D\u00fcnyam\u0131z dergisinin ellinci ya\u015f\u0131n\u0131 bir dizi etkinlikle kutlad\u0131\u011f\u0131 bu y\u0131lda derginin Temmuz A\u011fustos say\u0131s\u0131 yay\u0131mland\u0131. Dergi bu say\u0131da kapa\u011f\u0131nda sanat\u00e7\u0131<span class=\"excerpt-hellip\"> [\u2026]<\/span><\/p>\n","protected":false},"featured_media":0,"template":"","meta":{"_monsterinsights_skip_tracking":false,"_monsterinsights_sitenote_active":false,"_monsterinsights_sitenote_note":"","_monsterinsights_sitenote_category":0},"product_brand":[],"product_cat":[13527],"product_tag":[],"class_list":{"0":"post-762211","1":"product","2":"type-product","3":"status-publish","5":"product_cat-sureli-yayinlar","6":"pa_cilt-ciltsiz","7":"pa_tur-kitap","8":"pa_yayinevi-yapi-kredi-yayinlari-dergi","9":"pa_yazar-kolektif","11":"first","12":"instock","13":"sale","14":"shipping-taxable","15":"purchasable","16":"product-type-simple"},"_links":{"self":[{"href":"https:\/\/roveyayinevi.com.tr\/index.php\/wp-json\/wp\/v2\/product\/762211","targetHints":{"allow":["GET"]}}],"collection":[{"href":"https:\/\/roveyayinevi.com.tr\/index.php\/wp-json\/wp\/v2\/product"}],"about":[{"href":"https:\/\/roveyayinevi.com.tr\/index.php\/wp-json\/wp\/v2\/types\/product"}],"wp:attachment":[{"href":"https:\/\/roveyayinevi.com.tr\/index.php\/wp-json\/wp\/v2\/media?parent=762211"}],"wp:term":[{"taxonomy":"product_brand","embeddable":true,"href":"https:\/\/roveyayinevi.com.tr\/index.php\/wp-json\/wp\/v2\/product_brand?post=762211"},{"taxonomy":"product_cat","embeddable":true,"href":"https:\/\/roveyayinevi.com.tr\/index.php\/wp-json\/wp\/v2\/product_cat?post=762211"},{"taxonomy":"product_tag","embeddable":true,"href":"https:\/\/roveyayinevi.com.tr\/index.php\/wp-json\/wp\/v2\/product_tag?post=762211"}],"curies":[{"name":"wp","href":"https:\/\/api.w.org\/{rel}","templated":true}]}}

Sanat Dünyamız 201

<p>Sanat Dünyamız’ın 201. sayısı çıktı   Sanat Dünyamız dergisinin ellinci yaşını bir dizi etkinlikle kutladığı bu yılda derginin Temmuz Ağustos sayısı yayımlandı. Dergi bu sayıda kapağında sanatçı Erinç Seymen’in kişisel sergisiyle aynı ismi taşıyan eseri Kīpuka’ya yer veriyor. Sergi üzerine Furkan Öztekin’in kapsamlı bir makalesi dergide yer alıyor. İstanbul Modern’de devam eden Olafur Eliasson&#8217;un Türkiye&#8217;deki ilk sergisi “Senin beklenmedik karşılaşman” üzerine bir yazı da Rana Kelleci’nin kaleminden dergide. Bu iki yazıyı İzmir’de devam eden “Mahsul Vakaları” sergisi üzerine Dilşad Aladağ’la Melike Bayık’ın yaptığı bir söyleşi izliyor. YUNT’ta devam eden Mike Berg sergisi üzerine Neslihan İmamoğlu, derginin geçen sayısındaki popüler kültür dosyası üzerine Monica Papi’nin yazdığı birer deneme farklı tartışmalara dikkat çekiyor.   Bu sayıda ayrıca Sadberk Hanım Müzesi’nde devam eden Büyümüş de Küçülmüş sergisi hakkında bir söyleşi sergi hakkında detaylı bilgi veriyor. Derginin +İz bölümünde ise Seçil Epik’in yazdığı “Darmadağın”, Yıldız Öztürk’ün yazdığı “Parça Parça” sergileri ve Ece Balcıoğlu’nun yazdığı 6. Mardin Bienali üzerine eleştiri ve değerlendirme yazıları var. Süreyyya Evren “Anlam Çerçevesi” köşesini altıncı yazısıyla sonlandırırken, derginin “Görsel Notlar” bölümünde bu kez Derya Ülker’in defterlerinin arasından sızanlar yer buluyor. Ajanda köşesi ise Öktem&amp;Aykut’ta kişisel sergisi süren Camila Rocha’ya emanet. </p>

<p>Sanat Dünyamız’ın 201. sayısı çıktı Sanat Dünyamız dergisinin ellinci yaşını bir dizi etkinlikle kutladığı bu yılda derginin Temmuz Ağustos sayısı yayımlandı. Dergi bu sayıda kapağında sanatçı<span class="excerpt-hellip"> […]</span></p>
