{"id":762207,"date":"2025-08-28T10:01:13","date_gmt":"2025-08-28T07:01:13","guid":{"rendered":"https:\/\/roveyayinevi.com.tr\/index.php\/urun\/arslanhane\/"},"modified":"2026-04-15T03:27:13","modified_gmt":"2026-04-15T00:27:13","slug":"arslanhane","status":"publish","type":"product","link":"https:\/\/roveyayinevi.com.tr\/index.php\/urun\/arslanhane\/","title":{"rendered":"Arslanhane"},"content":{"rendered":"<p>Yunanistan\u2019\u0131n Parga kentinden korsanlarca ka\u00e7\u0131r\u0131l\u0131p Manisa\u2019da dul bir kad\u0131na sat\u0131ld\u0131ktan sonra \u015fehzade S\u00fcleyman\u2019a hediye edilen ve kabiliyetleri sayesinde Makbul \u0130brahim Pa\u015fa ad\u0131yla sadaret makam\u0131na kadar y\u00fckselen Piero. Venedik Do\u00e7u Andrea Gritti\u2019nin gayrime\u015fru o\u011flu oldu\u011fu i\u00e7in ata yurdu yerine \u0130stanbul\u2019a giden ve ticari kariyeri sebebiyle imparatorluktaki en kudretli insanlardan biri olan Alvise Gritti. Bu iki ki\u015finin yollar\u0131 16. y\u00fczy\u0131l\u0131n ba\u015flar\u0131nda \u0130stanbul\u2019da kesi\u015fecek ve ne yaz\u0131k ki son nefeslerini verirken de benzer bir kaderi payla\u015facaklard\u0131r. Arslanhane\u2019de Christopher de Bellaigue, bu iki karakter \u00fczerinden, Osmanl\u0131 \u0130mparatorlu\u011fu\u2019nun en kudretli padi\u015fahlar\u0131ndan Kanuni Sultan S\u00fcleyman d\u00f6neminin tarihini kurgusal \u00f6\u011felerle zenginle\u015ftirerek bir roman tad\u0131nda okurlara sunuyor.   \u201cChristopher de Bellaigue\u2019in tarihi olaylar\u0131 kaleme alma yetene\u011fi b\u00fcy\u00fcleyici.\u201d Orhan Pamuk     \u201cBu bir tarih kitab\u0131 ama bildiklerimizden de\u011fil. Ger\u00e7ek-lere dayansa da roman gibi okunan, olaylar ve sinematik ayr\u0131nt\u0131lar a\u00e7\u0131s\u0131ndan zengin bir eser. Tam anlam\u0131yla muhte\u015fem.\u201d Justin Marozzi, Sunday Times <\/p>\n","protected":false},"excerpt":{"rendered":"<p>Yunanistan\u2019\u0131n Parga kentinden korsanlarca ka\u00e7\u0131r\u0131l\u0131p Manisa\u2019da dul bir kad\u0131na sat\u0131ld\u0131ktan sonra \u015fehzade S\u00fcleyman\u2019a hediye edilen ve kabiliyetleri sayesinde Makbul \u0130brahim Pa\u015fa ad\u0131yla sadaret makam\u0131na kadar y\u00fckselen<span class=\"excerpt-hellip\"> [\u2026]<\/span><\/p>\n","protected":false},"featured_media":0,"template":"","meta":{"_monsterinsights_skip_tracking":false,"_monsterinsights_sitenote_active":false,"_monsterinsights_sitenote_note":"","_monsterinsights_sitenote_category":0},"product_brand":[],"product_cat":[13701,12291],"product_tag":[],"class_list":{"0":"post-762207","1":"product","2":"type-product","3":"status-publish","5":"product_cat-ani-mektup-gunluk","6":"product_cat-edebiyat","7":"pa_cilt-ciltsiz","8":"pa_tur-kitap","9":"pa_yayinevi-yapi-kredi-yayinlari","10":"pa_yazar-christopher-de-bellaigue","12":"first","13":"instock","14":"sale","15":"shipping-taxable","16":"purchasable","17":"product-type-simple"},"_links":{"self":[{"href":"https:\/\/roveyayinevi.com.tr\/index.php\/wp-json\/wp\/v2\/product\/762207","targetHints":{"allow":["GET"]}}],"collection":[{"href":"https:\/\/roveyayinevi.com.tr\/index.php\/wp-json\/wp\/v2\/product"}],"about":[{"href":"https:\/\/roveyayinevi.com.tr\/index.php\/wp-json\/wp\/v2\/types\/product"}],"wp:attachment":[{"href":"https:\/\/roveyayinevi.com.tr\/index.php\/wp-json\/wp\/v2\/media?parent=762207"}],"wp:term":[{"taxonomy":"product_brand","embeddable":true,"href":"https:\/\/roveyayinevi.com.tr\/index.php\/wp-json\/wp\/v2\/product_brand?post=762207"},{"taxonomy":"product_cat","embeddable":true,"href":"https:\/\/roveyayinevi.com.tr\/index.php\/wp-json\/wp\/v2\/product_cat?post=762207"},{"taxonomy":"product_tag","embeddable":true,"href":"https:\/\/roveyayinevi.com.tr\/index.php\/wp-json\/wp\/v2\/product_tag?post=762207"}],"curies":[{"name":"wp","href":"https:\/\/api.w.org\/{rel}","templated":true}]}}