{"id":762203,"date":"2025-08-28T10:01:08","date_gmt":"2025-08-28T07:01:08","guid":{"rendered":"https:\/\/roveyayinevi.com.tr\/index.php\/urun\/kac-corap-bir-cift-yapar\/"},"modified":"2026-04-15T03:27:13","modified_gmt":"2026-04-15T00:27:13","slug":"kac-corap-bir-cift-yapar","status":"publish","type":"product","link":"https:\/\/roveyayinevi.com.tr\/index.php\/urun\/kac-corap-bir-cift-yapar\/","title":{"rendered":"Ka\u00e7 \u00c7orap Bir \u00c7ift Yapar?"},"content":{"rendered":"<p>\u00c7ama\u015f\u0131r sepetinize bak\u0131p bir \u00e7ift \u00e7orap bulman\u0131n ne kadar s\u00fcrece\u011fini merak m\u0131 ediyorsunuz? Bu sorunun arkas\u0131nda yarat\u0131c\u0131, \u015fa\u015f\u0131rt\u0131c\u0131 ve hatta bazen g\u00fczel olabilen bir matematik d\u00fcnyas\u0131 var. Oyun kartlar\u0131, bir gazete, bir zarf\u0131n arkas\u0131, bir Sudoku, birka\u00e7 bozukluk ve elbette bir \u00e7ift \u00e7orap kullanarak Rob Eastaway, matemati\u011fin gizli g\u00fczelliklerini en s\u0131radan g\u00fcndelik nesnelerde bile nas\u0131l ortaya \u00e7\u0131karabilece\u011finizi g\u00f6steriyor. Bu sayfalardaki pek \u00e7ok b\u00fcy\u00fcleyici ilgin\u00e7lik aras\u0131nda, limeriklerle tav\u015fanlar aras\u0131ndaki garip ba\u011flant\u0131y\u0131, olas\u0131l\u0131klar\u0131n b\u00fcy\u00fck \u00f6l\u00e7\u00fcde sizin lehinize oldu\u011fu g\u00f6r\u00fcn\u00fc\u015fte \u201cadil\u201d bir bozuk para oyununu, turist panolar\u0131n\u0131n Britanya\u2019n\u0131n merkezinin nerede oldu\u011fu konusunda neden anla\u015famad\u0131klar\u0131n\u0131 ve basit bir k\u00e2\u011f\u0131t katlaman\u0131n nas\u0131l bir Jurassic Park canavar\u0131na yol a\u00e7abilece\u011fini ke\u015ffedeceksiniz. Ka\u00e7 \u00c7orap Bir \u00c7ift Yapar?, kendi kendinize denemek isteyece\u011finiz pek \u00e7ok fikirle matemati\u011fin herkes i\u00e7in oldu\u011funu kan\u0131tlar nitelikte bir kitap. <\/p>\n","protected":false},"excerpt":{"rendered":"<p>\u00c7ama\u015f\u0131r sepetinize bak\u0131p bir \u00e7ift \u00e7orap bulman\u0131n ne kadar s\u00fcrece\u011fini merak m\u0131 ediyorsunuz? Bu sorunun arkas\u0131nda yarat\u0131c\u0131, \u015fa\u015f\u0131rt\u0131c\u0131 ve hatta bazen g\u00fczel olabilen bir matematik d\u00fcnyas\u0131<span class=\"excerpt-hellip\"> [\u2026]<\/span><\/p>\n","protected":false},"featured_media":0,"template":"","meta":{"_monsterinsights_skip_tracking":false,"_monsterinsights_sitenote_active":false,"_monsterinsights_sitenote_note":"","_monsterinsights_sitenote_category":0},"product_brand":[],"product_cat":[13005,16724],"product_tag":[],"class_list":{"0":"post-762203","1":"product","2":"type-product","3":"status-publish","5":"product_cat-bilim-muhendislik","6":"product_cat-matematik","7":"pa_cilt-ciltsiz","8":"pa_tur-kitap","9":"pa_yayinevi-sahi-kitap","10":"pa_yazar-rob-eastaway","12":"first","13":"instock","14":"sale","15":"shipping-taxable","16":"purchasable","17":"product-type-simple"},"_links":{"self":[{"href":"https:\/\/roveyayinevi.com.tr\/index.php\/wp-json\/wp\/v2\/product\/762203","targetHints":{"allow":["GET"]}}],"collection":[{"href":"https:\/\/roveyayinevi.com.tr\/index.php\/wp-json\/wp\/v2\/product"}],"about":[{"href":"https:\/\/roveyayinevi.com.tr\/index.php\/wp-json\/wp\/v2\/types\/product"}],"wp:attachment":[{"href":"https:\/\/roveyayinevi.com.tr\/index.php\/wp-json\/wp\/v2\/media?parent=762203"}],"wp:term":[{"taxonomy":"product_brand","embeddable":true,"href":"https:\/\/roveyayinevi.com.tr\/index.php\/wp-json\/wp\/v2\/product_brand?post=762203"},{"taxonomy":"product_cat","embeddable":true,"href":"https:\/\/roveyayinevi.com.tr\/index.php\/wp-json\/wp\/v2\/product_cat?post=762203"},{"taxonomy":"product_tag","embeddable":true,"href":"https:\/\/roveyayinevi.com.tr\/index.php\/wp-json\/wp\/v2\/product_tag?post=762203"}],"curies":[{"name":"wp","href":"https:\/\/api.w.org\/{rel}","templated":true}]}}