{"id":762199,"date":"2025-08-28T10:01:02","date_gmt":"2025-08-28T07:01:02","guid":{"rendered":"https:\/\/roveyayinevi.com.tr\/index.php\/urun\/biktim-kedi-olmaktan\/"},"modified":"2026-04-15T03:27:13","modified_gmt":"2026-04-15T00:27:13","slug":"biktim-kedi-olmaktan","status":"publish","type":"product","link":"https:\/\/roveyayinevi.com.tr\/index.php\/urun\/biktim-kedi-olmaktan\/","title":{"rendered":"B\u0131kt\u0131m Kedi Olmaktan!"},"content":{"rendered":"<p>Kedi, kedi olmaktan fena halde b\u0131km\u0131\u015ft\u0131. Yeni ve \u00e7ok daha m\u00fcthi\u015f bir \u015fey olmak istiyordu! S\u00fcrekli damar\u0131na basan bir k\u00f6pekle birlikte ya\u015famak zorunda kalmayacak olmas\u0131n\u0131n da \u2013belki az\u0131c\u0131k\u2013 katk\u0131s\u0131 vard\u0131 bu planda\u2026 <\/p>\n","protected":false},"excerpt":{"rendered":"<p>Kedi, kedi olmaktan fena halde b\u0131km\u0131\u015ft\u0131. Yeni ve \u00e7ok daha m\u00fcthi\u015f bir \u015fey olmak istiyordu! S\u00fcrekli damar\u0131na basan bir k\u00f6pekle birlikte ya\u015famak zorunda kalmayacak olmas\u0131n\u0131n da<span class=\"excerpt-hellip\"> [\u2026]<\/span><\/p>\n","protected":false},"featured_media":0,"template":"","meta":{"_monsterinsights_skip_tracking":false,"_monsterinsights_sitenote_active":false,"_monsterinsights_sitenote_note":"","_monsterinsights_sitenote_category":0},"product_brand":[],"product_cat":[12274,12518],"product_tag":[],"class_list":{"0":"post-762199","1":"product","2":"type-product","3":"status-publish","5":"product_cat-cocuk-ve-genclik-kitaplari","6":"product_cat-okul-oncesi-kitaplar","7":"pa_cilt-ciltsiz","8":"pa_tur-kitap","9":"pa_yayinevi-koc-universitesi-yayinlari","10":"pa_yazar-adam-bestwick","12":"first","13":"instock","14":"sale","15":"shipping-taxable","16":"purchasable","17":"product-type-simple"},"_links":{"self":[{"href":"https:\/\/roveyayinevi.com.tr\/index.php\/wp-json\/wp\/v2\/product\/762199","targetHints":{"allow":["GET"]}}],"collection":[{"href":"https:\/\/roveyayinevi.com.tr\/index.php\/wp-json\/wp\/v2\/product"}],"about":[{"href":"https:\/\/roveyayinevi.com.tr\/index.php\/wp-json\/wp\/v2\/types\/product"}],"wp:attachment":[{"href":"https:\/\/roveyayinevi.com.tr\/index.php\/wp-json\/wp\/v2\/media?parent=762199"}],"wp:term":[{"taxonomy":"product_brand","embeddable":true,"href":"https:\/\/roveyayinevi.com.tr\/index.php\/wp-json\/wp\/v2\/product_brand?post=762199"},{"taxonomy":"product_cat","embeddable":true,"href":"https:\/\/roveyayinevi.com.tr\/index.php\/wp-json\/wp\/v2\/product_cat?post=762199"},{"taxonomy":"product_tag","embeddable":true,"href":"https:\/\/roveyayinevi.com.tr\/index.php\/wp-json\/wp\/v2\/product_tag?post=762199"}],"curies":[{"name":"wp","href":"https:\/\/api.w.org\/{rel}","templated":true}]}}