{"id":762171,"date":"2025-08-28T10:00:09","date_gmt":"2025-08-28T07:00:09","guid":{"rendered":"https:\/\/roveyayinevi.com.tr\/index.php\/urun\/balik-cocuk\/"},"modified":"2026-04-15T03:27:12","modified_gmt":"2026-04-15T00:27:12","slug":"balik-cocuk","status":"publish","type":"product","link":"https:\/\/roveyayinevi.com.tr\/index.php\/urun\/balik-cocuk\/","title":{"rendered":"Bal\u0131k \u00c7ocuk"},"content":{"rendered":"<p>Filiz \u00d6zdem masmavi bir deniz masal\u0131 anlat\u0131yor. Reng\u00e2renk bal\u0131klar\u0131n, mercan saraylar\u0131n ve tabii Bal\u0131k \u00c7ocuk Kahraman\u2019\u0131n masal\u0131n\u0131\u2026 Bir \u00f6p\u00fcc\u00fckle de\u011fi\u015fsin mi her \u015fey? Filiz \u00d6zdem masmavi bir deniz masal\u0131 anlat\u0131yor. \u201cSuyun dibi r\u00fcya gibiydi! Renk renk bal\u0131klar, denizy\u0131ld\u0131zlar\u0131, denizatlar\u0131 y\u00fcz\u00fcyordu. Mercan kayal\u0131klar\u0131 sanki bal\u0131klar\u0131 kendine \u00e7a\u011f\u0131r\u0131yordu.\u201d<\/p>\n","protected":false},"excerpt":{"rendered":"<p>Filiz \u00d6zdem masmavi bir deniz masal\u0131 anlat\u0131yor. Reng\u00e2renk bal\u0131klar\u0131n, mercan saraylar\u0131n ve tabii Bal\u0131k \u00c7ocuk Kahraman\u2019\u0131n masal\u0131n\u0131\u2026 Bir \u00f6p\u00fcc\u00fckle de\u011fi\u015fsin mi her \u015fey? Filiz \u00d6zdem masmavi<span class=\"excerpt-hellip\"> [\u2026]<\/span><\/p>\n","protected":false},"featured_media":0,"template":"","meta":{"_monsterinsights_skip_tracking":false,"_monsterinsights_sitenote_active":false,"_monsterinsights_sitenote_note":"","_monsterinsights_sitenote_category":0},"product_brand":[],"product_cat":[12274,12284],"product_tag":[],"class_list":{"0":"post-762171","1":"product","2":"type-product","3":"status-publish","5":"product_cat-cocuk-ve-genclik-kitaplari","6":"product_cat-hikayeler","7":"pa_cilt-ciltsiz","8":"pa_tur-kitap","9":"pa_yayinevi-everest-yayinlari","10":"pa_yazar-filiz-ozdem","12":"first","13":"instock","14":"sale","15":"shipping-taxable","16":"purchasable","17":"product-type-simple"},"_links":{"self":[{"href":"https:\/\/roveyayinevi.com.tr\/index.php\/wp-json\/wp\/v2\/product\/762171","targetHints":{"allow":["GET"]}}],"collection":[{"href":"https:\/\/roveyayinevi.com.tr\/index.php\/wp-json\/wp\/v2\/product"}],"about":[{"href":"https:\/\/roveyayinevi.com.tr\/index.php\/wp-json\/wp\/v2\/types\/product"}],"wp:attachment":[{"href":"https:\/\/roveyayinevi.com.tr\/index.php\/wp-json\/wp\/v2\/media?parent=762171"}],"wp:term":[{"taxonomy":"product_brand","embeddable":true,"href":"https:\/\/roveyayinevi.com.tr\/index.php\/wp-json\/wp\/v2\/product_brand?post=762171"},{"taxonomy":"product_cat","embeddable":true,"href":"https:\/\/roveyayinevi.com.tr\/index.php\/wp-json\/wp\/v2\/product_cat?post=762171"},{"taxonomy":"product_tag","embeddable":true,"href":"https:\/\/roveyayinevi.com.tr\/index.php\/wp-json\/wp\/v2\/product_tag?post=762171"}],"curies":[{"name":"wp","href":"https:\/\/api.w.org\/{rel}","templated":true}]}}