{"id":762134,"date":"2025-08-28T09:59:06","date_gmt":"2025-08-28T06:59:06","guid":{"rendered":"https:\/\/roveyayinevi.com.tr\/index.php\/urun\/aci-ceken-beden\/"},"modified":"2026-04-15T03:27:11","modified_gmt":"2026-04-15T00:27:11","slug":"aci-ceken-beden","status":"publish","type":"product","link":"https:\/\/roveyayinevi.com.tr\/index.php\/urun\/aci-ceken-beden\/","title":{"rendered":"Ac\u0131 \u00c7eken Beden"},"content":{"rendered":"<p>Elaine Scarry Ac\u0131 \u00c7eken Beden\u2019de i\u00e7erisinde ya\u015fad\u0131\u011f\u0131m\u0131z d\u00fcnyan\u0131n hem y\u0131k\u0131m\u0131nda hem de yap\u0131m\u0131nda rol oynayan ac\u0131n\u0131n dilinin pe\u015fine d\u00fc\u015f\u00fcyor.   Ac\u0131 en dolay\u0131ms\u0131z duyudur. G\u00f6z her zaman bir imgeyi g\u00f6r\u00fcrken, kulak her zaman bir sesi i\u015fitir. Peki, ac\u0131n\u0131n nesnesi nedir? Daima inlemeler ve \u00e7\u0131\u011fl\u0131klar\u0131n bulan\u0131kla\u015ft\u0131rd\u0131\u011f\u0131 bu duyguyu deneyimin \u00f6znesi bile tam olarak anlamazken, ac\u0131 ba\u015fkas\u0131na nas\u0131l anlat\u0131labilir? \u0130\u015fte Ac\u0131 \u00c7eken Beden\u2019in \u00e7\u0131k\u0131\u015f noktas\u0131 tam da buras\u0131d\u0131r: T\u00fcm bu zorluklara ra\u011fmen ac\u0131y\u0131 ifade eden bir dil i\u00e7in duyulan ihtiya\u00e7. \u0130nsan Haklar\u0131 Savunucular\u0131, hukuk\u00e7ular, doktorlar ve sanat\u00e7\u0131lar ac\u0131n\u0131n s\u00f6zlerini bulmakta \u00f6nemli ba\u015far\u0131lar elde etmi\u015ftir. Fakat Scarry bu gibi ba\u015far\u0131lar\u0131 kutlamakla ilgilenmez. Aksine, tam da i\u015fkence ve sava\u015fta oldu\u011fu gibi, ac\u0131y\u0131 ifade etmek i\u00e7in kurulan bu dilin ac\u0131 veren aletleri, silahlar\u0131 ve taktikleri \u00f6ne \u00e7\u0131kararak ac\u0131 \u00e7eken bedenin kendisini nas\u0131l unutturdu\u011funu g\u00f6zler \u00f6n\u00fcne serer. Ayn\u0131 durum, Marx\u2019\u0131n kapitalizm \u00e7\u00f6z\u00fcmlemesi i\u00e7in de ge\u00e7erlidir. \u00c7\u00fcnk\u00fc bu dil d\u00fcnyan\u0131n yaln\u0131zca y\u0131k\u0131m\u0131nda de\u011fil, kurulumunda da etkindir. Gerek semavi dinlerin gerekse daha modern s\u00f6ylemlerin kurucu ve y\u0131k\u0131c\u0131 dili Scarry\u2019ye g\u00f6re daima ac\u0131y\u0131 ifade eden fakat bedeni g\u00f6z ard\u0131 eden bu dil temelinde in\u015fa edilmi\u015ftir. <\/p>\n","protected":false},"excerpt":{"rendered":"<p>Elaine Scarry Ac\u0131 \u00c7eken Beden\u2019de i\u00e7erisinde ya\u015fad\u0131\u011f\u0131m\u0131z d\u00fcnyan\u0131n hem y\u0131k\u0131m\u0131nda hem de yap\u0131m\u0131nda rol oynayan ac\u0131n\u0131n dilinin pe\u015fine d\u00fc\u015f\u00fcyor. Ac\u0131 en dolay\u0131ms\u0131z duyudur. G\u00f6z her zaman<span class=\"excerpt-hellip\"> [\u2026]<\/span><\/p>\n","protected":false},"featured_media":0,"template":"","meta":{"_monsterinsights_skip_tracking":false,"_monsterinsights_sitenote_active":false,"_monsterinsights_sitenote_note":"","_monsterinsights_sitenote_category":0},"product_brand":[],"product_cat":[12389,12388],"product_tag":[],"class_list":{"0":"post-762134","1":"product","2":"type-product","3":"status-publish","5":"product_cat-diger-felsefe","6":"product_cat-felsefe","7":"pa_cilt-ciltsiz","8":"pa_tur-kitap","9":"pa_yayinevi-livera-yayinevi","10":"pa_yazar-elaine-scarry","12":"first","13":"instock","14":"sale","15":"shipping-taxable","16":"purchasable","17":"product-type-simple"},"_links":{"self":[{"href":"https:\/\/roveyayinevi.com.tr\/index.php\/wp-json\/wp\/v2\/product\/762134","targetHints":{"allow":["GET"]}}],"collection":[{"href":"https:\/\/roveyayinevi.com.tr\/index.php\/wp-json\/wp\/v2\/product"}],"about":[{"href":"https:\/\/roveyayinevi.com.tr\/index.php\/wp-json\/wp\/v2\/types\/product"}],"wp:attachment":[{"href":"https:\/\/roveyayinevi.com.tr\/index.php\/wp-json\/wp\/v2\/media?parent=762134"}],"wp:term":[{"taxonomy":"product_brand","embeddable":true,"href":"https:\/\/roveyayinevi.com.tr\/index.php\/wp-json\/wp\/v2\/product_brand?post=762134"},{"taxonomy":"product_cat","embeddable":true,"href":"https:\/\/roveyayinevi.com.tr\/index.php\/wp-json\/wp\/v2\/product_cat?post=762134"},{"taxonomy":"product_tag","embeddable":true,"href":"https:\/\/roveyayinevi.com.tr\/index.php\/wp-json\/wp\/v2\/product_tag?post=762134"}],"curies":[{"name":"wp","href":"https:\/\/api.w.org\/{rel}","templated":true}]}}