{"id":762131,"date":"2025-08-28T09:59:00","date_gmt":"2025-08-28T06:59:00","guid":{"rendered":"https:\/\/roveyayinevi.com.tr\/index.php\/urun\/guc-aileden-gelir-g-a-g-3\/"},"modified":"2026-03-09T03:27:19","modified_gmt":"2026-03-09T00:27:19","slug":"guc-aileden-gelir-g-a-g-3","status":"publish","type":"product","link":"https:\/\/roveyayinevi.com.tr\/index.php\/urun\/guc-aileden-gelir-g-a-g-3\/","title":{"rendered":"\u201cG\u00fc\u00e7 Aileden Gelir\u201d G.A.G. 3"},"content":{"rendered":"<p>Herkes, sizin i\u00e7in do\u011frular\u0131 ve yapman\u0131z gerekenleri, sizden \u00e7ok daha iyi biliyordu. Ama \u00f6yleyse, \u00e7evrenizdeki, her \u015feyi bilen bu insanlar neden bu kadar mutsuzdu? Onlar do\u011frular\u0131 biliyor ve hep do\u011frular\u0131 uygulam\u0131yorlar m\u0131yd\u0131? Yoksa do\u011frular mutluluk getirmiyor muydu? <\/p>\n","protected":false},"excerpt":{"rendered":"<p>Herkes, sizin i\u00e7in do\u011frular\u0131 ve yapman\u0131z gerekenleri, sizden \u00e7ok daha iyi biliyordu. Ama \u00f6yleyse, \u00e7evrenizdeki, her \u015feyi bilen bu insanlar neden bu kadar mutsuzdu? Onlar do\u011frular\u0131<span class=\"excerpt-hellip\"> [\u2026]<\/span><\/p>\n","protected":false},"featured_media":0,"template":"","meta":{"_monsterinsights_skip_tracking":false,"_monsterinsights_sitenote_active":false,"_monsterinsights_sitenote_note":"","_monsterinsights_sitenote_category":0},"product_brand":[],"product_cat":[12291,12711],"product_tag":[],"class_list":{"0":"post-762131","1":"product","2":"type-product","3":"status-publish","5":"product_cat-edebiyat","6":"product_cat-roman-oyku","7":"pa_cilt-ciltsiz","8":"pa_tur-kitap","9":"pa_yayinevi-gulnar-yayinlari","10":"pa_yazar-mahmut-gokhan-akkaya","12":"first","13":"instock","14":"sale","15":"shipping-taxable","16":"purchasable","17":"product-type-simple"},"_links":{"self":[{"href":"https:\/\/roveyayinevi.com.tr\/index.php\/wp-json\/wp\/v2\/product\/762131","targetHints":{"allow":["GET"]}}],"collection":[{"href":"https:\/\/roveyayinevi.com.tr\/index.php\/wp-json\/wp\/v2\/product"}],"about":[{"href":"https:\/\/roveyayinevi.com.tr\/index.php\/wp-json\/wp\/v2\/types\/product"}],"wp:attachment":[{"href":"https:\/\/roveyayinevi.com.tr\/index.php\/wp-json\/wp\/v2\/media?parent=762131"}],"wp:term":[{"taxonomy":"product_brand","embeddable":true,"href":"https:\/\/roveyayinevi.com.tr\/index.php\/wp-json\/wp\/v2\/product_brand?post=762131"},{"taxonomy":"product_cat","embeddable":true,"href":"https:\/\/roveyayinevi.com.tr\/index.php\/wp-json\/wp\/v2\/product_cat?post=762131"},{"taxonomy":"product_tag","embeddable":true,"href":"https:\/\/roveyayinevi.com.tr\/index.php\/wp-json\/wp\/v2\/product_tag?post=762131"}],"curies":[{"name":"wp","href":"https:\/\/api.w.org\/{rel}","templated":true}]}}