{"id":762127,"date":"2025-08-28T09:58:54","date_gmt":"2025-08-28T06:58:54","guid":{"rendered":"https:\/\/roveyayinevi.com.tr\/index.php\/urun\/beni-buyut-anne\/"},"modified":"2026-04-15T03:27:11","modified_gmt":"2026-04-15T00:27:11","slug":"beni-buyut-anne","status":"publish","type":"product","link":"https:\/\/roveyayinevi.com.tr\/index.php\/urun\/beni-buyut-anne\/","title":{"rendered":"Beni B\u00fcy\u00fct Anne"},"content":{"rendered":"<p>\u2022 G\u00fcvenli ba\u011flanmay\u0131 nas\u0131l sa\u011flar\u0131m? \u2022 \u00c7ocuklar\u0131 sallayarak uyutmak ne kadar do\u011fru?  \u2022 \u00c7ocuklar neden \u00f6fke krizi ya\u015far, \u00e7\u00f6z\u00fcm nedir? \u2022 Tuvalet e\u011fitiminde anne baba tutumu nas\u0131l olmal\u0131? \u2022 Y\u00fcksek kayg\u0131 g\u00f6steren \u00e7ocuklara yakla\u015f\u0131m nas\u0131l olmal\u0131? \u2022 \u00c7ocuklar neden yalan s\u00f6yler? \u2022 Gecikmi\u015f konu\u015fma nedir? Do\u011fumdan ergenli\u011fe kadarki s\u00fcreci kapsayan bu kitap; ba\u011flanmadan uyku e\u011fitimine, teknoloji kullan\u0131m\u0131ndan \u00f6fke krizlerine kadar \u201c\u00e7ocuk yeti\u015ftirmeye dair\u201d bir\u00e7ok konuyu hem uygulanabilir \u015fekilde hem de bilimsel verilerle birlikte ele al\u0131yor. \u00c7ocu\u011funuza \u00f6zg\u00fc olarak tercih edebilece\u011finiz uygulama ve tavsiyelerle, teorinin prati\u011fe d\u00f6n\u00fc\u015fmesinde sizlere yard\u0131mc\u0131 olacak.  Her \u00e7ocu\u011fun benzersiz oldu\u011funu ve her ailenin farkl\u0131 ihtiya\u00e7lar\u0131 oldu\u011funu g\u00f6z \u00f6n\u00fcnde bulundurarak size en uygun olan\u0131 se\u00e7meniz i\u00e7in rehberlik edecek olan Beni B\u00fcy\u00fct Anne, \u00e7ocuklar\u0131n\u0131zla daha sa\u011fl\u0131kl\u0131 ve mutlu bir ili\u015fki kurman\u0131zda yard\u0131mc\u0131 olacak.  <\/p>\n","protected":false},"excerpt":{"rendered":"<p>\u2022 G\u00fcvenli ba\u011flanmay\u0131 nas\u0131l sa\u011flar\u0131m? \u2022 \u00c7ocuklar\u0131 sallayarak uyutmak ne kadar do\u011fru? \u2022 \u00c7ocuklar neden \u00f6fke krizi ya\u015far, \u00e7\u00f6z\u00fcm nedir? \u2022 Tuvalet e\u011fitiminde anne baba tutumu<span class=\"excerpt-hellip\"> [\u2026]<\/span><\/p>\n","protected":false},"featured_media":0,"template":"","meta":{"_monsterinsights_skip_tracking":false,"_monsterinsights_sitenote_active":false,"_monsterinsights_sitenote_note":"","_monsterinsights_sitenote_category":0},"product_brand":[],"product_cat":[12357],"product_tag":[],"class_list":{"0":"post-762127","1":"product","2":"type-product","3":"status-publish","5":"product_cat-psikoloji","6":"pa_cilt-ciltsiz","7":"pa_tur-kitap","8":"pa_yayinevi-atac-yayinlari","9":"pa_yazar-semih-tezelli","11":"first","12":"instock","13":"sale","14":"shipping-taxable","15":"purchasable","16":"product-type-simple"},"_links":{"self":[{"href":"https:\/\/roveyayinevi.com.tr\/index.php\/wp-json\/wp\/v2\/product\/762127","targetHints":{"allow":["GET"]}}],"collection":[{"href":"https:\/\/roveyayinevi.com.tr\/index.php\/wp-json\/wp\/v2\/product"}],"about":[{"href":"https:\/\/roveyayinevi.com.tr\/index.php\/wp-json\/wp\/v2\/types\/product"}],"wp:attachment":[{"href":"https:\/\/roveyayinevi.com.tr\/index.php\/wp-json\/wp\/v2\/media?parent=762127"}],"wp:term":[{"taxonomy":"product_brand","embeddable":true,"href":"https:\/\/roveyayinevi.com.tr\/index.php\/wp-json\/wp\/v2\/product_brand?post=762127"},{"taxonomy":"product_cat","embeddable":true,"href":"https:\/\/roveyayinevi.com.tr\/index.php\/wp-json\/wp\/v2\/product_cat?post=762127"},{"taxonomy":"product_tag","embeddable":true,"href":"https:\/\/roveyayinevi.com.tr\/index.php\/wp-json\/wp\/v2\/product_tag?post=762127"}],"curies":[{"name":"wp","href":"https:\/\/api.w.org\/{rel}","templated":true}]}}