{"id":762125,"date":"2025-08-28T09:58:49","date_gmt":"2025-08-28T06:58:49","guid":{"rendered":"https:\/\/roveyayinevi.com.tr\/index.php\/urun\/wilhelm-storitzin-sirri-2\/"},"modified":"2026-04-15T03:27:11","modified_gmt":"2026-04-15T00:27:11","slug":"wilhelm-storitzin-sirri-2","status":"publish","type":"product","link":"https:\/\/roveyayinevi.com.tr\/index.php\/urun\/wilhelm-storitzin-sirri-2\/","title":{"rendered":"Wilhelm Storitz&#8217;in S\u0131rr\u0131"},"content":{"rendered":"<p>\u201cAh! bu g\u00f6r\u00fcnmezli\u011fin ke\u015ffi neden gerekiyordu ki&#8230; sanki insano\u011flu k\u00f6t\u00fcl\u00fck i\u00e7in yeterince silahlanmam\u0131\u015f gibi, eline b\u00f6yle bir silah vermek \u015fart m\u0131yd\u0131?\u201d   Fransa\u2019da ya\u015fayan Henry Vidal, karde\u015fi Marc\u2019\u0131n Macaristan\u2019\u0131n \u00f6nde gelen ailelerinden birinin k\u0131z\u0131 Myra Roderich\u2019le yapaca\u011f\u0131 evlilik i\u00e7in yolculu\u011fa \u00e7\u0131kar. Do\u011fu Avrupa\u2019n\u0131n tansiyonunu ve pastoral g\u00fczelliklerini g\u00f6zlemledi\u011fi Tuna Nehri boyunca yapt\u0131\u011f\u0131 bir gemi seyahatiyle ula\u015ft\u0131\u011f\u0131 Ragz\u2019da, karde\u015fi ve m\u00fcstakbel ailesiyle bulu\u015ftu\u011funda her \u015fey g\u00fczel g\u00f6r\u00fcnmektedir. Ancak d\u00fc\u011f\u00fcn planlar\u0131 gizemli bir karakterin tedirgin edici tehdidiyle bozulur: Babas\u0131 \u00fcnl\u00fc bir biliminsan\u0131 olan Alman Wilhelm Storitz, Marc\u2019tan \u00f6nce Myra\u2019y\u0131 ailesinden istemi\u015f, reddedilmesi kar\u015f\u0131s\u0131nda \u00f6fkelenerek bu evlili\u011fin asla ger\u00e7ekle\u015fmeyece\u011fini iddia etmi\u015ftir. Bu tehditle birlikte evlilik \u00f6ncesi haz\u0131rl\u0131klarla kutlamalar\u0131n her a\u015famas\u0131nda esrarengiz kazalar ve olaylar ger\u00e7ekle\u015fir: Gaipten sesler duyulur, kimse dokunmazken ni\u015fan buketi par\u00e7alan\u0131r, d\u00fc\u011f\u00fcn ilanlar\u0131 kendili\u011finden y\u0131rt\u0131l\u0131r. Storitz\u2019in lanetiyle g\u00f6r\u00fcnmez kuvvetlerin devreye girdi\u011fi bu evlilik ger\u00e7ekten yap\u0131labilecek midir?   Jules Verne\u2019in \u00f6l\u00fcm\u00fcnden sonra 1910\u2019da o\u011flu taraf\u0131ndan d\u00fczenlenerek yay\u0131mlanan Wilhelm Storitz\u2019in S\u0131rr\u0131, hem Avrupa\u2019n\u0131n y\u00fckselen milliyet\u00e7i gerilimini a\u00e7\u0131k eden hem de d\u00f6nemin esrarl\u0131 g\u00f6r\u00fcnmezlik fantezisini bir ad\u0131m \u00f6teye ta\u015f\u0131yan bir ser\u00fcven. <\/p>\n","protected":false},"excerpt":{"rendered":"<p>\u201cAh! bu g\u00f6r\u00fcnmezli\u011fin ke\u015ffi neden gerekiyordu ki&#8230; sanki insano\u011flu k\u00f6t\u00fcl\u00fck i\u00e7in yeterince silahlanmam\u0131\u015f gibi, eline b\u00f6yle bir silah vermek \u015fart m\u0131yd\u0131?\u201d Fransa\u2019da ya\u015fayan Henry Vidal, karde\u015fi<span class=\"excerpt-hellip\"> [\u2026]<\/span><\/p>\n","protected":false},"featured_media":0,"template":"","meta":{"_monsterinsights_skip_tracking":false,"_monsterinsights_sitenote_active":false,"_monsterinsights_sitenote_note":"","_monsterinsights_sitenote_category":0},"product_brand":[],"product_cat":[12540,12291],"product_tag":[],"class_list":{"0":"post-762125","1":"product","2":"type-product","3":"status-publish","5":"product_cat-bilim-kurgu","6":"product_cat-edebiyat","7":"pa_cilt-ciltsiz","8":"pa_tur-kitap","9":"pa_yayinevi-ithaki-yayinlari","10":"pa_yazar-jules-verne","12":"first","13":"instock","14":"sale","15":"shipping-taxable","16":"purchasable","17":"product-type-simple"},"_links":{"self":[{"href":"https:\/\/roveyayinevi.com.tr\/index.php\/wp-json\/wp\/v2\/product\/762125","targetHints":{"allow":["GET"]}}],"collection":[{"href":"https:\/\/roveyayinevi.com.tr\/index.php\/wp-json\/wp\/v2\/product"}],"about":[{"href":"https:\/\/roveyayinevi.com.tr\/index.php\/wp-json\/wp\/v2\/types\/product"}],"wp:attachment":[{"href":"https:\/\/roveyayinevi.com.tr\/index.php\/wp-json\/wp\/v2\/media?parent=762125"}],"wp:term":[{"taxonomy":"product_brand","embeddable":true,"href":"https:\/\/roveyayinevi.com.tr\/index.php\/wp-json\/wp\/v2\/product_brand?post=762125"},{"taxonomy":"product_cat","embeddable":true,"href":"https:\/\/roveyayinevi.com.tr\/index.php\/wp-json\/wp\/v2\/product_cat?post=762125"},{"taxonomy":"product_tag","embeddable":true,"href":"https:\/\/roveyayinevi.com.tr\/index.php\/wp-json\/wp\/v2\/product_tag?post=762125"}],"curies":[{"name":"wp","href":"https:\/\/api.w.org\/{rel}","templated":true}]}}