{"id":762103,"date":"2025-08-28T09:58:06","date_gmt":"2025-08-28T06:58:06","guid":{"rendered":"https:\/\/roveyayinevi.com.tr\/index.php\/urun\/ozgurluk-ve-ekonomi-politik\/"},"modified":"2026-04-15T03:27:11","modified_gmt":"2026-04-15T00:27:11","slug":"ozgurluk-ve-ekonomi-politik","status":"publish","type":"product","link":"https:\/\/roveyayinevi.com.tr\/index.php\/urun\/ozgurluk-ve-ekonomi-politik\/","title":{"rendered":"\u00d6zg\u00fcrl\u00fck ve Ekonomi Politik"},"content":{"rendered":"<p>\u201cMetin Sarfati\u2019nin bu kitaptaki ve \u00f6teki \u00e7al\u0131\u015fmalar\u0131na bir b\u00fct\u00fcn olarak bak\u0131ld\u0131\u011f\u0131nda, kimi temel sorunlar\u0131n \u00f6ne \u00e7\u0131kt\u0131\u011f\u0131 g\u00f6r\u00fcl\u00fcyor: \u00f6zellikle \u00f6zg\u00fcrl\u00fck, modernite ve yarat\u0131lmas\u0131na katk\u0131da bulundu\u011fu \u201cShoah\u201d (Holokost) gibi organize k\u00f6t\u00fcl\u00fckler, insan olmak ve Yahudilerin, asl\u0131nda b\u00fct\u00fcn insanl\u0131\u011f\u0131n kurtulu\u015fu temalar\u0131, bunlar i\u00e7inde en \u00f6nemlileri. Ki\u015fisel olarak benim de akl\u0131ma tak\u0131lan ve Bu bak\u0131mdan o daha \u00e7ok Spinoza\u2019n\u0131n meta\ufb01zik kavray\u0131\u015f\u0131 ile insan \u00f6zg\u00fcrl\u00fc\u011f\u00fc hakk\u0131ndaki d\u00fc\u015f\u00fcncelerini kendisine k\u0131lavuz olarak al\u0131rken ben daha \u00e7ok Marx ve bir \u00f6l\u00e7\u00fcde Polanyi\u2019nin kapitalizm anlay\u0131\u015flar\u0131ndan hareketle, sorunun tarihsel boyutunu ele almaya \u00e7al\u0131\u015f\u0131yorum.\u201d   -H\u00fcseyin \u00d6zel   \u201cD\u00fc\u015f\u00fcn\u00fcrlerinin izinden (ki bunlar\u0131n bir k\u0131sm\u0131 ekonomi politik \ufb01lozo\ufb02ar\u0131d\u0131r) giderek, zenginle\u015fmenin ancak \u00f6zg\u00fcrle\u015fme ile birlikte bir anlam ifade edece\u011fini g\u00f6stermektir. Akl\u0131n e\u015fli\u011finde ger\u00e7ek \u00f6zg\u00fcrle\u015fme m\u00fcmk\u00fcnse, erdem de ancak ikisinin varl\u0131\u011f\u0131nda s\u00f6z konusu olabilecektir. \u0130nsan olan i\u00e7in a\u00e7\u0131kt\u0131r ki; ya\u015fam ancak bu durumda ya\u015fanabilendir.\u201d   -Metin Sarfati<\/p>\n","protected":false},"excerpt":{"rendered":"<p>\u201cMetin Sarfati\u2019nin bu kitaptaki ve \u00f6teki \u00e7al\u0131\u015fmalar\u0131na bir b\u00fct\u00fcn olarak bak\u0131ld\u0131\u011f\u0131nda, kimi temel sorunlar\u0131n \u00f6ne \u00e7\u0131kt\u0131\u011f\u0131 g\u00f6r\u00fcl\u00fcyor: \u00f6zellikle \u00f6zg\u00fcrl\u00fck, modernite ve yarat\u0131lmas\u0131na katk\u0131da bulundu\u011fu \u201cShoah\u201d (Holokost)<span class=\"excerpt-hellip\"> [\u2026]<\/span><\/p>\n","protected":false},"featured_media":0,"template":"","meta":{"_monsterinsights_skip_tracking":false,"_monsterinsights_sitenote_active":false,"_monsterinsights_sitenote_note":"","_monsterinsights_sitenote_category":0},"product_brand":[],"product_cat":[12337],"product_tag":[],"class_list":{"0":"post-762103","1":"product","2":"type-product","3":"status-publish","5":"product_cat-politika-siyaset","6":"pa_cilt-ciltsiz","7":"pa_tur-kitap","8":"pa_yayinevi-efil-yayinevi","9":"pa_yazar-metin-sarfati-huseyin-ozel","11":"first","12":"instock","13":"sale","14":"shipping-taxable","15":"purchasable","16":"product-type-simple"},"_links":{"self":[{"href":"https:\/\/roveyayinevi.com.tr\/index.php\/wp-json\/wp\/v2\/product\/762103","targetHints":{"allow":["GET"]}}],"collection":[{"href":"https:\/\/roveyayinevi.com.tr\/index.php\/wp-json\/wp\/v2\/product"}],"about":[{"href":"https:\/\/roveyayinevi.com.tr\/index.php\/wp-json\/wp\/v2\/types\/product"}],"wp:attachment":[{"href":"https:\/\/roveyayinevi.com.tr\/index.php\/wp-json\/wp\/v2\/media?parent=762103"}],"wp:term":[{"taxonomy":"product_brand","embeddable":true,"href":"https:\/\/roveyayinevi.com.tr\/index.php\/wp-json\/wp\/v2\/product_brand?post=762103"},{"taxonomy":"product_cat","embeddable":true,"href":"https:\/\/roveyayinevi.com.tr\/index.php\/wp-json\/wp\/v2\/product_cat?post=762103"},{"taxonomy":"product_tag","embeddable":true,"href":"https:\/\/roveyayinevi.com.tr\/index.php\/wp-json\/wp\/v2\/product_tag?post=762103"}],"curies":[{"name":"wp","href":"https:\/\/api.w.org\/{rel}","templated":true}]}}