{"id":762088,"date":"2025-08-28T09:57:41","date_gmt":"2025-08-28T06:57:41","guid":{"rendered":"https:\/\/roveyayinevi.com.tr\/index.php\/urun\/eski-cagda-suikast\/"},"modified":"2026-04-15T03:27:10","modified_gmt":"2026-04-15T00:27:10","slug":"eski-cagda-suikast","status":"publish","type":"product","link":"https:\/\/roveyayinevi.com.tr\/index.php\/urun\/eski-cagda-suikast\/","title":{"rendered":"Eski \u00c7a\u011f\u2019da Suikast"},"content":{"rendered":"<p>Tarihi kaynaklar, suikastlar\u0131 yazmak konusunda olduk\u00e7a isteksizdir. Bir suikast\u0131n hik\u00e2yesi ya sat\u0131r aralar\u0131nda ya da \u00fcst\u00fc kapal\u0131, bir ima ile i\u015faret edilmi\u015ftir. Y\u00f6netici hanedan\u0131n tanr\u0131 oldu\u011fu ya da tanr\u0131sal \u00f6zelliklerle donat\u0131ld\u0131\u011f\u0131 bir d\u00f6nemde bir h\u00fck\u00fcmdar\u0131n ya da bir hanedan \u00fcyesinin suikasta kurban gitti\u011fini a\u00e7\u0131klamak bir\u00e7ok a\u00e7\u0131dan sak\u0131ncal\u0131 bir durum olu\u015fturmu\u015f olmal\u0131; Suikast\u00e7\u0131n\u0131n \u00e7o\u011funlukla hanedan \u00fcyesi olmas\u0131, ilahi g\u00fc\u00e7lerin i\u00e7inde oldu\u011fu bir hesapla\u015fma, yapt\u0131r\u0131mlar\u0131n y\u0131k\u0131c\u0131 etkileri, sonsuz azap\u2026<\/p>\n","protected":false},"excerpt":{"rendered":"<p>Tarihi kaynaklar, suikastlar\u0131 yazmak konusunda olduk\u00e7a isteksizdir. Bir suikast\u0131n hik\u00e2yesi ya sat\u0131r aralar\u0131nda ya da \u00fcst\u00fc kapal\u0131, bir ima ile i\u015faret edilmi\u015ftir. Y\u00f6netici hanedan\u0131n tanr\u0131 oldu\u011fu<span class=\"excerpt-hellip\"> [\u2026]<\/span><\/p>\n","protected":false},"featured_media":0,"template":"","meta":{"_monsterinsights_skip_tracking":false,"_monsterinsights_sitenote_active":false,"_monsterinsights_sitenote_note":"","_monsterinsights_sitenote_category":0},"product_brand":[],"product_cat":[12370,12304],"product_tag":[],"class_list":{"0":"post-762088","1":"product","2":"type-product","3":"status-publish","5":"product_cat-arastirma-inceleme","6":"product_cat-tarih","7":"pa_cilt-ciltsiz","8":"pa_tur-kitap","9":"pa_yayinevi-bilgin-kultur-sanat","10":"pa_yazar-mehtap-dincer","12":"first","13":"instock","14":"sale","15":"shipping-taxable","16":"purchasable","17":"product-type-simple"},"_links":{"self":[{"href":"https:\/\/roveyayinevi.com.tr\/index.php\/wp-json\/wp\/v2\/product\/762088","targetHints":{"allow":["GET"]}}],"collection":[{"href":"https:\/\/roveyayinevi.com.tr\/index.php\/wp-json\/wp\/v2\/product"}],"about":[{"href":"https:\/\/roveyayinevi.com.tr\/index.php\/wp-json\/wp\/v2\/types\/product"}],"wp:attachment":[{"href":"https:\/\/roveyayinevi.com.tr\/index.php\/wp-json\/wp\/v2\/media?parent=762088"}],"wp:term":[{"taxonomy":"product_brand","embeddable":true,"href":"https:\/\/roveyayinevi.com.tr\/index.php\/wp-json\/wp\/v2\/product_brand?post=762088"},{"taxonomy":"product_cat","embeddable":true,"href":"https:\/\/roveyayinevi.com.tr\/index.php\/wp-json\/wp\/v2\/product_cat?post=762088"},{"taxonomy":"product_tag","embeddable":true,"href":"https:\/\/roveyayinevi.com.tr\/index.php\/wp-json\/wp\/v2\/product_tag?post=762088"}],"curies":[{"name":"wp","href":"https:\/\/api.w.org\/{rel}","templated":true}]}}