{"id":762080,"date":"2025-08-28T09:57:27","date_gmt":"2025-08-28T06:57:27","guid":{"rendered":"https:\/\/roveyayinevi.com.tr\/index.php\/urun\/sportif-oykuler\/"},"modified":"2026-04-15T03:27:10","modified_gmt":"2026-04-15T00:27:10","slug":"sportif-oykuler","status":"publish","type":"product","link":"https:\/\/roveyayinevi.com.tr\/index.php\/urun\/sportif-oykuler\/","title":{"rendered":"Sportif \u00d6yk\u00fcler"},"content":{"rendered":"<p>\u201c\u2018Sevgili ba\u015fkan\u0131m, normal ko\u015fullarda bizim ma\u00e7 filan kazanmam\u0131z olanaks\u0131z. \u00d6ncelikle oyunculara mutlaka bir miktar para verelim \u00e7\u00fcnk\u00fc hepsinin alaca\u011f\u0131 var ve idmanlara bile \u00e7\u0131kmak istemiyorlar. Bunun yan\u0131nda k\u00fcmede kal\u0131rsak hepsiyle gelecek sezon devam edece\u011fimizi s\u00f6yleyin. En \u00f6nemlisi, sizin bir m\u00fcteahhit olarak as\u0131l g\u00fcc\u00fcn\u00fcz\u00fc kullanal\u0131m, bu ma\u00e7lardaki performanslar\u0131na g\u00f6re oyunculara arsa, d\u00fckk\u00e2n, ev gibi bir \u015feyler vaat edelim. O kadarla da kalmayal\u0131m, evlenecek futbolcunun d\u00fc\u011f\u00fcn\u00fcn\u00fc yapaca\u011f\u0131n\u0131z\u0131, babas\u0131na i\u015f verece\u011finizi, karde\u015finin okulu i\u00e7in yard\u0131mc\u0131 olaca\u011f\u0131n\u0131z\u0131 belirtin. Bunlar, ne zaman alabileceklerini bilmedikleri paradan daha \u00e7ok etkili olacakt\u0131r.\u2019Her \u015fey planlad\u0131\u011f\u0131m\u0131z gibi geli\u015fti. Son \u00fc\u00e7 ma\u00e7\u0131n ikisini kazan\u0131p k\u00fcmede kald\u0131k. Ama bu y\u00fczden ba\u015fkan da b\u00fcy\u00fck bir y\u00fck alt\u0131na girmi\u015f de\u011fildi asl\u0131nda. Oyunculara \u00f6dedi\u011fi paran\u0131n yan\u0131nda d\u00fckk\u00e2n, ev, araba gibi \u00f6d\u00fcller i\u00e7in de anla\u015fmazl\u0131k halinde herhangi bir ge\u00e7erlili\u011fi olamayacak k\u00e2\u011f\u0131tlar imzalanm\u0131\u015ft\u0131 sadece. Oyuncular\u0131n b\u00f6yle konularda titizlenmeleri, i\u015fi sa\u011flama ba\u011flayacak ad\u0131mlar atmalar\u0131 gibi bir durum s\u00f6z konusu de\u011fildi. Sendika, dernek gibi haklar\u0131n\u0131 koruyabilecek kurulu\u015flar yoktu. Federasyon da i\u00e7inden \u00e7\u0131k\u0131lamayaca\u011f\u0131n\u0131 bildi\u011finden bu i\u015flerin \u00fczerinde pek durmazd\u0131. Arada bir uygun kurbanlar \u00e7\u0131kt\u0131\u011f\u0131nda baz\u0131 cezalar verilerek bu konuda duyarl\u0131 davran\u0131l\u0131yormu\u015f gibi g\u00f6stermelik i\u015fler yap\u0131l\u0131rd\u0131.\u201dNeredeyse elli y\u0131la yak\u0131nd\u0131r kalem oynatan, T\u00fcrkiye\u2019de bas\u0131n hayat\u0131n\u0131n eskilerinden, bilhassa spor merakl\u0131lar\u0131n\u0131n \u00e7ok iyi bildi\u011fi bir isim Ahmet \u00c7ak\u0131r. Yazd\u0131klar\u0131 ve yorumlar\u0131yla y\u0131llard\u0131r takip edilen bu \u00f6nemli isim, \u015fimdi Sportif \u00d6yk\u00fcler\u2019iyle yar\u0131m asr\u0131 s\u00fcz\u00fcyor, kendine \u00f6zg\u00fc dili ve mizahi yakla\u015f\u0131m\u0131yla harmanlayarak memleketin sporcusuna, spor kul\u00fcplerine, hatta c\u00fcmle sporla ba\u011flant\u0131l\u0131 ki\u015fisine ayna tutuyor.<\/p>\n","protected":false},"excerpt":{"rendered":"<p>\u201c\u2018Sevgili ba\u015fkan\u0131m, normal ko\u015fullarda bizim ma\u00e7 filan kazanmam\u0131z olanaks\u0131z. \u00d6ncelikle oyunculara mutlaka bir miktar para verelim \u00e7\u00fcnk\u00fc hepsinin alaca\u011f\u0131 var ve idmanlara bile \u00e7\u0131kmak istemiyorlar. Bunun<span class=\"excerpt-hellip\"> [\u2026]<\/span><\/p>\n","protected":false},"featured_media":0,"template":"","meta":{"_monsterinsights_skip_tracking":false,"_monsterinsights_sitenote_active":false,"_monsterinsights_sitenote_note":"","_monsterinsights_sitenote_category":0},"product_brand":[],"product_cat":[15563,15564],"product_tag":[],"class_list":{"0":"post-762080","1":"product","2":"type-product","3":"status-publish","5":"product_cat-hobi","6":"product_cat-spor","7":"pa_cilt-ciltsiz","8":"pa_tur-kitap","9":"pa_yayinevi-mundi","10":"pa_yazar-ahmet-cakir","12":"first","13":"instock","14":"sale","15":"shipping-taxable","16":"purchasable","17":"product-type-simple"},"_links":{"self":[{"href":"https:\/\/roveyayinevi.com.tr\/index.php\/wp-json\/wp\/v2\/product\/762080","targetHints":{"allow":["GET"]}}],"collection":[{"href":"https:\/\/roveyayinevi.com.tr\/index.php\/wp-json\/wp\/v2\/product"}],"about":[{"href":"https:\/\/roveyayinevi.com.tr\/index.php\/wp-json\/wp\/v2\/types\/product"}],"wp:attachment":[{"href":"https:\/\/roveyayinevi.com.tr\/index.php\/wp-json\/wp\/v2\/media?parent=762080"}],"wp:term":[{"taxonomy":"product_brand","embeddable":true,"href":"https:\/\/roveyayinevi.com.tr\/index.php\/wp-json\/wp\/v2\/product_brand?post=762080"},{"taxonomy":"product_cat","embeddable":true,"href":"https:\/\/roveyayinevi.com.tr\/index.php\/wp-json\/wp\/v2\/product_cat?post=762080"},{"taxonomy":"product_tag","embeddable":true,"href":"https:\/\/roveyayinevi.com.tr\/index.php\/wp-json\/wp\/v2\/product_tag?post=762080"}],"curies":[{"name":"wp","href":"https:\/\/api.w.org\/{rel}","templated":true}]}}