{"id":762064,"date":"2025-08-28T09:56:58","date_gmt":"2025-08-28T06:56:58","guid":{"rendered":"https:\/\/roveyayinevi.com.tr\/index.php\/urun\/gunesi-arayan-cocuk\/"},"modified":"2026-04-15T03:27:10","modified_gmt":"2026-04-15T00:27:10","slug":"gunesi-arayan-cocuk","status":"publish","type":"product","link":"https:\/\/roveyayinevi.com.tr\/index.php\/urun\/gunesi-arayan-cocuk\/","title":{"rendered":"G\u00fcne\u015fi Arayan \u00c7ocuk"},"content":{"rendered":"<p>Merakl\u0131 Ayata, k\u00f6ydeki di\u011fer \u00e7ocuklardan biraz farkl\u0131. Zaman\u0131n\u0131 ko\u015fup g\u00fcre\u015fmektense k\u00f6y\u00fcn bilgesine sorular sorarak ge\u00e7irmeyi tercih ediyor. Akl\u0131nda cevap bekleyen binlerce soru var. O, her \u015feyi \u00f6\u011frenmek, d\u00fcnyay\u0131 anlamak istiyor.  Bir g\u00fcn, avlad\u0131\u011f\u0131 bal\u0131klarla k\u0131y\u0131ya d\u00f6nerken g\u00f6zleri denizin i\u00e7ine do\u011fru al\u00e7al\u0131p batan g\u00fcne\u015fe tak\u0131l\u0131yor. Sorular\u0131na bir yenisi daha ekleniyor. Kocaman g\u00fcne\u015f nereye gidiyor?   Usta yazar Bilgin Adal\u0131\u2019dan merak, ke\u015fif ve macera dolu bir hik\u00e2ye\u2026<\/p>\n","protected":false},"excerpt":{"rendered":"<p>Merakl\u0131 Ayata, k\u00f6ydeki di\u011fer \u00e7ocuklardan biraz farkl\u0131. Zaman\u0131n\u0131 ko\u015fup g\u00fcre\u015fmektense k\u00f6y\u00fcn bilgesine sorular sorarak ge\u00e7irmeyi tercih ediyor. Akl\u0131nda cevap bekleyen binlerce soru var. O, her \u015feyi<span class=\"excerpt-hellip\"> [\u2026]<\/span><\/p>\n","protected":false},"featured_media":0,"template":"","meta":{"_monsterinsights_skip_tracking":false,"_monsterinsights_sitenote_active":false,"_monsterinsights_sitenote_note":"","_monsterinsights_sitenote_category":0},"product_brand":[],"product_cat":[12274,12284],"product_tag":[],"class_list":{"0":"post-762064","1":"product","2":"type-product","3":"status-publish","5":"product_cat-cocuk-ve-genclik-kitaplari","6":"product_cat-hikayeler","7":"pa_cilt-ciltsiz","8":"pa_tur-kitap","9":"pa_yayinevi-masalperest-ozel-urun","10":"pa_yazar-bilgin-adali","12":"first","13":"instock","14":"sale","15":"shipping-taxable","16":"purchasable","17":"product-type-simple"},"_links":{"self":[{"href":"https:\/\/roveyayinevi.com.tr\/index.php\/wp-json\/wp\/v2\/product\/762064","targetHints":{"allow":["GET"]}}],"collection":[{"href":"https:\/\/roveyayinevi.com.tr\/index.php\/wp-json\/wp\/v2\/product"}],"about":[{"href":"https:\/\/roveyayinevi.com.tr\/index.php\/wp-json\/wp\/v2\/types\/product"}],"wp:attachment":[{"href":"https:\/\/roveyayinevi.com.tr\/index.php\/wp-json\/wp\/v2\/media?parent=762064"}],"wp:term":[{"taxonomy":"product_brand","embeddable":true,"href":"https:\/\/roveyayinevi.com.tr\/index.php\/wp-json\/wp\/v2\/product_brand?post=762064"},{"taxonomy":"product_cat","embeddable":true,"href":"https:\/\/roveyayinevi.com.tr\/index.php\/wp-json\/wp\/v2\/product_cat?post=762064"},{"taxonomy":"product_tag","embeddable":true,"href":"https:\/\/roveyayinevi.com.tr\/index.php\/wp-json\/wp\/v2\/product_tag?post=762064"}],"curies":[{"name":"wp","href":"https:\/\/api.w.org\/{rel}","templated":true}]}}