{"id":762011,"date":"2025-08-28T09:54:31","date_gmt":"2025-08-28T06:54:31","guid":{"rendered":"https:\/\/roveyayinevi.com.tr\/index.php\/urun\/hitit-devletinde-kizzuvatnanin-yeri-ve-onemi\/"},"modified":"2026-04-15T03:27:08","modified_gmt":"2026-04-15T00:27:08","slug":"hitit-devletinde-kizzuvatnanin-yeri-ve-onemi","status":"publish","type":"product","link":"https:\/\/roveyayinevi.com.tr\/index.php\/urun\/hitit-devletinde-kizzuvatnanin-yeri-ve-onemi\/","title":{"rendered":"Hitit Devleti\u2019nde Kizzuvatna\u2019n\u0131n Yeri ve \u00d6nemi"},"content":{"rendered":"<p>Kizzuvatna \u00dclkesi,Orta Anadolu ve Ege\u2019yi Do\u011fu Akdeniz k\u0131y\u0131lar\u0131na,K\u0131br\u0131s,M\u0131s\u0131r,Kuzey Suriye ve Mezopotamya\u2019ya ba\u011flayan bir konum da olmas\u0131 sebebiyle stratejik bak\u0131mdan \u00f6nemlidir.Kizzuvatna\u2019n\u0131n geni\u015f ve yayg\u0131n s\u0131n\u0131rlar\u0131 tarih boyunca devaml\u0131 de\u011fi\u015fmi\u015ftir.Anadolu ve Suriye Aras\u0131nda bir tampon b\u00f6lgedir.Bu \u00e7al\u0131\u015fma,Kizzuvatna \u00dclkesi ile Hitit Devleti\u2019nin siyasi m\u00fcnasebetlerini, iki \u00fclke aras\u0131nda yap\u0131lan antla\u015fmlar\u0131 irdeleyerek ; iki \u00fclke aras\u0131ndaki k\u00fclt\u00fcrel ili\u015fkileri ise,Kizzuvatna k\u00f6kenli rit\u00fcelleri genel olarak inceleyerek yap\u0131lm\u0131\u015ft\u0131r.<\/p>\n","protected":false},"excerpt":{"rendered":"<p>Kizzuvatna \u00dclkesi,Orta Anadolu ve Ege\u2019yi Do\u011fu Akdeniz k\u0131y\u0131lar\u0131na,K\u0131br\u0131s,M\u0131s\u0131r,Kuzey Suriye ve Mezopotamya\u2019ya ba\u011flayan bir konum da olmas\u0131 sebebiyle stratejik bak\u0131mdan \u00f6nemlidir.Kizzuvatna\u2019n\u0131n geni\u015f ve yayg\u0131n s\u0131n\u0131rlar\u0131 tarih boyunca<span class=\"excerpt-hellip\"> [\u2026]<\/span><\/p>\n","protected":false},"featured_media":0,"template":"","meta":{"_monsterinsights_skip_tracking":false,"_monsterinsights_sitenote_active":false,"_monsterinsights_sitenote_note":"","_monsterinsights_sitenote_category":0},"product_brand":[],"product_cat":[12304],"product_tag":[],"class_list":{"0":"post-762011","1":"product","2":"type-product","3":"status-publish","5":"product_cat-tarih","6":"pa_cilt-ciltsiz","7":"pa_tur-kitap","8":"pa_yayinevi-bilgin-kultur-sanat","9":"pa_yazar-murat-aydin","11":"first","12":"instock","13":"sale","14":"shipping-taxable","15":"purchasable","16":"product-type-simple"},"_links":{"self":[{"href":"https:\/\/roveyayinevi.com.tr\/index.php\/wp-json\/wp\/v2\/product\/762011","targetHints":{"allow":["GET"]}}],"collection":[{"href":"https:\/\/roveyayinevi.com.tr\/index.php\/wp-json\/wp\/v2\/product"}],"about":[{"href":"https:\/\/roveyayinevi.com.tr\/index.php\/wp-json\/wp\/v2\/types\/product"}],"wp:attachment":[{"href":"https:\/\/roveyayinevi.com.tr\/index.php\/wp-json\/wp\/v2\/media?parent=762011"}],"wp:term":[{"taxonomy":"product_brand","embeddable":true,"href":"https:\/\/roveyayinevi.com.tr\/index.php\/wp-json\/wp\/v2\/product_brand?post=762011"},{"taxonomy":"product_cat","embeddable":true,"href":"https:\/\/roveyayinevi.com.tr\/index.php\/wp-json\/wp\/v2\/product_cat?post=762011"},{"taxonomy":"product_tag","embeddable":true,"href":"https:\/\/roveyayinevi.com.tr\/index.php\/wp-json\/wp\/v2\/product_tag?post=762011"}],"curies":[{"name":"wp","href":"https:\/\/api.w.org\/{rel}","templated":true}]}}