{"id":762006,"date":"2025-08-28T09:54:23","date_gmt":"2025-08-28T06:54:23","guid":{"rendered":"https:\/\/roveyayinevi.com.tr\/index.php\/urun\/aska-dair-ne-varsa\/"},"modified":"2026-04-15T03:27:08","modified_gmt":"2026-04-15T00:27:08","slug":"aska-dair-ne-varsa","status":"publish","type":"product","link":"https:\/\/roveyayinevi.com.tr\/index.php\/urun\/aska-dair-ne-varsa\/","title":{"rendered":"A\u015fka Dair Ne Varsa"},"content":{"rendered":"<p>Bitmi\u015fti de sonras\u0131 hi\u00e7 de \u00f6yle kolay olmam\u0131\u015ft\u0131. Tam bir \u2018enkaz kad\u0131n\u0131\u2019 olmu\u015ftum. Bir \u00f6nceki ili\u015fkimde yaln\u0131zl\u0131ktan pek ho\u015fnutken, t\u00fcm enerjimi bu ili\u015fkinin enkaz\u0131n\u0131 kald\u0131rmaya \u00e7al\u0131\u015fmak i\u00e7in harc\u0131yor, onu bana geri getirecek bir mucizenin olmas\u0131n\u0131 bekliyordum. \u0130\u00e7imde biriken ac\u0131 ve \u00f6fke, y\u00fcre\u011fimi bir yang\u0131n yerine d\u00f6nd\u00fcrm\u00fc\u015ft\u00fc. G\u00f6z\u00fcm\u00fc her a\u00e7t\u0131\u011f\u0131mda onsuz yapamayaca\u011f\u0131m\u0131 d\u00fc\u015f\u00fcn\u00fcyor ve bu \u00e7aresizlik beni bitkin d\u00fc\u015f\u00fcrse de sevmekten b\u0131km\u0131yor, usanm\u0131yordum. \u0130nsan g\u00fcnlerce sabaha kadar \u00e7ocuk gibi a\u011flar m\u0131? Ben a\u011fl\u0131yordum. Hem de k\u0131yamet de kopsa geri d\u00f6nmeyece\u011fini bile bile\u2026 Koca d\u00fcnyada tek ba\u015f\u0131mayd\u0131m. Herkesten uzak ya\u015fad\u0131\u011f\u0131m bu a\u015fk\u0131 kimselere, hele de beni anlamayaca\u011f\u0131ndan emin oldu\u011fum ablama asla anlatamazd\u0131m. Kazanc\u0131m\u0131n yar\u0131s\u0131n\u0131 yedirdi\u011fim psikologlar bile derdimin azg\u0131n bir hastal\u0131k gibi depre\u015fmesine, yaram\u0131n derinle\u015fmesine bir \u00e7are bulam\u0131yordu. Olmuyordu. Ne kadar hak etse de onu unutam\u0131yordum. \u2018A\u015fk iki beceriksizin i\u015fidir,\u2019 demi\u015fti \u015fairin biri, \u2018biri sevmeyi, di\u011feri unutmay\u0131 beceremez.\u2019 Bu s\u00f6zler sanki bizim i\u00e7in s\u00f6ylenmi\u015fti.   Handan \u00dcnl\u00fc Haktan\u0131r, A\u015fka Dair Ne Varsa\u2019da birbirinden keyifli okuma deneyimi sunan \u00f6yk\u00fclerle okurlar\u0131 ile bulu\u015fuyor. Sekiz \u00f6yk\u00fcye e\u015flik eden sekiz \u015fiirin anlaml\u0131 bir \u015fekilde harmanland\u0131\u011f\u0131 bu a\u015fk \u00f6yk\u00fclerinde yazar, a\u015fk\u0131 n\u00fcanslar\u0131yla ve ustal\u0131kla, ince ince \u00f6rerek sunuyor.<\/p>\n","protected":false},"excerpt":{"rendered":"<p>Bitmi\u015fti de sonras\u0131 hi\u00e7 de \u00f6yle kolay olmam\u0131\u015ft\u0131. Tam bir \u2018enkaz kad\u0131n\u0131\u2019 olmu\u015ftum. Bir \u00f6nceki ili\u015fkimde yaln\u0131zl\u0131ktan pek ho\u015fnutken, t\u00fcm enerjimi bu ili\u015fkinin enkaz\u0131n\u0131 kald\u0131rmaya \u00e7al\u0131\u015fmak<span class=\"excerpt-hellip\"> [\u2026]<\/span><\/p>\n","protected":false},"featured_media":0,"template":"","meta":{"_monsterinsights_skip_tracking":false,"_monsterinsights_sitenote_active":false,"_monsterinsights_sitenote_note":"","_monsterinsights_sitenote_category":0},"product_brand":[],"product_cat":[12291,18202],"product_tag":[],"class_list":{"0":"post-762006","1":"product","2":"type-product","3":"status-publish","5":"product_cat-edebiyat","6":"product_cat-hikaye","7":"pa_cilt-ciltsiz","8":"pa_tur-kitap","9":"pa_yayinevi-luna-yayinlari","10":"pa_yazar-handan-unlu-haktanir","12":"first","13":"instock","14":"sale","15":"shipping-taxable","16":"purchasable","17":"product-type-simple"},"_links":{"self":[{"href":"https:\/\/roveyayinevi.com.tr\/index.php\/wp-json\/wp\/v2\/product\/762006","targetHints":{"allow":["GET"]}}],"collection":[{"href":"https:\/\/roveyayinevi.com.tr\/index.php\/wp-json\/wp\/v2\/product"}],"about":[{"href":"https:\/\/roveyayinevi.com.tr\/index.php\/wp-json\/wp\/v2\/types\/product"}],"wp:attachment":[{"href":"https:\/\/roveyayinevi.com.tr\/index.php\/wp-json\/wp\/v2\/media?parent=762006"}],"wp:term":[{"taxonomy":"product_brand","embeddable":true,"href":"https:\/\/roveyayinevi.com.tr\/index.php\/wp-json\/wp\/v2\/product_brand?post=762006"},{"taxonomy":"product_cat","embeddable":true,"href":"https:\/\/roveyayinevi.com.tr\/index.php\/wp-json\/wp\/v2\/product_cat?post=762006"},{"taxonomy":"product_tag","embeddable":true,"href":"https:\/\/roveyayinevi.com.tr\/index.php\/wp-json\/wp\/v2\/product_tag?post=762006"}],"curies":[{"name":"wp","href":"https:\/\/api.w.org\/{rel}","templated":true}]}}