{"id":761998,"date":"2025-08-28T09:54:07","date_gmt":"2025-08-28T06:54:07","guid":{"rendered":"https:\/\/roveyayinevi.com.tr\/index.php\/urun\/ilk-cizgi-romanim-my-little-pony-ozel-bir-gun\/"},"modified":"2026-04-15T03:27:08","modified_gmt":"2026-04-15T00:27:08","slug":"ilk-cizgi-romanim-my-little-pony-ozel-bir-gun","status":"publish","type":"product","link":"https:\/\/roveyayinevi.com.tr\/index.php\/urun\/ilk-cizgi-romanim-my-little-pony-ozel-bir-gun\/","title":{"rendered":"\u0130lk \u00c7izgi Roman\u0131m My Little Pony-\u00d6zel Bir G\u00fcn"},"content":{"rendered":"<p>Hadi birlikte e\u011flenelim!   Sunny\u2019nin \u00fczg\u00fcn oldu\u011funu g\u00f6ren Izzy onu ne\u015felendirmeye \u00e7al\u0131\u015f\u0131yor!   \u0130lk \u00c7izgi Roman\u0131m serisi, \u00e7ocuklar\u0131 \u00e7izgi romanlar\u0131n renkli d\u00fcnyas\u0131yla tan\u0131\u015ft\u0131r\u0131yor.  Yeni okumaya ba\u015flayan \u00e7ocuklara uygun sade ve k\u0131sa metinler. \u00c7ocuklar\u0131n hem ebeveynleriyle hem de kendi ba\u015flar\u0131na okuyabilecekleri maceralar. <\/p>\n","protected":false},"excerpt":{"rendered":"<p>Hadi birlikte e\u011flenelim! Sunny\u2019nin \u00fczg\u00fcn oldu\u011funu g\u00f6ren Izzy onu ne\u015felendirmeye \u00e7al\u0131\u015f\u0131yor! \u0130lk \u00c7izgi Roman\u0131m serisi, \u00e7ocuklar\u0131 \u00e7izgi romanlar\u0131n renkli d\u00fcnyas\u0131yla tan\u0131\u015ft\u0131r\u0131yor. Yeni okumaya ba\u015flayan \u00e7ocuklara uygun<span class=\"excerpt-hellip\"> [\u2026]<\/span><\/p>\n","protected":false},"featured_media":0,"template":"","meta":{"_monsterinsights_skip_tracking":false,"_monsterinsights_sitenote_active":false,"_monsterinsights_sitenote_note":"","_monsterinsights_sitenote_category":0},"product_brand":[],"product_cat":[12689,12274],"product_tag":[],"class_list":{"0":"post-761998","1":"product","2":"type-product","3":"status-publish","5":"product_cat-cizgi-roman-cocuk-ve-genclik-kitaplari","6":"product_cat-cocuk-ve-genclik-kitaplari","7":"pa_cilt-ciltsiz","8":"pa_tur-kitap","9":"pa_yayinevi-dogan-cocuk","10":"pa_yazar-kolektif","12":"first","13":"instock","14":"sale","15":"shipping-taxable","16":"purchasable","17":"product-type-simple"},"_links":{"self":[{"href":"https:\/\/roveyayinevi.com.tr\/index.php\/wp-json\/wp\/v2\/product\/761998","targetHints":{"allow":["GET"]}}],"collection":[{"href":"https:\/\/roveyayinevi.com.tr\/index.php\/wp-json\/wp\/v2\/product"}],"about":[{"href":"https:\/\/roveyayinevi.com.tr\/index.php\/wp-json\/wp\/v2\/types\/product"}],"wp:attachment":[{"href":"https:\/\/roveyayinevi.com.tr\/index.php\/wp-json\/wp\/v2\/media?parent=761998"}],"wp:term":[{"taxonomy":"product_brand","embeddable":true,"href":"https:\/\/roveyayinevi.com.tr\/index.php\/wp-json\/wp\/v2\/product_brand?post=761998"},{"taxonomy":"product_cat","embeddable":true,"href":"https:\/\/roveyayinevi.com.tr\/index.php\/wp-json\/wp\/v2\/product_cat?post=761998"},{"taxonomy":"product_tag","embeddable":true,"href":"https:\/\/roveyayinevi.com.tr\/index.php\/wp-json\/wp\/v2\/product_tag?post=761998"}],"curies":[{"name":"wp","href":"https:\/\/api.w.org\/{rel}","templated":true}]}}