{"id":761993,"date":"2025-08-28T09:53:57","date_gmt":"2025-08-28T06:53:57","guid":{"rendered":"https:\/\/roveyayinevi.com.tr\/index.php\/urun\/doluya-tutuldum\/"},"modified":"2026-04-11T14:30:23","modified_gmt":"2026-04-11T11:30:23","slug":"doluya-tutuldum","status":"publish","type":"product","link":"https:\/\/roveyayinevi.com.tr\/index.php\/urun\/doluya-tutuldum\/","title":{"rendered":"Doluya Tutuldum"},"content":{"rendered":"<p>Mademki; \u2018\u2018Kad\u0131n isterse d\u00fcnyay\u0131 y\u0131kar ve yeniden kurar,\u2019\u2019 ben de y\u0131k\u0131lm\u0131\u015f olan d\u00fcnyam\u0131 yeniden kurmak, bir daha yeni ba\u015ftan ya\u015famak, ge\u00e7mi\u015fimde y\u00fcre\u011fimi ac\u0131tan k\u0131r\u0131nt\u0131larla kar\u015f\u0131la\u015fmamak i\u00e7in d\u00fcnlerde koruyamad\u0131\u011f\u0131m, kendimi sahiplenebilme g\u00fcc\u00fcn\u00fc bug\u00fcn asla kaybetmek istemiyorum.   Benim ya\u015fad\u0131klar\u0131m\u0131 ya\u015fayanlara; her \u015feye ra\u011fmen, ya\u015famaya 4 elle saat sar\u0131larak &#8211; ya\u015fam motivasyonlar\u0131n\u0131 y\u00fcksek tutmak ve onlara \u00f6rnek olmak i\u00e7in, b\u00f6yle bir kitab\u0131 yazma zorunlulu\u011funu ve sorumlulu\u011funu hissettim.   Her birimiz i\u00e7in umudun her zaman var oldu\u011funu, h\u00e2l\u00e2 o kapal\u0131 sand\u0131\u011f\u0131n i\u00e7ine kendilerini saklamaya \u00e7al\u0131\u015fanlara hat\u0131rlatmak istedim. Unutmayal\u0131m ki; \u2018\u2018Kad\u0131n isterse d\u00fcnyay\u0131 y\u0131kar ve yeniden kurar.\u2019\u2019   Nokta! <\/p>\n","protected":false},"excerpt":{"rendered":"<p>Mademki; \u2018\u2018Kad\u0131n isterse d\u00fcnyay\u0131 y\u0131kar ve yeniden kurar,\u2019\u2019 ben de y\u0131k\u0131lm\u0131\u015f olan d\u00fcnyam\u0131 yeniden kurmak, bir daha yeni ba\u015ftan ya\u015famak, ge\u00e7mi\u015fimde y\u00fcre\u011fimi ac\u0131tan k\u0131r\u0131nt\u0131larla kar\u015f\u0131la\u015fmamak i\u00e7in<span class=\"excerpt-hellip\"> [\u2026]<\/span><\/p>\n","protected":false},"featured_media":0,"template":"","meta":{"_monsterinsights_skip_tracking":false,"_monsterinsights_sitenote_active":false,"_monsterinsights_sitenote_note":"","_monsterinsights_sitenote_category":0},"product_brand":[],"product_cat":[12291,12711],"product_tag":[],"class_list":{"0":"post-761993","1":"product","2":"type-product","3":"status-publish","5":"product_cat-edebiyat","6":"product_cat-roman-oyku","7":"pa_cilt-ciltsiz","8":"pa_tur-kitap","9":"pa_yayinevi-favori-yayinlari","10":"pa_yazar-eylem-cagli","12":"first","13":"instock","14":"sale","15":"shipping-taxable","16":"purchasable","17":"product-type-simple"},"_links":{"self":[{"href":"https:\/\/roveyayinevi.com.tr\/index.php\/wp-json\/wp\/v2\/product\/761993","targetHints":{"allow":["GET"]}}],"collection":[{"href":"https:\/\/roveyayinevi.com.tr\/index.php\/wp-json\/wp\/v2\/product"}],"about":[{"href":"https:\/\/roveyayinevi.com.tr\/index.php\/wp-json\/wp\/v2\/types\/product"}],"wp:attachment":[{"href":"https:\/\/roveyayinevi.com.tr\/index.php\/wp-json\/wp\/v2\/media?parent=761993"}],"wp:term":[{"taxonomy":"product_brand","embeddable":true,"href":"https:\/\/roveyayinevi.com.tr\/index.php\/wp-json\/wp\/v2\/product_brand?post=761993"},{"taxonomy":"product_cat","embeddable":true,"href":"https:\/\/roveyayinevi.com.tr\/index.php\/wp-json\/wp\/v2\/product_cat?post=761993"},{"taxonomy":"product_tag","embeddable":true,"href":"https:\/\/roveyayinevi.com.tr\/index.php\/wp-json\/wp\/v2\/product_tag?post=761993"}],"curies":[{"name":"wp","href":"https:\/\/api.w.org\/{rel}","templated":true}]}}