{"id":761984,"date":"2025-08-28T09:53:44","date_gmt":"2025-08-28T06:53:44","guid":{"rendered":"https:\/\/roveyayinevi.com.tr\/index.php\/urun\/buyumek-isteyen-kucuk-maymun\/"},"modified":"2026-04-11T14:30:23","modified_gmt":"2026-04-11T11:30:23","slug":"buyumek-isteyen-kucuk-maymun","status":"publish","type":"product","link":"https:\/\/roveyayinevi.com.tr\/index.php\/urun\/buyumek-isteyen-kucuk-maymun\/","title":{"rendered":"B\u00fcy\u00fcmek \u0130steyen K\u00fc\u00e7\u00fck Maymun"},"content":{"rendered":"<p>Ah \u015fu haylaz civcivler yok mu! I\u015f\u0131klar s\u00f6n\u00fcp de yata\u011fa girme zaman\u0131 geldi\u011finde, evde kopuyor bir tantana ve ba\u015fl\u0131yorlar hep bir a\u011f\u0131zdan itiraz etmeye. Ama t\u00fcm bu sevimli itirazlar\u0131n bir anda sonunu getirecek bir \u015fey var\u2026 Uykudan \u00f6nce okunacak k\u0131sa bir hik\u00e2ye. Anne Tavuk Anlat\u0131yor dizisini olu\u015fturan kitaplarda, civcivlerimin itirazs\u0131z yata\u011fa girmesini sa\u011flayan en \u00f6zel hik\u00e2yelerimi payla\u015f\u0131yorum sizlerle. <\/p>\n","protected":false},"excerpt":{"rendered":"<p>Ah \u015fu haylaz civcivler yok mu! I\u015f\u0131klar s\u00f6n\u00fcp de yata\u011fa girme zaman\u0131 geldi\u011finde, evde kopuyor bir tantana ve ba\u015fl\u0131yorlar hep bir a\u011f\u0131zdan itiraz etmeye. Ama t\u00fcm<span class=\"excerpt-hellip\"> [\u2026]<\/span><\/p>\n","protected":false},"featured_media":0,"template":"","meta":{"_monsterinsights_skip_tracking":false,"_monsterinsights_sitenote_active":false,"_monsterinsights_sitenote_note":"","_monsterinsights_sitenote_category":0},"product_brand":[],"product_cat":[12274,12284],"product_tag":[],"class_list":{"0":"post-761984","1":"product","2":"type-product","3":"status-publish","5":"product_cat-cocuk-ve-genclik-kitaplari","6":"product_cat-hikayeler","7":"pa_cilt-ciltsiz","8":"pa_tur-kitap","9":"pa_yayinevi-1001-cicek-kitaplar","10":"pa_yazar-christine-beigel","12":"first","13":"instock","14":"sale","15":"shipping-taxable","16":"purchasable","17":"product-type-simple"},"_links":{"self":[{"href":"https:\/\/roveyayinevi.com.tr\/index.php\/wp-json\/wp\/v2\/product\/761984","targetHints":{"allow":["GET"]}}],"collection":[{"href":"https:\/\/roveyayinevi.com.tr\/index.php\/wp-json\/wp\/v2\/product"}],"about":[{"href":"https:\/\/roveyayinevi.com.tr\/index.php\/wp-json\/wp\/v2\/types\/product"}],"wp:attachment":[{"href":"https:\/\/roveyayinevi.com.tr\/index.php\/wp-json\/wp\/v2\/media?parent=761984"}],"wp:term":[{"taxonomy":"product_brand","embeddable":true,"href":"https:\/\/roveyayinevi.com.tr\/index.php\/wp-json\/wp\/v2\/product_brand?post=761984"},{"taxonomy":"product_cat","embeddable":true,"href":"https:\/\/roveyayinevi.com.tr\/index.php\/wp-json\/wp\/v2\/product_cat?post=761984"},{"taxonomy":"product_tag","embeddable":true,"href":"https:\/\/roveyayinevi.com.tr\/index.php\/wp-json\/wp\/v2\/product_tag?post=761984"}],"curies":[{"name":"wp","href":"https:\/\/api.w.org\/{rel}","templated":true}]}}