{"id":761971,"date":"2025-08-28T09:53:23","date_gmt":"2025-08-28T06:53:23","guid":{"rendered":"https:\/\/roveyayinevi.com.tr\/index.php\/urun\/gelenegin-sosyologu\/"},"modified":"2026-04-15T03:27:07","modified_gmt":"2026-04-15T00:27:07","slug":"gelenegin-sosyologu","status":"publish","type":"product","link":"https:\/\/roveyayinevi.com.tr\/index.php\/urun\/gelenegin-sosyologu\/","title":{"rendered":"Gelene\u011fin Sosyolo\u011fu"},"content":{"rendered":"<p>Robert Nisbet, Bat\u0131\u2019n\u0131n refah toplumunda yazm\u0131\u015f bir \u201ckriz\u201d sosyolo\u011fudur. Onu kriz sosyolo\u011fu yapan, 20. y\u00fczy\u0131lda i\u00e7inde ya\u015fad\u0131\u011f\u0131 modern Bat\u0131 toplumunun bunal\u0131m\u0131d\u0131r. Bu bunal\u0131m 19. y\u00fczy\u0131lda ya\u015fanan tarihsel-toplumsal krizin sonucunda ortaya \u00e7\u0131km\u0131\u015ft\u0131r. Bu kriz ise Frans\u0131z ve End\u00fcstri devrimleriyle ba\u015flayan tarihsel ve toplumsal bir s\u00fcrecin, geleneksel arac\u0131 kurumlar\u0131n \u00e7\u00f6k\u00fc\u015f\u00fcn\u00fcn, g\u00fcc\u00fcn merkezile\u015fmesinin ve sek\u00fclerle\u015fmenin \u00fcr\u00fcn\u00fcd\u00fcr. Ba\u015fka bir deyi\u015fle, gelenek\u00e7ilik ve modernizm aras\u0131ndaki \u00e7at\u0131\u015fman\u0131n neticesidir. Nisbet\u2019i kriz sosyolo\u011fu yapan di\u011fer husus, sosyolojinin do\u011fu\u015funu modern toplumu do\u011furan krizle a\u00e7\u0131klamas\u0131d\u0131r. Sosyoloji, 19. y\u00fczy\u0131l muhafazak\u00e2r d\u00fc\u015f\u00fcn\u00fcrlerinin s\u00f6z konusu krize entelekt\u00fcel ilgilerinden do\u011fmu\u015ftur.   De\u011fi\u015fim bo\u015flukta ger\u00e7ekle\u015fmez, her zaman \u201cbir \u015feye kar\u015f\u0131\u201d de\u011fi\u015fim ya da \u201cbir \u015feyin\u201d de\u011fi\u015fmesidir. Gelene\u011fin olmad\u0131\u011f\u0131 yerde de\u011fi\u015fimden s\u00f6z edilemez. Gelene\u011fin Sosyolo\u011fu Robert Nisbet, T\u00fcrkiye\u2019de entelekt\u00fcellerin ve sosyologlar\u0131n \u00e7o\u011funlukla g\u00f6z ard\u0131 etti\u011fi \u201cgelenek\u201d ve \u201cmuhafazak\u00e2rl\u0131k\u201d kavramlar\u0131n\u0131n \u00f6nemini vurgulayan Nisbet\u2019in fikirlerini kapsaml\u0131 \u015fekilde incelemektedir.   Kitap, Nisbet\u2019in bu g\u00f6r\u00fc\u015flerini tan\u0131tarak \u00fclkemizdeki sosyolojiye katk\u0131da bulunmay\u0131 ve sosyoloji tarihinin pek bilinmeyen alternatif bir yorumunu sunmay\u0131 ama\u00e7lamaktad\u0131r. Di\u011fer bir gayesiyse kendi toplumunun problemlerine \u00e7\u00f6z\u00fcm arayan Bat\u0131l\u0131 bir sosyolo\u011fun fikirlerinin, bizim problemlerimizin \u00e7\u00f6z\u00fcm\u00fc i\u00e7in ipu\u00e7lar\u0131 sa\u011flay\u0131p sa\u011flayamayaca\u011f\u0131n\u0131 ortaya koymakt\u0131r. <\/p>\n","protected":false},"excerpt":{"rendered":"<p>Robert Nisbet, Bat\u0131\u2019n\u0131n refah toplumunda yazm\u0131\u015f bir \u201ckriz\u201d sosyolo\u011fudur. Onu kriz sosyolo\u011fu yapan, 20. y\u00fczy\u0131lda i\u00e7inde ya\u015fad\u0131\u011f\u0131 modern Bat\u0131 toplumunun bunal\u0131m\u0131d\u0131r. Bu bunal\u0131m 19. y\u00fczy\u0131lda ya\u015fanan<span class=\"excerpt-hellip\"> [\u2026]<\/span><\/p>\n","protected":false},"featured_media":0,"template":"","meta":{"_monsterinsights_skip_tracking":false,"_monsterinsights_sitenote_active":false,"_monsterinsights_sitenote_note":"","_monsterinsights_sitenote_category":0},"product_brand":[],"product_cat":[12324],"product_tag":[],"class_list":{"0":"post-761971","1":"product","2":"type-product","3":"status-publish","5":"product_cat-sosyoloji","6":"pa_cilt-ciltsiz","7":"pa_tur-kitap","8":"pa_yayinevi-paradigma-yayinlari","9":"pa_yazar-bengul-gungormez-akosman","11":"first","12":"instock","13":"sale","14":"shipping-taxable","15":"purchasable","16":"product-type-simple"},"_links":{"self":[{"href":"https:\/\/roveyayinevi.com.tr\/index.php\/wp-json\/wp\/v2\/product\/761971","targetHints":{"allow":["GET"]}}],"collection":[{"href":"https:\/\/roveyayinevi.com.tr\/index.php\/wp-json\/wp\/v2\/product"}],"about":[{"href":"https:\/\/roveyayinevi.com.tr\/index.php\/wp-json\/wp\/v2\/types\/product"}],"wp:attachment":[{"href":"https:\/\/roveyayinevi.com.tr\/index.php\/wp-json\/wp\/v2\/media?parent=761971"}],"wp:term":[{"taxonomy":"product_brand","embeddable":true,"href":"https:\/\/roveyayinevi.com.tr\/index.php\/wp-json\/wp\/v2\/product_brand?post=761971"},{"taxonomy":"product_cat","embeddable":true,"href":"https:\/\/roveyayinevi.com.tr\/index.php\/wp-json\/wp\/v2\/product_cat?post=761971"},{"taxonomy":"product_tag","embeddable":true,"href":"https:\/\/roveyayinevi.com.tr\/index.php\/wp-json\/wp\/v2\/product_tag?post=761971"}],"curies":[{"name":"wp","href":"https:\/\/api.w.org\/{rel}","templated":true}]}}