{"id":761945,"date":"2025-08-28T09:52:34","date_gmt":"2025-08-28T06:52:34","guid":{"rendered":"https:\/\/roveyayinevi.com.tr\/index.php\/urun\/tadimlikyaz24\/"},"modified":"2026-04-15T03:27:06","modified_gmt":"2026-04-15T00:27:06","slug":"tadimlikyaz24","status":"publish","type":"product","link":"https:\/\/roveyayinevi.com.tr\/index.php\/urun\/tadimlikyaz24\/","title":{"rendered":"Tad\u0131mLIK!yaz\u201924"},"content":{"rendered":"<p>Edebiyat\u0131n Felsefe ile dostlu\u011fu \u00e7ok eskilere dayan\u0131yor olsa gerek. Felsefe\u2019nin Eski Yunan\u2019da ba\u015flad\u0131\u011f\u0131 kabul\u00fcnden hareketle, bunu rahatl\u0131kla s\u00f6yleyebiliriz. Bu fikirden yola \u00e7\u0131karak, Edebiyat ile Felsefe\u2019nin dostlu\u011funu olabildi\u011fince yans\u0131tmay\u0131 bir g\u00f6rev edindik \u201cTad\u0131mLIK!yaz\u201924\u201d adl\u0131 bu kitab\u0131m\u0131zda. Bu kez, \u00e7\u0131tay\u0131 daha da y\u00fckseltiyoruz ve i\u00e7erik olarak kolay kolay rastlan\u0131lamayacak bir Se\u00e7ki Kitab\u0131 sunuyoruz okuyucuya. Edit\u00f6rl\u00fc\u011f\u00fcn\u00fc, K\u00fclt\u00fcr ve Turizm Bakanl\u0131\u011f\u0131 Halk \u015eairi ve yay\u0131nevimiz yazar\u0131 Hakan Karc\u0131\u2019n\u0131n yapt\u0131\u011f\u0131, \u201cTad\u0131mLIK!bahar\u201924\u201d Se\u00e7ki\u2019sinin \u0130lk S\u00f6z\u2019\u00fcnde, o kitab\u0131n, periyodik olarak yay\u0131nlamay\u0131 d\u00fc\u015f\u00fcnd\u00fc\u011f\u00fcm\u00fcz bir seri kitap fikrinin de ilki oldu\u011funu belirtmi\u015ftik. \u015eimdi \u201cTad\u0131mLIK!yaz\u201924\u201d adl\u0131 bu kitab\u0131m\u0131zla, daha dolu ve doyumsuz bir i\u00e7erikle okuyucu kar\u015f\u0131s\u0131na \u00e7\u0131kmakla mutluyuz. Bu Se\u00e7ki\u2019mizde, yelpazeyi biraz daha geni\u015flettik. Atat\u00fcrk\u2019\u00fcn Nutuk\u2019taki anlat\u0131m\u0131yla B\u00fcy\u00fck Taarruz ve Zafer\u2019in de yer ald\u0131\u011f\u0131 kitab\u0131m\u0131zda, Sokrates, Platon, Ksenophon, Halil Cibran, Kafka, Alain, Montaigne, Karacao\u011flan, Hakan Karc\u0131, Yunus Emre, Pir Sultan, Ziya Pa\u015fa, Nesimi, Fuzuli, Baki, Selimi, Muhibbi, Kaygusuz Abdal, Nam\u0131k Kemal, Orhan Veli, Tevfik Fikret, Sabahattin Ali, Mehmet Akif, Ahmet Ha\u015fim,  \u00d6mer Seyfettin, Ay\u015feg\u00fcl Topa\u00e7, Necla Otlu, Lara \u0130rem Ko\u00e7an, Nuray Yan\u0131k, Esra \u00c7\u0131nar Y\u00fcksel, Elif Ko\u00e7an ve Beril Ar\u0131kan\u2019\u0131n yaz\u0131 ve \u015fiirlerinin yer ald\u0131\u011f\u0131, hepsi birbirinden okunas\u0131 eserlerle dolu, harika bir Se\u00e7ki bizi bekliyor.  T\u00fcrk ve D\u00fcnya Yaz\u0131n\u0131\u2019ndan \u00f6zen ve titizlikle dam\u0131t\u0131lan \u201cTad\u0131mLIK!yaz\u201924\u201d adl\u0131 bu kitab\u0131n, \u201cdo\u011fru rota ile yeni ufuklara\u201d d\u00fcsturu ile \u00e7\u0131kt\u0131\u011f\u0131m\u0131z yolculuk i\u00e7in kuvvetli bir r\u00fczg\u00e2r olaca\u011f\u0131n\u0131 umuyoruz. <\/p>\n","protected":false},"excerpt":{"rendered":"<p>Edebiyat\u0131n Felsefe ile dostlu\u011fu \u00e7ok eskilere dayan\u0131yor olsa gerek. Felsefe\u2019nin Eski Yunan\u2019da ba\u015flad\u0131\u011f\u0131 kabul\u00fcnden hareketle, bunu rahatl\u0131kla s\u00f6yleyebiliriz. Bu fikirden yola \u00e7\u0131karak, Edebiyat ile Felsefe\u2019nin dostlu\u011funu<span class=\"excerpt-hellip\"> [\u2026]<\/span><\/p>\n","protected":false},"featured_media":0,"template":"","meta":{"_monsterinsights_skip_tracking":false,"_monsterinsights_sitenote_active":false,"_monsterinsights_sitenote_note":"","_monsterinsights_sitenote_category":0},"product_brand":[],"product_cat":[14060,12291],"product_tag":[],"class_list":{"0":"post-761945","1":"product","2":"type-product","3":"status-publish","5":"product_cat-antoloji","6":"product_cat-edebiyat","7":"pa_cilt-ciltsiz","8":"pa_tur-kitap","9":"pa_yayinevi-kaptan-kitap","10":"pa_yazar-kolektif","12":"first","13":"instock","14":"sale","15":"shipping-taxable","16":"purchasable","17":"product-type-simple"},"_links":{"self":[{"href":"https:\/\/roveyayinevi.com.tr\/index.php\/wp-json\/wp\/v2\/product\/761945","targetHints":{"allow":["GET"]}}],"collection":[{"href":"https:\/\/roveyayinevi.com.tr\/index.php\/wp-json\/wp\/v2\/product"}],"about":[{"href":"https:\/\/roveyayinevi.com.tr\/index.php\/wp-json\/wp\/v2\/types\/product"}],"wp:attachment":[{"href":"https:\/\/roveyayinevi.com.tr\/index.php\/wp-json\/wp\/v2\/media?parent=761945"}],"wp:term":[{"taxonomy":"product_brand","embeddable":true,"href":"https:\/\/roveyayinevi.com.tr\/index.php\/wp-json\/wp\/v2\/product_brand?post=761945"},{"taxonomy":"product_cat","embeddable":true,"href":"https:\/\/roveyayinevi.com.tr\/index.php\/wp-json\/wp\/v2\/product_cat?post=761945"},{"taxonomy":"product_tag","embeddable":true,"href":"https:\/\/roveyayinevi.com.tr\/index.php\/wp-json\/wp\/v2\/product_tag?post=761945"}],"curies":[{"name":"wp","href":"https:\/\/api.w.org\/{rel}","templated":true}]}}