{"id":761941,"date":"2025-08-28T09:52:27","date_gmt":"2025-08-28T06:52:27","guid":{"rendered":"https:\/\/roveyayinevi.com.tr\/index.php\/urun\/balkopugu\/"},"modified":"2026-04-06T13:34:17","modified_gmt":"2026-04-06T10:34:17","slug":"balkopugu","status":"publish","type":"product","link":"https:\/\/roveyayinevi.com.tr\/index.php\/urun\/balkopugu\/","title":{"rendered":"Balk\u00f6p\u00fc\u011f\u00fc"},"content":{"rendered":"<p>Sanat\u00e7\u0131 Ceyda D\u00fcvenci\u2019nin Balk\u00f6p\u00fc\u011f\u00fc, biricik k\u0131z\u0131 Melisa bu kez en b\u00fcy\u00fck tutkusu m\u00fczi\u011fin pe\u015finde.   Notalar \u00dclkesi\u2019nin perileriyle bamba\u015fka bir d\u00fcnyay\u0131 ke\u015ffeden Melisa yaln\u0131zca hayranl\u0131k duydu\u011fu sanat\u00e7\u0131larla de\u011fil, ilk bestesi i\u00e7in ona ilham veren b\u00fcy\u00fcl\u00fc ezgilerle de tan\u0131\u015f\u0131yor. <\/p>\n","protected":false},"excerpt":{"rendered":"<p>Sanat\u00e7\u0131 Ceyda D\u00fcvenci\u2019nin Balk\u00f6p\u00fc\u011f\u00fc, biricik k\u0131z\u0131 Melisa bu kez en b\u00fcy\u00fck tutkusu m\u00fczi\u011fin pe\u015finde. Notalar \u00dclkesi\u2019nin perileriyle bamba\u015fka bir d\u00fcnyay\u0131 ke\u015ffeden Melisa yaln\u0131zca hayranl\u0131k duydu\u011fu sanat\u00e7\u0131larla<span class=\"excerpt-hellip\"> [\u2026]<\/span><\/p>\n","protected":false},"featured_media":0,"template":"","meta":{"_monsterinsights_skip_tracking":false,"_monsterinsights_sitenote_active":false,"_monsterinsights_sitenote_note":"","_monsterinsights_sitenote_category":0},"product_brand":[],"product_cat":[12913,12274],"product_tag":[],"class_list":{"0":"post-761941","1":"product","2":"type-product","3":"status-publish","5":"product_cat-3-6-yas-kitaplari","6":"product_cat-cocuk-ve-genclik-kitaplari","7":"pa_cilt-ciltli","8":"pa_tur-kitap","9":"pa_yayinevi-kara-karga-yayinlari","10":"pa_yazar-ceyda-duvenci","12":"first","13":"instock","14":"sale","15":"shipping-taxable","16":"purchasable","17":"product-type-simple"},"_links":{"self":[{"href":"https:\/\/roveyayinevi.com.tr\/index.php\/wp-json\/wp\/v2\/product\/761941","targetHints":{"allow":["GET"]}}],"collection":[{"href":"https:\/\/roveyayinevi.com.tr\/index.php\/wp-json\/wp\/v2\/product"}],"about":[{"href":"https:\/\/roveyayinevi.com.tr\/index.php\/wp-json\/wp\/v2\/types\/product"}],"wp:attachment":[{"href":"https:\/\/roveyayinevi.com.tr\/index.php\/wp-json\/wp\/v2\/media?parent=761941"}],"wp:term":[{"taxonomy":"product_brand","embeddable":true,"href":"https:\/\/roveyayinevi.com.tr\/index.php\/wp-json\/wp\/v2\/product_brand?post=761941"},{"taxonomy":"product_cat","embeddable":true,"href":"https:\/\/roveyayinevi.com.tr\/index.php\/wp-json\/wp\/v2\/product_cat?post=761941"},{"taxonomy":"product_tag","embeddable":true,"href":"https:\/\/roveyayinevi.com.tr\/index.php\/wp-json\/wp\/v2\/product_tag?post=761941"}],"curies":[{"name":"wp","href":"https:\/\/api.w.org\/{rel}","templated":true}]}}