{"id":761925,"date":"2025-08-28T09:51:58","date_gmt":"2025-08-28T06:51:58","guid":{"rendered":"https:\/\/roveyayinevi.com.tr\/index.php\/urun\/afacan-besler-gizli-gecitlerde\/"},"modified":"2026-04-15T03:27:06","modified_gmt":"2026-04-15T00:27:06","slug":"afacan-besler-gizli-gecitlerde","status":"publish","type":"product","link":"https:\/\/roveyayinevi.com.tr\/index.php\/urun\/afacan-besler-gizli-gecitlerde\/","title":{"rendered":"Afacan Be\u015fler- Gizli Ge\u00e7itlerde"},"content":{"rendered":"<p>Enid Blyton\u2019\u0131n \u00fcnl\u00fc serisi Afacan Be\u015fler serinin 4. Kitab\u0131 Afacan Be\u015fler- Gizli Ge\u00e7itlerde ile devam ediyor. 9 ya\u015f ve \u00fcst\u00fc okurlar i\u00e7in uygun olan bu serinin \u00fcnl\u00fc ekibi Afacan Be\u015fler, lider \u00f6zellikleri ta\u015f\u0131yan zeki Julian, e\u011flenceye bay\u0131lan macerac\u0131 Dick, nazik ve koruyucu Ann, korkusuz k\u00e2\u015fif George ile cesur ve sad\u0131k k\u00f6pek Timmy\u2019den olu\u015fuyor. Bu kitapta Kirrin Ko\u0308s\u0327ku\u0308 f\u0131rt\u0131nadan zarar go\u0308ru\u0308nce Afacan Bes\u0327ler, batakl\u0131kla c\u0327evrili bir tepenin u\u0308zerine ins\u0327a edilmis\u0327 eski bir eve misafir oluyor. Fakat k\u0131sa bir s\u00fcre sonra bu evde tuhaf i\u015fler d\u00f6nd\u00fc\u011f\u00fcn\u00fc fark ediyorlar ve kendilerini karanl\u0131k yeralt\u0131 tu\u0308nelleri ve gizli ge\u00e7itlerde buluyorlar. Bizimkiler, burada c\u0327o\u0308zu\u0308lmeyi bekleyen yeni s\u0131rlarla kars\u0327\u0131las\u0327acak ve iki yeni arkadas\u0327 edinecekler. <\/p>\n","protected":false},"excerpt":{"rendered":"<p>Enid Blyton\u2019\u0131n \u00fcnl\u00fc serisi Afacan Be\u015fler serinin 4. Kitab\u0131 Afacan Be\u015fler- Gizli Ge\u00e7itlerde ile devam ediyor. 9 ya\u015f ve \u00fcst\u00fc okurlar i\u00e7in uygun olan bu serinin<span class=\"excerpt-hellip\"> [\u2026]<\/span><\/p>\n","protected":false},"featured_media":0,"template":"","meta":{"_monsterinsights_skip_tracking":false,"_monsterinsights_sitenote_active":false,"_monsterinsights_sitenote_note":"","_monsterinsights_sitenote_category":0},"product_brand":[],"product_cat":[12275,12274],"product_tag":[],"class_list":{"0":"post-761925","1":"product","2":"type-product","3":"status-publish","5":"product_cat-6-12-yas-kitaplari","6":"product_cat-cocuk-ve-genclik-kitaplari","7":"pa_cilt-ciltsiz","8":"pa_tur-kitap","9":"pa_yayinevi-redhouse-kidz-yayinlari","10":"pa_yazar-enid-blyton","12":"first","13":"instock","14":"sale","15":"shipping-taxable","16":"purchasable","17":"product-type-simple"},"_links":{"self":[{"href":"https:\/\/roveyayinevi.com.tr\/index.php\/wp-json\/wp\/v2\/product\/761925","targetHints":{"allow":["GET"]}}],"collection":[{"href":"https:\/\/roveyayinevi.com.tr\/index.php\/wp-json\/wp\/v2\/product"}],"about":[{"href":"https:\/\/roveyayinevi.com.tr\/index.php\/wp-json\/wp\/v2\/types\/product"}],"wp:attachment":[{"href":"https:\/\/roveyayinevi.com.tr\/index.php\/wp-json\/wp\/v2\/media?parent=761925"}],"wp:term":[{"taxonomy":"product_brand","embeddable":true,"href":"https:\/\/roveyayinevi.com.tr\/index.php\/wp-json\/wp\/v2\/product_brand?post=761925"},{"taxonomy":"product_cat","embeddable":true,"href":"https:\/\/roveyayinevi.com.tr\/index.php\/wp-json\/wp\/v2\/product_cat?post=761925"},{"taxonomy":"product_tag","embeddable":true,"href":"https:\/\/roveyayinevi.com.tr\/index.php\/wp-json\/wp\/v2\/product_tag?post=761925"}],"curies":[{"name":"wp","href":"https:\/\/api.w.org\/{rel}","templated":true}]}}